{"id":127,"date":"2021-12-10T13:35:49","date_gmt":"2021-12-10T16:35:49","guid":{"rendered":"https:\/\/www2.uepg.br\/geocidades\/?page_id=127"},"modified":"2024-12-17T17:36:31","modified_gmt":"2024-12-17T20:36:31","slug":"a-equipe","status":"publish","type":"page","link":"https:\/\/www2.uepg.br\/geocidades\/a-equipe\/","title":{"rendered":"A Equipe"},"content":{"rendered":"<p><a href=\"http:\/\/lattes.cnpq.br\/7175969138658908\">Prof. Dr. Marcio Jose Ornat<\/a> \u2013 Ge\u00f3grafo, Coordenador LabPlan \/ GeoCidades<br \/>\n<a href=\"http:\/\/lattes.cnpq.br\/5865617307557980\">Profa. Dra. Andrea Tedesco<\/a> &#8211; Engenheira Cart\u00f3grafa<br \/>\n<a href=\"http:\/\/lattes.cnpq.br\/5658398125679314\">Prof. Dr. Celbo Ant\u00f4nio da Fonseca Rosas<\/a> &#8211; Ge\u00f3grafo<br \/>\n<a href=\"http:\/\/lattes.cnpq.br\/4222943636207628\">Profa. Dra. Cleise Maria de Almeida Tupich Hilgemberg<\/a> &#8211; Economista<br \/>\n<a href=\"http:\/\/lattes.cnpq.br\/7935834829053000\">Prof. Dr. Gilson Burigo Guimar\u00e3es<\/a> &#8211; Ge\u00f3logo<br \/>\n<a href=\"http:\/\/lattes.cnpq.br\/2116992066572161\">Prof. Msc. Jo\u00e3o Manoel Grott<\/a> &#8211; Advogado<br \/>\n<a href=\"http:\/\/lattes.cnpq.br\/5651297598075050\">Profa. Dra. Patr\u00edcia Los Weinert<\/a> &#8211; Qu\u00edmica<br \/>\n<a href=\"http:\/\/lattes.cnpq.br\/5200668953095936\">Profa. Dra. Susete Wambier Christo<\/a> &#8211; Bi\u00f3loga<br \/>\n<a href=\"http:\/\/lattes.cnpq.br\/8385609625694317\">Prof. Dr. Luiz Alexandre Gon\u00e7alves Cunha<\/a> &#8211; Ge\u00f3grafo<br \/>\n<a href=\"http:\/\/lattes.cnpq.br\/1811531725169789\">Elizabete Campanini Ieda<\/a> &#8211; Ge\u00f3grafa<br \/>\n<a href=\"http:\/\/lattes.cnpq.br\/3586236730851391\">Isabella Sodr\u00e9 Cerveijeiras Bertolini<\/a> \u2013 Ge\u00f3grafa<br \/>\n<a href=\"http:\/\/lattes.cnpq.br\/1696130006735724\">Judite Bueno de Camargo<\/a> \u2013 Ge\u00f3grafa<br \/>\n<a href=\"http:\/\/lattes.cnpq.br\/3285426129812674\">Marlon Vinicius Kapp Cristov\u00e3o<\/a> &#8211; Ge\u00f3grafo<br \/>\n<a href=\"http:\/\/lattes.cnpq.br\/9550150929217133\">Saras Resende Paula<\/a> &#8211; Ge\u00f3graf<br \/>\n<a href=\"http:\/\/lattes.cnpq.br\/7653786739386480\">Suelen Guadanhin<\/a> \u2013 Ge\u00f3grafa<\/p>\n<hr \/>\n<p><a href=\"http:\/\/lattes.cnpq.br\/4692931179719475\">Alex Moreira Striker<\/a> &#8211; Discente Bacharelado em Geografia<br \/>\n<a href=\"http:\/\/lattes.cnpq.br\/9883157967658558\">Andrieli Gmach<\/a> \u2013 Discente Mestrado em Gest\u00e3o do Territ\u00f3rio<br \/>\n<a href=\"http:\/\/lattes.cnpq.br\/5389919756948094\">Bianca Hilgemberg<\/a> &#8211; Discente Bacharelado em Geografia<br \/>\n<a href=\"http:\/\/lattes.cnpq.br\/1107521791412678\">Bruno Miguel de Paula<\/a> &#8211; Discente Tecn\u00f3logo em Minera\u00e7\u00e3o<br \/>\n<a href=\"http:\/\/lattes.cnpq.br\/1559821752121403\">Cleide Mara L\u00facia Carneiro<\/a> &#8211; Discente Bacharelado em Geografia<br \/>\n<a href=\"http:\/\/lattes.cnpq.br\/9762338806999539\">Daniel de Meira Moura Neto<\/a> &#8211; Discente Bacharelado em Geografia<br \/>\n<a href=\"http:\/\/lattes.cnpq.br\/5352606725185654\">Elaine Cristina Fiquer Ven\u00e2ncio<\/a> &#8211; Discente Bacharelado em Geografia<br \/>\n<a href=\"http:\/\/lattes.cnpq.br\/3887336093689757\">Eliane Barbosa Carneiro<\/a> &#8211; Discente Bacharelado em Geografia<br \/>\n<a href=\"http:\/\/lattes.cnpq.br\/7839290888120348\">Gabriela da Silva Olympio<\/a> &#8211; Discente Mestrado em Gest\u00e3o do Territ\u00f3rio<br \/>\n<a href=\"http:\/\/lattes.cnpq.br\/7964353889242497\">Jo\u00e3o Matheus Grochovski Seraphim<\/a> &#8211; Discente Bacharelado em Geografia<br \/>\n<a href=\"http:\/\/lattes.cnpq.br\/7225963291009175\">Jo\u00e3o Pedro Nunes Stefaniak<\/a> &#8211; Discente Bacharelado em Direito<br \/>\n<a href=\"http:\/\/lattes.cnpq.br\/6164584799273474\">Kamila Cristina de Oliveira Antunes<\/a> &#8211; Discente Bacharelado em Geografia<br \/>\n<a href=\"http:\/\/lattes.cnpq.br\/8315058202734884\">Kamila Rodrigues Lamoglia<\/a> &#8211; Discente Servi\u00e7o Social<br \/>\n<a href=\"http:\/\/lattes.cnpq.br\/2013529842806871\">Marcio Aurelio Valentim Machado<\/a> &#8211; Discente Bacharelado em Geografia<br \/>\n<a href=\"http:\/\/lattes.cnpq.br\/9083234537983871\">Melanie Simone Sanson e Silva<\/a> &#8211; Discente Bacharelado em Ci\u00eancias Biol\u00f3gicas<br \/>\n<a href=\"http:\/\/lattes.cnpq.br\/7521958200361414\">Nat\u00e1lia Gardinal<\/a> &#8211; Discente Servi\u00e7o Social<br \/>\n<a href=\"http:\/\/lattes.cnpq.br\/2576506815091803\">Vict\u00f3ria de F\u00e1tima Dimbarre Portela<\/a> &#8211; Discente Bacharelado em Geografia<br \/>\n<a href=\"http:\/\/lattes.cnpq.br\/5710443800219152\">Vitor Cristian da Veiga<\/a> &#8211; Discente Bacharelado Engenharia da Computa\u00e7\u00e3o<br \/>\n<a href=\"http:\/\/lattes.cnpq.br\/0877988121600917\">Vit\u00f3ria Santos de Souza<\/a> &#8211; Discente Bacharelado em Geografia<\/p>\n","protected":false},"excerpt":{"rendered":"<p>Prof. Dr. Marcio Jose Ornat \u2013 Ge\u00f3grafo, Coordenador LabPlan \/ GeoCidades Profa. Dra. Andrea Tedesco &#8211; Engenheira Cart\u00f3grafa Prof. Dr. Celbo Ant\u00f4nio da Fonseca Rosas &#8211; Ge\u00f3grafo Profa. Dra. Cleise Maria de Almeida Tupich Hilgemberg &#8211; Economista Prof. Dr. Gilson Burigo Guimar\u00e3es &#8211; Ge\u00f3logo Prof. Msc. Jo\u00e3o Manoel Grott &#8211; Advogado Profa. Dra. Patr\u00edcia Los&nbsp;&hellip;<\/p>\n","protected":false},"author":378,"featured_media":0,"parent":0,"menu_order":0,"comment_status":"closed","ping_status":"closed","template":"","meta":[],"_links":{"self":[{"href":"https:\/\/www2.uepg.br\/geocidades\/wp-json\/wp\/v2\/pages\/127"}],"collection":[{"href":"https:\/\/www2.uepg.br\/geocidades\/wp-json\/wp\/v2\/pages"}],"about":[{"href":"https:\/\/www2.uepg.br\/geocidades\/wp-json\/wp\/v2\/types\/page"}],"author":[{"embeddable":true,"href":"https:\/\/www2.uepg.br\/geocidades\/wp-json\/wp\/v2\/users\/378"}],"replies":[{"embeddable":true,"href":"https:\/\/www2.uepg.br\/geocidades\/wp-json\/wp\/v2\/comments?post=127"}],"version-history":[{"count":7,"href":"https:\/\/www2.uepg.br\/geocidades\/wp-json\/wp\/v2\/pages\/127\/revisions"}],"predecessor-version":[{"id":1505,"href":"https:\/\/www2.uepg.br\/geocidades\/wp-json\/wp\/v2\/pages\/127\/revisions\/1505"}],"wp:attachment":[{"href":"https:\/\/www2.uepg.br\/geocidades\/wp-json\/wp\/v2\/media?parent=127"}],"curies":[{"name":"wp","href":"https:\/\/api.w.org\/{rel}","templated":true}]}}