{"id":194,"date":"2021-12-13T14:59:27","date_gmt":"2021-12-13T17:59:27","guid":{"rendered":"https:\/\/www2.uepg.br\/geocidades\/?page_id=194"},"modified":"2023-12-14T15:09:16","modified_gmt":"2023-12-14T18:09:16","slug":"cerro-azul-videos","status":"publish","type":"page","link":"https:\/\/www2.uepg.br\/geocidades\/plano-diretor\/cerro-azul\/cerro-azul-videos\/","title":{"rendered":"V\u00eddeos"},"content":{"rendered":"<p class=\"western\" align=\"justify\"><span style=\"font-family: Liberation Serif, Times New Roman, serif\"><b>1\u00aa Audi\u00eancia P\u00fablica de Lan\u00e7amento da Revis\u00e3o do Plano Diretor Participativo de Cerro Azul, Paran\u00e1 (2022 \u2013 2032)<\/b><\/span><\/p>\n<div class='embed-container'><iframe loading=\"lazy\" title=\"1\u00aa AUDI\u00caNCIA P\u00daBLICA DE LAN\u00c7AMENTO DA REVIS\u00c3O DO PLANO DIRETOR PARTICIPATIVO DE CERRO AZUL\" width=\"1778\" height=\"1000\" src=\"https:\/\/www.youtube.com\/embed\/CLj2eucjK_0?feature=oembed\" frameborder=\"0\" allow=\"accelerometer; autoplay; clipboard-write; encrypted-media; gyroscope; picture-in-picture; web-share\" allowfullscreen><\/iframe><\/div>\n","protected":false},"excerpt":{"rendered":"<p>1\u00aa Audi\u00eancia P\u00fablica de Lan\u00e7amento da Revis\u00e3o do Plano Diretor Participativo de Cerro Azul, Paran\u00e1 (2022 \u2013 2032)<\/p>\n","protected":false},"author":378,"featured_media":667,"parent":144,"menu_order":0,"comment_status":"closed","ping_status":"closed","template":"","meta":[],"_links":{"self":[{"href":"https:\/\/www2.uepg.br\/geocidades\/wp-json\/wp\/v2\/pages\/194"}],"collection":[{"href":"https:\/\/www2.uepg.br\/geocidades\/wp-json\/wp\/v2\/pages"}],"about":[{"href":"https:\/\/www2.uepg.br\/geocidades\/wp-json\/wp\/v2\/types\/page"}],"author":[{"embeddable":true,"href":"https:\/\/www2.uepg.br\/geocidades\/wp-json\/wp\/v2\/users\/378"}],"replies":[{"embeddable":true,"href":"https:\/\/www2.uepg.br\/geocidades\/wp-json\/wp\/v2\/comments?post=194"}],"version-history":[{"count":3,"href":"https:\/\/www2.uepg.br\/geocidades\/wp-json\/wp\/v2\/pages\/194\/revisions"}],"predecessor-version":[{"id":668,"href":"https:\/\/www2.uepg.br\/geocidades\/wp-json\/wp\/v2\/pages\/194\/revisions\/668"}],"up":[{"embeddable":true,"href":"https:\/\/www2.uepg.br\/geocidades\/wp-json\/wp\/v2\/pages\/144"}],"wp:featuredmedia":[{"embeddable":true,"href":"https:\/\/www2.uepg.br\/geocidades\/wp-json\/wp\/v2\/media\/667"}],"wp:attachment":[{"href":"https:\/\/www2.uepg.br\/geocidades\/wp-json\/wp\/v2\/media?parent=194"}],"curies":[{"name":"wp","href":"https:\/\/api.w.org\/{rel}","templated":true}]}}