{"id":201,"date":"2021-12-13T15:37:05","date_gmt":"2021-12-13T18:37:05","guid":{"rendered":"https:\/\/www2.uepg.br\/geocidades\/?page_id=201"},"modified":"2025-01-23T17:37:30","modified_gmt":"2025-01-23T20:37:30","slug":"cerro-azul-documentos","status":"publish","type":"page","link":"https:\/\/www2.uepg.br\/geocidades\/plano-diretor\/cerro-azul\/cerro-azul-documentos\/","title":{"rendered":"Documentos"},"content":{"rendered":"<p>&nbsp;<\/p>\n<hr \/>\n<p><a href=\"https:\/\/www2.uepg.br\/geocidades\/wp-content\/uploads\/sites\/209\/2024\/06\/ANALISE_TEMATICA_INTEGRADA_2024_CERRO_AZUL.pdf\">&#8211; An\u00e1lise Tem\u00e1tica Integrada &#8211; Revis\u00e3o do Plano Diretor Participativo do Munic\u00edpio de Cerro Azul &#8211; PR<\/a><br \/>\nAprovada por participa\u00e7\u00e3o popular, em 2\u00b0 Audi\u00eancia P\u00fablica de Revis\u00e3o do Plano Diretor Participativo de Cerro Azul &#8211; PR, na data de 24\/02\/2024.<\/p>\n<hr \/>\n<p>&#8211; <a href=\"https:\/\/www2.uepg.br\/geocidades\/wp-content\/uploads\/sites\/209\/2021\/12\/Resolucao_CA_2021_150.pdf\"> Resolu\u00e7\u00e3o CA 2021.150<\/a><br \/>\nAprova a assinatura do Conv\u00eanio de Coopera\u00e7\u00e3o T\u00e9cnica-Cient\u00edfica a ser celebrado entre a Universidade Estadual de Ponta Grossa e o Munic\u00edpio de Cerro Azul.<\/p>\n<p>&#8211; <a href=\"https:\/\/www2.uepg.br\/geocidades\/wp-content\/uploads\/sites\/209\/2021\/12\/Termo_Convenio_2021-1.pdf\">Termo Convenio Universidade Estadual de Ponta Grossa (UEPG) e o munic\u00edpio de Cerro Azul, Paran\u00e1<\/a><br \/>\nConv\u00eanio de coopera\u00e7\u00e3o t\u00e9cnica e cient\u00edfica que entre si celebraram a UEPG e o Munic\u00edpio de Cerro Azul &#8211; Paran\u00e1, com vistas \u00e0 realiza\u00e7\u00e3o da revis\u00e3o do plano diretor participativo do Munic\u00edpio de Cerro Azul, Paran\u00e1.<\/p>\n<p>&#8211; <a href=\"https:\/\/www2.uepg.br\/geocidades\/wp-content\/uploads\/sites\/209\/2021\/12\/3_Diario_Oficial_Parana_Edicao_11032_7_10_2021.pdf\">Di\u00e1rio Oficial do Estado do Paran\u00e1, Edi\u00e7\u00e3o n\u00ba 11032, de 7 de outubro de 2021<\/a><br \/>\nPublica\u00e7\u00e3o no Di\u00e1rio Oficial do Estado do Paran\u00e1 do Acordo de Coopera\u00e7\u00e3o firmado entre a Universidade Estadual e Ponta Grossa e o Munic\u00edpio de Cerro Azul, Paran\u00e1, consistindo a conjuga\u00e7\u00e3o de esfor\u00e7os para a revis\u00e3o do Plano Diretor Participativo deste munic\u00edpio.<\/p>\n<p>&#8211; <a href=\"https:\/\/www2.uepg.br\/geocidades\/wp-content\/uploads\/sites\/209\/2021\/12\/4_Proposta_Projeto_Extensao_2021_10_29.pdf\">Proposta de Presta\u00e7\u00e3o de Servi\u00e7o Extensionista intitulado: Assessoria na constru\u00e7\u00e3o de projetos de desenvolvimento urbano e regional dos munic\u00edpios com IDH M\u00e9dio e Baixo no Estado do Paran\u00e1, por meio da elabora\u00e7\u00e3o \/ revis\u00e3o de seus Planos Diretores Participativos (1\u00aa edi\u00e7\u00e3o)<\/a><br \/>\nEsse projeto de extens\u00e3o ser\u00e1 realizado no munic\u00edpio de Cerro Azul, localizado no Vale do Ribeira, estado do Paran\u00e1. A escolha do munic\u00edpio se deu em fun\u00e7\u00e3o de que o mesmo encontra-se na lista dos munic\u00edpios do estado com \u00cdndice de Desenvolvimento Humano Municipal &#8211; IDHM M\u00e9dio e Baixo, e que necessita de revis\u00e3o de seu Plano Diretor Participativo.<\/p>\n<p>&#8211; <a href=\"https:\/\/www2.uepg.br\/geocidades\/wp-content\/uploads\/sites\/209\/2021\/12\/7_PORTARIA-_n_917_2021.pdf\">Portaria n\u00ba 917 \/ 2021<\/a><br \/>\nO Prefeito Municipal de Cerro Azul, Estado do Paran\u00e1, no uso de suas atribui\u00e7\u00f5es legais e das que lhe foram conferidas pelo cargo, nomeia a partir desta data, as pessoas abaixo relacionadas, para exercerem a revis\u00e3o, execu\u00e7\u00e3o e acompanhamento do Plano Diretor Participativo de Cerro Azul.<\/p>\n<p>&#8211; <a href=\"https:\/\/www2.uepg.br\/geocidades\/wp-content\/uploads\/sites\/209\/2021\/12\/10_Decreto_235_2021_Conselho_Desenvolvimento_Municipal.pdf\">Decreto n\u00ba 235 \/ 2021 &#8211; Conselho de Desenvolvimento Municipal Cerro Azul<\/a><br \/>\nO Prefeito Municipal de Cerro Azul, Estado do Paran\u00e1, no uso de suas atribui\u00e7\u00f5es legais, em conformidade a Lei Org\u00e2nica do Munic\u00edpio e das que lhe foram conferidas pelo cargo, nomeia a partir desta data para comporem o Conselho de Desenvolvimento Municipal, conforme Capitulo II da Lei Municipal n\u00b0 016\/2008 que disp\u00f5es sobre o Plano Diretor do Munic\u00edpio.<\/p>\n<p>&#8211; <a href=\"https:\/\/www2.uepg.br\/geocidades\/wp-content\/uploads\/sites\/209\/2021\/12\/Metodologia-2021_12_18.pdf\">Metodologia para a Revis\u00e3o do Plano Diretor Participativo do Munic\u00edpio de Cerro Azul, Paran\u00e1<\/a><br \/>\nMetodologia aprovada da reuni\u00e3o do Grupo Gestor da Revis\u00e3o do Plano Diretor Participativo de Cerro Azul, Paran\u00e1, em 02\/12\/2021 e pactuada na 1\u00aa Audi\u00eancia P\u00fablica de Lan\u00e7amento do Plano Diretor Participativo do Munic\u00edpio de Cerro Azul, Paran\u00e1, ocorrido no dia 18\/12\/2021. Documento adaptado do \u201cGuia para Elabora\u00e7\u00e3o e Revis\u00e3o de Planos Diretores (2019, Minist\u00e9rio do Desenvolvimento Regional \u2013 MDR \/ Minist\u00e9rio do Meio Ambiente \u2013 MMA \/ GIZ \u2013 Deutsche Gesellschaft F\u00fcr Internationale Zusammenarbeit GMBH (Projeto ANDUS \u2013 Apoio \u00e0 Agenda Nacional de Desenvolvimento Urbano Sustent\u00e1vel no Brasil, Instituto P\u00f3lis) e do Termo de Refer\u00eancia, Parana Cidade, 04\/2021.<\/p>\n<hr \/>\n<p>&#8211; <a href=\"https:\/\/www2.uepg.br\/geocidades\/wp-content\/uploads\/sites\/209\/2021\/12\/1_Edital_n_001_2021_CHAMAMENTO_RPD.pdf\"> Edital de Chamamento &#8211; 1\u00aa Audi\u00eancia P\u00fablica de Lan\u00e7amento do Plano Diretor Participativo de Cerro Azul, Paran\u00e1<\/a><br \/>\nO Prefeito Municipal de Cerro Azul, Patrik Magari, no uso de suas atribui\u00e7\u00f5es legais e atrav\u00e9s da Secretaria Municipal de Projetos, Desenvolvimento Econ\u00f4mico e Turismo convida a todos os mun\u00edcipes e a quem interessar possa, para que compare\u00e7am a sess\u00e3o da 1\u00aa Audi\u00eancia P\u00fablica, a ser realizada \u00e0s 09 horas do dia 18 de dezembro de 2021, no Centro Comunit\u00e1rio Bernardo Von Muller Berneck, situado na Rua Deputado Anibal Cury, Cruzeiro &#8211; Centro, Munic\u00edpio de Cerro Azul, Estado do Paran\u00e1, para tratar sobre a Revis\u00e3o do Plano Diretor Participativo deste Munic\u00edpio.<\/p>\n<p>&#8211;<a href=\"https:\/\/www2.uepg.br\/geocidades\/wp-content\/uploads\/sites\/209\/2024\/01\/Edital_Chamamento_2_Audiencia_Publica_2024_02_24.pdf\">Edital de Chamamento &#8211; 2\u00aa Audi\u00eancia P\u00fablica de Cerro Azul, Paran\u00e1, 24\/02\/2024<\/a><\/p>\n<p>O Prefeito Municipal de Cerro Azul, Patrik Magari, no uso de suas atribui\u00e7\u00f5es legais e atrav\u00e9s da Secretaria Municipal de Projetos, Desenvolvimento Econ\u00f4mico e Turismo CONVIDA a todos os mun\u00edcipes e a quem interessar possa, para que compare\u00e7am a sess\u00e3o da 2\u00aa AUDI\u00caNCIA P\u00daBLICA DE REVIS\u00c3O DO PLANO DIRETOR PARTICIPATIVO DE CERRO AZUL, a ser realizada \u00e0s 14 horas do dia 24 de fevereiro de 2024, no Gin\u00e1sio de Esportes \u201cO Laranjinha\u201d, situado na Rua Padre Luciano Ussai, s\/n, Centro, Munic\u00edpio de Cerro Azul, Estado do Paran\u00e1, para tratar sobre a 2\u00aa Fase da Revis\u00e3o do Plano Diretor Participativo deste Munic\u00edpio.<\/p>\n<p>&#8211; <a href=\"https:\/\/www2.uepg.br\/geocidades\/wp-content\/uploads\/sites\/209\/2024\/08\/Edital_Chamamento_Plublicacao_3_audiencia_PDM_Cerro_Azul.pdf\">Edital de Chamamento\u00a0 &#8211; 3\u00aa Audi\u00eancia P\u00fablica de Cerro Azul, Paran\u00e1, 10\/08\/2024<\/a><\/p>\n<p>PATRIK MAGARI, Prefeito Municipal de Cerro Azul &#8211; PR, cumprindo as disposi\u00e7\u00f5es que lhe s\u00e3o conferidas, torna p\u00fablico a realiza\u00e7\u00e3o da 3\u00aa AUDI\u00caNCIA P\u00daBLICA em conjunto com a UEPG (Universidade Estadual de Ponta Grossa), que tem como objetivo de tratar a Consolida\u00e7\u00e3o das propostas da revis\u00e3o do Plano Diretor Participativo do Munic\u00edpio de Cerro Azul. A ser realizada no dia 10 de agosto de 2024, \u00e0s 14h00min, no Gin\u00e1sio de Esportes O Laranjinha, Centro, Cerro Azul-PR. A audi\u00eancia ser\u00e1 realizada na forma de exposi\u00e7\u00f5es e manifesta\u00e7\u00f5es verbais e escritas por convidados e participantes, sendo conduzida pela UEPG e Secretaria Municipal de Projetos, Desenvolvimento Econ\u00f4mico e Turismo.<\/p>\n<hr \/>\n<p>&#8211; <a href=\"https:\/\/www2.uepg.br\/geocidades\/wp-content\/uploads\/sites\/209\/2021\/12\/9_Ata_1_Audiencia_Publica_2021_12_18_Assinada.pdf\">Ata n\u00ba 1, 1\u00aa Audi\u00eancia P\u00fablica do Munic\u00edpio de Cerro Azul, 18\/12\/2021<\/a><br \/>\nAo d\u00e9cimo oitavo dia do m\u00eas de dezembro de dois mil e vinte um, \u00e0s 09 horas, reuniram-se nas depend\u00eancias do Centro Comunit\u00e1rio de Cerro Azul \u201cBernardo Von M\u00fcller Berneck\u201d, Rua Marechal Deodoro da Fonseca, s\/n, Cruzeiro, as seguintes autoridades, Prefeito Patrik Magari, Secret\u00e1rio de Projetos Sr. Alexandre Dantas Brighetti, Presidente da Associa\u00e7\u00e3o Comercial, Industrial e Agr\u00edcola, al\u00e9m dos mun\u00edcipes de Cerro Azul, Paran\u00e1, para a 1\u00aa Audi\u00eancia P\u00fablica de Lan\u00e7amento da Revis\u00e3o do Plano Diretor Participativo de Cerro Azul, Paran\u00e1 (2022 \u2013 2032).<\/p>\n<p>&#8211; <a href=\"https:\/\/www2.uepg.br\/geocidades\/wp-content\/uploads\/sites\/209\/2024\/08\/10_Ata_2_Audiencia_Publica_Cerro_Azul_2024_02_24_Assinada.pdf\">Ata n\u00b0 2, 2\u00aa Audi\u00eancia P\u00fablica do Munic\u00edpio de Cerro Azul, 24\/02\/2024<\/a><\/p>\n<p>Aos vinte e quatro dias do m\u00eas de fevereiro do ano de dois mil e vinte e quatro, \u00e0s 14 horas e 25 minutos reuniram-se nas depend\u00eancias do Gin\u00e1sio de Esportes O Laranjinha, na Rua Padre Luciano Ussai, s\/n\u00b0, as seguintes autoridades, Prefeito do Munic\u00edpio de Cerro Azul Sr. Patrik Magari, Secret\u00e1rio de Projetos Desenvolvimento Econ\u00f4mico e Turismo Sr. Alexandre Dantas Brigueti, oVereador Ant\u00f4nio Mottim, a Secret\u00e1ria de Assist\u00eancia Social Claudiane Patr\u00edcia Costa Rosa, Presidente da C\u00e2mara de Vereadores Josiclide Souza bem como o representante da UEPG e Coordenador do Conv\u00eanio pela institui\u00e7\u00e3o Professor Dr. Marcio Jose Ornat (CREA PR-197154\/D); os discentes do curso de Bacharelado em Geografia, Aislan Evers de Mello (Bolsista USF &#8211; SETI Paran\u00e1), Ang\u00e9lica Wiatrovski Bender (Bolsista USF &#8211; SET Paran\u00e1), Cleide Mara L\u00facia Carneiro (Bolsista USF &#8211; SETI Paran\u00e1), Elaine Cristina Fiquer Ven\u00e2ncio (Bolsista USF &#8211; SETI Paran\u00e1), Fernanda Ribeiro Portes (Bolsista USF &#8211; SETI Paran\u00e1), Isabely Carvalho dos Santos, Jo\u00e3o Matheus Grochovski Seraphim, Kamila Cristina de Oliveira Antunes (Bolsista USF &#8211; SETI Paran\u00e1), Marcio Aurelio Valentim Machado, Murilo Henrique de Brito, Vanessa Camargo e a discente do Curso de Licenciatura em Geografia, Historiadora Carolina Krzyzanoski dos Santos; a Ge\u00f3grafa Judite Bueno de Camargo (Bolsista USF &#8211; SETI Paran\u00e1, CREA PR &#8211; 215482\/D), o Ge\u00f3grafo Saras Resende Paula (Bolsista SETI Paran\u00e1, CREAPR-211293\/D), al\u00e9m dos mun\u00edcipes de Cerro Azul, Paran\u00e1, para a 2&#8243; Audi\u00eancia P\u00fablica do Plano Diretor Municipal Participativo de Cerro Azul, Paran\u00e1 (2024 2034).<\/p>\n<p>&#8211; <a href=\"https:\/\/www2.uepg.br\/geocidades\/wp-content\/uploads\/sites\/209\/2024\/08\/Ata_3_Audiencia_Publica_Cerro_Azul.pdf\">Ata n\u00b0 3, 3\u00aa Audi\u00eancia P\u00fablica do Munic\u00edpio de Cerro Azul, 10\/08\/2024<\/a><\/p>\n<p>Ao d\u00e9cimo dia do m\u00eas de agosto de dois mil e vinte quatro, \u00e0s 14:34 noras, reuniram-se nas depend\u00eancias do Gin\u00e1sio de Esportes \u201cO Laranjinha\u201d, Rua Padre Luciano Ussai, Centro, s\/n\u00ba, as seguintes autoridades, Prefeito Sr. Patrik Magari, o Secret\u00e1rio de Projetos Sr. Alexandre Dantas Brighetti, Secret\u00e1rio de Governo Sr. Fernando Campo Martins, Vereador Sr. Wilson dos Reis, Secret\u00e1rio de Agricultura Sr. Bruno Lovato, Diretora de Desenvolvimento Econ\u00f4mico Jeizibel dos Anjos, Presidente do Conselho Municipal de Educa\u00e7\u00e3o Rosenari Rocha, Presidente do Conselho Municipal de Desenvolvimento Rural Valdinir Manger, Presidente do Conselho Municipal de Assist\u00eancia Social Francisco Eudes da Silva, bem como o representante da Universidade Estadual de Ponta Grossa &#8211; UEPG e Coordenador do Conv\u00eanio de Coopera\u00e7\u00e3o T\u00e9cnica-Cient\u00edfica pela institui\u00e7\u00e3o, o Ge\u00f3grafo e Professor Dr. Marcio Jose Ornat (CREA PR &#8211; 197154D); os discentes do curso de Bacharelado em Geografia, Aline Biscaia Scheibel, Bianca Hilgemberg, Cristian de Andrade, Cleide Mara L\u00facia Carneiro, Geni Carmen Mariano Dias, Eliane Barbosa Carneiro (Eng.\u00ba de Software e Esp\u00ba Redes e Sistemas Distribu\u00eddos; Inicia\u00e7\u00e3o Cient\u00edfica &#8211; PIBIC), Isabely Carvalho dos Santos, Jo\u00e3o Matheus Grochovski Seraphim (Inicia\u00e7\u00e3o Cient\u00edfica &#8211; PIBIC), Kamila Cristina de Oliveira Antunes, Marcio Aurelio Valentim Machado, Murilo Henrique de Brito, Vit\u00f3ria Santos de Souza (Inicia\u00e7\u00e3o Cient\u00edfica &#8211; PIBIC), Vict\u00f3ria de F\u00e1tima Dimbarre Portela; a Ge\u00f3grafa Judite Bueno de Camargo (CREA PR &#8211; 215482\/D), o Ge\u00f3grafo Saras Resende Paula (Bolsista FA, CREA PR-211293\/D), al\u00e9m dos mun\u00edcipes de Cerro Azul, Paran\u00e1, para a 3\u00ba Audi\u00eancia P\u00fablica de Revis\u00e3o do Plano Diretor Participativo de Cerro Azul, Paran\u00e1 (2024 &#8211; 2034).<\/p>\n<hr \/>\n<p>&nbsp;<\/p>\n<p>&nbsp;<\/p>\n","protected":false},"excerpt":{"rendered":"<p>&nbsp; &#8211; An\u00e1lise Tem\u00e1tica Integrada &#8211; Revis\u00e3o do Plano Diretor Participativo do Munic\u00edpio de Cerro Azul &#8211; PR Aprovada por participa\u00e7\u00e3o popular, em 2\u00b0 Audi\u00eancia P\u00fablica de Revis\u00e3o do Plano Diretor Participativo de Cerro Azul &#8211; PR, na data de 24\/02\/2024. &#8211; Resolu\u00e7\u00e3o CA 2021.150 Aprova a assinatura do Conv\u00eanio de Coopera\u00e7\u00e3o T\u00e9cnica-Cient\u00edfica a ser&nbsp;&hellip;<\/p>\n","protected":false},"author":378,"featured_media":667,"parent":144,"menu_order":0,"comment_status":"closed","ping_status":"closed","template":"","meta":[],"_links":{"self":[{"href":"https:\/\/www2.uepg.br\/geocidades\/wp-json\/wp\/v2\/pages\/201"}],"collection":[{"href":"https:\/\/www2.uepg.br\/geocidades\/wp-json\/wp\/v2\/pages"}],"about":[{"href":"https:\/\/www2.uepg.br\/geocidades\/wp-json\/wp\/v2\/types\/page"}],"author":[{"embeddable":true,"href":"https:\/\/www2.uepg.br\/geocidades\/wp-json\/wp\/v2\/users\/378"}],"replies":[{"embeddable":true,"href":"https:\/\/www2.uepg.br\/geocidades\/wp-json\/wp\/v2\/comments?post=201"}],"version-history":[{"count":31,"href":"https:\/\/www2.uepg.br\/geocidades\/wp-json\/wp\/v2\/pages\/201\/revisions"}],"predecessor-version":[{"id":1507,"href":"https:\/\/www2.uepg.br\/geocidades\/wp-json\/wp\/v2\/pages\/201\/revisions\/1507"}],"up":[{"embeddable":true,"href":"https:\/\/www2.uepg.br\/geocidades\/wp-json\/wp\/v2\/pages\/144"}],"wp:featuredmedia":[{"embeddable":true,"href":"https:\/\/www2.uepg.br\/geocidades\/wp-json\/wp\/v2\/media\/667"}],"wp:attachment":[{"href":"https:\/\/www2.uepg.br\/geocidades\/wp-json\/wp\/v2\/media?parent=201"}],"curies":[{"name":"wp","href":"https:\/\/api.w.org\/{rel}","templated":true}]}}