{"id":451,"date":"2023-07-21T15:19:50","date_gmt":"2023-07-21T18:19:50","guid":{"rendered":"https:\/\/www2.uepg.br\/geocidades\/?page_id=451"},"modified":"2023-07-21T17:08:23","modified_gmt":"2023-07-21T20:08:23","slug":"doutor-ulysses","status":"publish","type":"page","link":"https:\/\/www2.uepg.br\/geocidades\/plano-diretor\/doutor-ulysses\/","title":{"rendered":"Doutor Ulysses"},"content":{"rendered":"<p>Mem\u00f3rias do Plano Diretor Participativo de Doutor Ulysses, Paran\u00e1 &#8211; 2022-2032<\/p>\n<p>&#8211; <a href=\"https:\/\/www2.uepg.br\/geocidades\/plano-diretor\/doutor-ulysses\/doutor-ulysses-documentos\/\">Documentos<\/a><\/p>\n<p>&#8211; <a href=\"https:\/\/www2.uepg.br\/geocidades\/plano-diretor\/doutor-ulysses\/doutor-ulysses-mapas\/\">Mapas<\/a><\/p>\n<p>&#8211; <a href=\"https:\/\/www2.uepg.br\/geocidades\/plano-diretor\/doutor-ulysses\/doutor-ulysses-noticias\/\">Not\u00edcias<\/a><\/p>\n<p>&#8211; <a href=\"https:\/\/www2.uepg.br\/geocidades\/plano-diretor\/doutor-ulysses\/doutor-ulysses-legislacoes\/\">Legisla\u00e7\u00f5es<\/a><\/p>\n<p>&#8211; <a href=\"https:\/\/www2.uepg.br\/geocidades\/plano-diretor\/doutor-ulysses\/doutor-ulysses-reunioes\/\">Reuni\u00f5es<\/a><\/p>\n<p>&#8211; <a href=\"https:\/\/www2.uepg.br\/geocidades\/plano-diretor\/doutor-ulysses\/doutor-ulysses-audiencias-publicas\/\">Audi\u00eancia P\u00fablica<\/a><\/p>\n<p>&#8211; <a href=\"https:\/\/www2.uepg.br\/geocidades\/plano-diretor\/doutor-ulysses\/doutor-ulysses-videos\/\">V\u00eddeos<\/a><\/p>\n<p>&#8211; <a href=\"https:\/\/www2.uepg.br\/geocidades\/plano-diretor\/doutor-ulysses\/doutor-ulysses-agenda\/\">Agenda<\/a><\/p>\n","protected":false},"excerpt":{"rendered":"<p>Mem\u00f3rias do Plano Diretor Participativo de Doutor Ulysses, Paran\u00e1 &#8211; 2022-2032 &#8211; Documentos &#8211; Mapas &#8211; Not\u00edcias &#8211; Legisla\u00e7\u00f5es &#8211; Reuni\u00f5es &#8211; Audi\u00eancia P\u00fablica &#8211; V\u00eddeos &#8211; Agenda<\/p>\n","protected":false},"author":426,"featured_media":500,"parent":143,"menu_order":0,"comment_status":"closed","ping_status":"closed","template":"","meta":[],"_links":{"self":[{"href":"https:\/\/www2.uepg.br\/geocidades\/wp-json\/wp\/v2\/pages\/451"}],"collection":[{"href":"https:\/\/www2.uepg.br\/geocidades\/wp-json\/wp\/v2\/pages"}],"about":[{"href":"https:\/\/www2.uepg.br\/geocidades\/wp-json\/wp\/v2\/types\/page"}],"author":[{"embeddable":true,"href":"https:\/\/www2.uepg.br\/geocidades\/wp-json\/wp\/v2\/users\/426"}],"replies":[{"embeddable":true,"href":"https:\/\/www2.uepg.br\/geocidades\/wp-json\/wp\/v2\/comments?post=451"}],"version-history":[{"count":3,"href":"https:\/\/www2.uepg.br\/geocidades\/wp-json\/wp\/v2\/pages\/451\/revisions"}],"predecessor-version":[{"id":470,"href":"https:\/\/www2.uepg.br\/geocidades\/wp-json\/wp\/v2\/pages\/451\/revisions\/470"}],"up":[{"embeddable":true,"href":"https:\/\/www2.uepg.br\/geocidades\/wp-json\/wp\/v2\/pages\/143"}],"wp:featuredmedia":[{"embeddable":true,"href":"https:\/\/www2.uepg.br\/geocidades\/wp-json\/wp\/v2\/media\/500"}],"wp:attachment":[{"href":"https:\/\/www2.uepg.br\/geocidades\/wp-json\/wp\/v2\/media?parent=451"}],"curies":[{"name":"wp","href":"https:\/\/api.w.org\/{rel}","templated":true}]}}