{"id":454,"date":"2023-07-21T15:51:30","date_gmt":"2023-07-21T18:51:30","guid":{"rendered":"https:\/\/www2.uepg.br\/geocidades\/?page_id=454"},"modified":"2024-12-13T12:42:58","modified_gmt":"2024-12-13T15:42:58","slug":"doutor-ulysses-documentos","status":"publish","type":"page","link":"https:\/\/www2.uepg.br\/geocidades\/plano-diretor\/doutor-ulysses\/doutor-ulysses-documentos\/","title":{"rendered":"Documentos"},"content":{"rendered":"<p>&nbsp;<\/p>\n<hr \/>\n<p><a href=\"https:\/\/legislacao.apps.uepg.br\/documentosPublico\/12812022-12-1225.pdf\">\u2013 Resolu\u00e7\u00e3o CA 2022.281<\/a><\/p>\n<p>Aprova a assinatura do Acordo de Coopera\u00e7\u00e3o T\u00e9cnico-Cient\u00edfica a ser celebrado entre a Universidade Estadual de Ponta Grossa e o Munic\u00edpio de Doutor Ulysses.<\/p>\n<p><a href=\"https:\/\/www2.uepg.br\/geocidades\/wp-content\/uploads\/sites\/209\/2021\/12\/Termo_Convenio_2021-1.pdf\">&#8211; Termo Convenio Universidade Estadual de Ponta Grossa (UEPG) e o munic\u00edpio de Doutor Ulysses, Paran\u00e1\u00a0<\/a><\/p>\n<p>Conv\u00eanio de coopera\u00e7\u00e3o t\u00e9cnica e cient\u00edfica que entre si celebraram a UEPG e o Munic\u00edpio de Doutor Ulysses \u2013 Paran\u00e1, com vistas \u00e0 realiza\u00e7\u00e3o da revis\u00e3o do plano diretor participativo do Munic\u00edpio de Doutor Ulysses, Paran\u00e1.<\/p>\n<p><a href=\"https:\/\/www2.uepg.br\/geocidades\/wp-content\/uploads\/sites\/209\/2021\/12\/4_Proposta_Projeto_Extensao_2021_10_29.pdf\">&#8211; Proposta de Presta\u00e7\u00e3o de Servi\u00e7o Extensionista intitulado: Assessoria na constru\u00e7\u00e3o de projetos de desenvolvimento urbano e regional dos munic\u00edpios com IDH M\u00e9dio e Baixo no Estado do Paran\u00e1, por meio da elabora\u00e7\u00e3o \/ revis\u00e3o de seus Planos Diretores Participativos (1\u00aa edi\u00e7\u00e3o) <\/a><\/p>\n<p>Esse projeto de extens\u00e3o ser\u00e1 realizado no munic\u00edpio de Cerro Azul, localizado no Vale do Ribeira, estado do Paran\u00e1. A escolha do munic\u00edpio se deu em fun\u00e7\u00e3o de que o mesmo encontra-se na lista dos munic\u00edpios do estado com \u00cdndice de Desenvolvimento Humano Municipal \u2013 IDHM M\u00e9dio e Baixo, e que necessita de revis\u00e3o de seu Plano Diretor Participativo.<\/p>\n<p><a href=\"https:\/\/www2.uepg.br\/geocidades\/wp-content\/uploads\/sites\/209\/2024\/01\/grupo_especifico_dr_ulysses.pdf\">&#8211; Decreto N 093\/2023 &#8211; Nomea\u00e7\u00e3o do Grupo Espec\u00edfico para a Revis\u00e3o do Plano Diretor Participativo de Doutor Ulysses, Paran\u00e1<\/a><\/p>\n<p>O Prefeito Municipal de Doutor Ulysses, Estado do Paran\u00e1, no uso de suas atribui\u00e7\u00f5es legais e das que lhe foram conferidas pelo cargo, decreta\u00a0a partir desta data, as pessoas abaixo relacionadas, para exercerem a Revis\u00e3o e Execu\u00e7\u00e3o do Plano Diretor Participativo de Doutor Ulysses, Paran\u00e1.<\/p>\n<p>&#8211; <a href=\"https:\/\/www2.uepg.br\/geocidades\/wp-content\/uploads\/sites\/209\/2024\/01\/DECRETO-No-123.2023-NOMEAR-OS-MEMBROS-conselho-municipal-da-cidade-dr-ulysses.pdf\">Decreto N\u00ba 123.2023, Nomea\u00e7\u00e3o dos Membros do Conselho Municipal da Cidade de Doutor Ulysses, Paran\u00e1\u00a0<\/a><\/p>\n<p>A Prefeitura Municipal de Doutor Ulysses, Estado do Paran\u00e1, no uso de suas atribui\u00e7\u00f5es legais, atrav\u00e9s do Prefeito Municipal, considerando a elei\u00e7\u00e3o realizada no dia 11\/05\/2023 durante a Confer\u00eancia Municipal da Cidade de Doutor Ulysses, nomeia os membros abaixo relacionados para constituir o Conselho Municipal da Cidade de Doutor Ulysses.<\/p>\n<hr \/>\n<p><a href=\"https:\/\/www.diariomunicipal.com.br\/amp\/materia\/CE236894\/03AFcWeA5qZLTSGJX-r41g4BM7i1GKjm4y_Vrb660zFhRpMC6pNqqtdM1l0ffOxcRTcUV0aKE6vR1EM9XVdvRBM1wunn6N5lRg6CgfcoC2ffJEvEn0ubrrtecjZmtCH7aVibCAnmdIGmZQsgkxzN2qU9ln0niG6esCH6CQXH4-tCzI-6erUWv1U6UBoHKjQhxlzb81PL1hJXgsaOC7RvGWYLmUwRBSKCfp6j0BRO-nMmRAonnz_8vgVf64EITIYl2N0bVOjWOgkJL_n_xHDPMh4RXilz08v8LFm5uScz95-sRMrZ_QP1tYXykhPgGHc2wWKpnEjz-Ii993sBNvPyoE786HjWSq7xtM-gZ_MdHvOE7dHi57UI6QKOWbCwSg017WcHNGHc4A1JBGc_a_Q7QM4XCRuMITpt4qLJF3YaFIn5TfPsSMTTuJxleFd6ElXrtrKBtJRL043xv6OQQubeX3xAAgsSvb6rpu7NAdeFMBBEe0fgGy1k0uAJwXF4RvWk1zEUs42M_XWFrMhFYpiU7j5n3ar-m6bTNUh7aE_0TT7m5eN4LRFieuC4lzS95hmWQ0jfytj_D4lW9sZSjD7-lNVYAjY_-up9EjHQS9nXBnnOdL1AxFhV3Pt4DtbY0X3CvcdPs4werwK7ZGZOSeIaxKMvT5zoLyXqjPyA\">&#8211; <\/a><a href=\"https:\/\/www2.uepg.br\/geocidades\/wp-content\/uploads\/sites\/209\/2024\/01\/EDITAL-DE-CHAMAMENTO-1a-CONFERENCIA-DA-CIDADE-DE-DOUTOR-ULYSSES.pdf\">Edital de Chamamento 1\u00aa Confer\u00eancia da Cidade de Doutor Ulysses, Paran\u00e1\u00a0<\/a><\/p>\n<p>&#8211; <a href=\"https:\/\/www2.uepg.br\/geocidades\/wp-content\/uploads\/sites\/209\/2024\/01\/Prefeitura-Municipal-de-Doutor-Ulysses.pdf\">Retifica\u00e7\u00e3o do Edital de Chamamento 1\u00aa Confer\u00eancia da Cidade de Doutor Ulysses, 11\/05\/2023<\/a><\/p>\n<p>A 1\u00aa Confer\u00eancia da Cidade de Doutor Ulysses para a elei\u00e7\u00e3o e posse dos membros que compor\u00e3o o seu respectivo Conselho Municipal da Cidade.<\/p>\n<p><a href=\"https:\/\/www2.uepg.br\/geocidades\/wp-content\/uploads\/sites\/209\/2024\/01\/PLANO-DIRETOR-PUBLICACAO.pdf\">&#8211; Edital de chamamento 1\u00aa Audi\u00eancia P\u00fablica Revis\u00e3o do Plano Diretor Participativo de Doutor Ulysses, Paran\u00e1\u00a0<\/a><\/p>\n<p>O Prefeito Municipal de Doutor Ulysses, Mois\u00e9s Branco da Silva, no uso de suas atribui\u00e7\u00f5es legais e atrav\u00e9s da Secretaria Municipal de Planejamento,<br \/>\nCONVIDA a todos os mun\u00edcipes e a quem interessar possa, para que compare\u00e7am a sess\u00e3o da 1\u00aaAudi\u00eancia P\u00fablica da Revis\u00e3o do Plano Diretor Participativo de Doutor Ulysses \u2013 Paran\u00e1, a ser realizada \u00e0s19 horas do dia 11 de Dezembro de 2023, nas depend\u00eancias do \u201cCidad\u00e3o do Futuro\u201d, no Munic\u00edpio de Doutor Ulysses, Paran\u00e1.<\/p>\n<p>&#8211; <a href=\"https:\/\/www2.uepg.br\/geocidades\/wp-content\/uploads\/sites\/209\/2024\/08\/Publicacao_Edital_Chamamento_Publico_2_audiencia_Doutor_Ulysses.pdf\">Edital de chamamento 2\u00aa Audi\u00eancia P\u00fablica Revis\u00e3o do Plano Diretor Participativo de Doutor Ulysses, Paran\u00e1<\/a><\/p>\n<p>O Prefeito Municipal de Doutor Ulysses, Mois\u00e9s Branco da Silva, no uso de suas atribui\u00e7\u00f5es legais e atrav\u00e9s da Secretaria Municipal de Planejamento, CONVIDA a todos os mun\u00edcipes e a quem interessar possa, para que compare\u00e7am a sess\u00e3o da 2\u00aaAUDI\u00caNCIA P\u00daBLICA DE REVIS\u00c3O DO PLANO DIRETOR PARTICIPATIVO DE DOUTOR ULYSSES, a sess\u00e3o sera realizada \u00e0s 14 horas do dia 3 de agosto de 2024, nas depend\u00eancias do \u201cCidad\u00e3o do Futuro\u201d, no Munic\u00edpio de Doutor Ulysses, Paran\u00e1, Rua Pedro Gabriel de Oliveira, Centro, Estado do Paran\u00e1, para tratar sobre a 2\u00aa Fase da Revis\u00e3o do Plano Diretor Participativo deste Munic\u00edpio.<\/p>\n<hr \/>\n<p>&#8211; <a href=\"https:\/\/www2.uepg.br\/geocidades\/wp-content\/uploads\/sites\/209\/2024\/01\/primeira_audiencia_drulysses.pdf\">Ata n\u00ba 1, 1\u00aa Audi\u00eancia P\u00fablica do Munic\u00edpio de Doutor Ulysses, 01\/12\/2023<\/a><\/p>\n<p>Ao d\u00e9cimo primeiro dia do m\u00eas de dezembro de dois mil e vinte tr\u00eas, reuniram-se nas depend\u00eancias da Biblioteca Cidad\u00e3o, ao lado do \u201cCidad\u00e3o do Futuro\u201d, as seguintes autoridades, Secret\u00e1ria de Administra\u00e7\u00e3o Sra. Vani Felex, Secret\u00e1rio de Planejamento Sr. Jurandir Kapp Junior, Conselheira do Conselho Municipal da Cidade Cleide Mara Lucia Carneiro e suplente Ang\u00e9lica Wiatrovski Bender, al\u00e9m dos mun\u00edcipes de Doutor Ulysses, Paran\u00e1, para a 1\u00aa Audi\u00eancia P\u00fablica de Lan\u00e7amento da Revis\u00e3o do Plano Diretor Participativo de Doutor Ulysses, Paran\u00e1 (2024 \u2013 2034).<\/p>\n<p>&#8211; <a href=\"https:\/\/www2.uepg.br\/geocidades\/wp-content\/uploads\/sites\/209\/2024\/08\/Ata_2_Audiencia_Publica_2024_08_03_Doutor_Ulysses.pdf\">Ata n\u00ba 2, 2\u00aa Audi\u00eancia P\u00fablica do Munic\u00edpio de Doutor Ulysses, 03\/08\/2024<\/a><\/p>\n<p>Ao terceiro dia do m\u00eas de agosto de dois mil e vinte quatro, \u00e0s 14:00 horas, reuniram-se nas depend\u00eancias do Cidad\u00e3o do Futuro, Rua Pedro Gabriel de Oliveira, s\/no, as seguintes autoridades, Secret\u00e1ria de Administra\u00e7\u00e3o Vani Felex, a Conselheira Municipal Cleide Mara L\u00facia Carneiro, a L\u00edder do Quilombo Gramadinho Laura Rosa de Lima, o L\u00edder da Associa\u00e7\u00e3o Ambiental de Reciclagem Alcides da Silva Souza, a L\u00edder do Quilombo Tr\u00eas Barras Maisa Alves de Pontes Cirino, bem como o representante da UEPG e Coordenador do Conv\u00eanio pela institui\u00e7\u00e3o Professor Dr. Marcio Jose Ornat (CREA PR &#8211; 197154D); os discentes do curso de Bacharelado em Geografia, Alex Moreira Striker (Inicia\u00e7\u00e3o Cient\u00edfica &#8211; PIBIC), Bianca Hilgemberg, Cleide Mara L\u00facia Carneiro (Bolsista USF &#8211; SETI Paran\u00e1), Elaine Cristina Fiquer Ven\u00e2ncio (Bolsista USF &#8211; SETI Paran\u00e1), Eliane Barbosa Carneiro (Inicia\u00e7\u00e3o Cient\u00edfica &#8211; PIBIC), Isabely Carvalho dos Santos, Jo\u00e3o Matheus Grochovski Seraphim (Inicia\u00e7\u00e3o Cient\u00edfica &#8211; PIBIC), Kamila Cristina de Oliveira Antunes (Bolsista USF &#8211; SETI Paran\u00e1), Marcio Aurelio Valentim Machado (Bolsista USF &#8211; SETI Paran\u00e1), Vit\u00f3ria Santos de Souza (Inicia\u00e7\u00e3o Cient\u00edfica &#8211; PIBIC), Vict\u00f3ria de F\u00e1tima Dimbarre Portela; a discente do Curso de Licenciatura em Geografia, Historiadora Carolina Krzyzanoski dos Santos; a Ge\u00f3grafa Judite Bueno de Camargo (Bolsista USF &#8211; SETI Paran\u00e1, CREA PR &#8211; 215482\/D), o Ge\u00f3grafo Saras Resende Paula (Bolsista FA, CREA PR-211293\/D), al\u00e9m dos mun\u00edcipes de Doutor Ulysses, Paran\u00e1, para a 2\u00aa Audi\u00eancia P\u00fablica de Revis\u00e3o do Plano Diretor Participativo de Doutor Ulysses, Paran\u00e1 (2024 &#8211; 2034).<\/p>\n<p><a href=\"https:\/\/www2.uepg.br\/geocidades\/wp-content\/uploads\/sites\/209\/2024\/12\/Ata_3_Audiencia_Publica_2024_09_20_Doutor_Ulysses.pdf\">&#8211; Ata n\u00b0 3, 3\u00aa Audi\u00eancia P\u00fablica do Munic\u00edpio de Doutor Ulysses, 20\/09\/2024<\/a><\/p>\n<p>Ao vig\u00e9simo dia do m\u00eas de setembro de dois mil e vinte quatro, \u00e0s 19:00 horas, reuniram-se nas depend\u00eancias do Cidad\u00e3o do Futuro, Rua Pedro Gabriel de Oliveira, s\/no, as seguintes autoridades, o membro do Conselho Municipal da Cidade de Dr Ulysses Cleide Mara L\u00facia Carneiro, a Diretora de Cultura Luana Pinheiro, a Presidenta do Quilombo Gramadinho Laura Rosa de Lima, o Presidente do Quilombo Varze\u00e3o Juventino Rodrigues de Castro, o L\u00edder da Associa\u00e7\u00e3o de Agentes Ambientais Alcides da Silva Souza, bem como o representante da UEPG e Coordenador do Conv\u00eanio pela institui\u00e7\u00e3o Professor Dr. M\u00e1rcio Jose Ornat (CREA PR 197154D); os discentes do curso de Bacharelado em Geografia, Bianca Hilgemberg, Cleide Mara L\u00facia Carneiro, Elaine Cristina Fiquer Ven\u00e2ncio, Gabriel Eiki Rocha Camargo, Jo\u00e3o Matheus Grochovski Seraphim (Inicia\u00e7\u00e3o Cient\u00edfica &#8211; PIBIC), Kamila Cristina de Oliveira Antunes, Marcio Aurelio Valentim Machado, Vit\u00f3ria Santos de Souza (Inicia\u00e7\u00e3o Cient\u00edfica &#8211; PIBIC), Vict\u00f3ria de F\u00e1tima Dimbarre Portela; a discente do Curso de Bacharelado em Geografia, Engenheira de Software e Especialista em Redes e Sistemas Distribu\u00eddos Eliane Barbosa Carneiro (Inicia\u00e7\u00e3o Cient\u00edfica &#8211; PIBIC), o discente da P\u00f3s-Gradua\u00e7\u00e3o Mestrado em Gest\u00e3o do Territ\u00f3rio, discente da Especializa\u00e7\u00e3o no Enfrentamento das Viol\u00eancias Contra Crian\u00e7as e Adolescentes pelo Minist\u00e9rio dos Direitos Humanos, discente do curso de Tecnologia em Seguran\u00e7a P\u00fablica, Bacharel em Direito, Bacharel em Administra\u00e7\u00e3o P\u00fablica, Especialista em Gest\u00e3o P\u00fablica e Planejamento de Pol\u00edticas P\u00fablicas e Perito Ambiental Paulo Henrique Carneiro; a Ge\u00f3grafa Judite Bueno de Camargo (CREA PR &#8211; 215482\/D), o Ge\u00f3grafo Saras Resende Paula (CREA PR-211293\/D), al\u00e9m dos mun\u00edcipes de Doutor Ulysses, Paran\u00e1, para a 3&#8243; Audi\u00eancia P\u00fablica de Revis\u00e3o do Plano Diretor Participativo de Doutor Ulysses, Paran\u00e1 (2024-2034).<\/p>\n","protected":false},"excerpt":{"rendered":"<p>&nbsp; \u2013 Resolu\u00e7\u00e3o CA 2022.281 Aprova a assinatura do Acordo de Coopera\u00e7\u00e3o T\u00e9cnico-Cient\u00edfica a ser celebrado entre a Universidade Estadual de Ponta Grossa e o Munic\u00edpio de Doutor Ulysses. &#8211; Termo Convenio Universidade Estadual de Ponta Grossa (UEPG) e o munic\u00edpio de Doutor Ulysses, Paran\u00e1\u00a0 Conv\u00eanio de coopera\u00e7\u00e3o t\u00e9cnica e cient\u00edfica que entre si celebraram&nbsp;&hellip;<\/p>\n","protected":false},"author":426,"featured_media":0,"parent":451,"menu_order":0,"comment_status":"closed","ping_status":"closed","template":"","meta":[],"_links":{"self":[{"href":"https:\/\/www2.uepg.br\/geocidades\/wp-json\/wp\/v2\/pages\/454"}],"collection":[{"href":"https:\/\/www2.uepg.br\/geocidades\/wp-json\/wp\/v2\/pages"}],"about":[{"href":"https:\/\/www2.uepg.br\/geocidades\/wp-json\/wp\/v2\/types\/page"}],"author":[{"embeddable":true,"href":"https:\/\/www2.uepg.br\/geocidades\/wp-json\/wp\/v2\/users\/426"}],"replies":[{"embeddable":true,"href":"https:\/\/www2.uepg.br\/geocidades\/wp-json\/wp\/v2\/comments?post=454"}],"version-history":[{"count":24,"href":"https:\/\/www2.uepg.br\/geocidades\/wp-json\/wp\/v2\/pages\/454\/revisions"}],"predecessor-version":[{"id":1495,"href":"https:\/\/www2.uepg.br\/geocidades\/wp-json\/wp\/v2\/pages\/454\/revisions\/1495"}],"up":[{"embeddable":true,"href":"https:\/\/www2.uepg.br\/geocidades\/wp-json\/wp\/v2\/pages\/451"}],"wp:attachment":[{"href":"https:\/\/www2.uepg.br\/geocidades\/wp-json\/wp\/v2\/media?parent=454"}],"curies":[{"name":"wp","href":"https:\/\/api.w.org\/{rel}","templated":true}]}}