{"id":480,"date":"2023-07-21T16:41:26","date_gmt":"2023-07-21T19:41:26","guid":{"rendered":"https:\/\/www2.uepg.br\/geocidades\/?page_id=480"},"modified":"2024-01-31T16:21:19","modified_gmt":"2024-01-31T19:21:19","slug":"guaraquecaba-documentos","status":"publish","type":"page","link":"https:\/\/www2.uepg.br\/geocidades\/plano-diretor\/guaraquecaba\/guaraquecaba-documentos\/","title":{"rendered":"Documentos"},"content":{"rendered":"<p>&#8211; <a href=\"https:\/\/legislacao.apps.uepg.br\/documentosPublico\/12332023-08-2825.pdf\">Resolu\u00e7\u00e3o CA 2023.233<\/a><\/p>\n<p>Aprova a assinatura do Termo de Coopera\u00e7\u00e3o T\u00e9cnica-Cient\u00edfica a ser celebrado entre a Universidade Estadual de Ponta Grossa e o Munic\u00edpio de Guaraque\u00e7aba.<\/p>\n<p>&nbsp;<\/p>\n<p>&#8211; <a href=\"https:\/\/www2.uepg.br\/geocidades\/wp-content\/uploads\/sites\/209\/2024\/01\/TERMO-DE-COOPERACAO-TECNICACIENTIFICA-guaraquecaba.pdf\">Termo Conv\u00eanio entre a Universidade Estadual de Ponta Grossa (UEPG) e o munic\u00edpio de Guaraque\u00e7aba, Paran\u00e1\u00a0<\/a><\/p>\n<p>Conv\u00eanio de coopera\u00e7\u00e3o t\u00e9cnica e cient\u00edfica que entre si celebraram a UEPG e o Munic\u00edpio de Guaraque\u00e7aba \u2013 Paran\u00e1, com vistas \u00e0 realiza\u00e7\u00e3o da revis\u00e3o do plano diretor participativo do Munic\u00edpio de Guaraque\u00e7aba, Paran\u00e1.<\/p>\n<p>&nbsp;<\/p>\n<p><a href=\"https:\/\/www2.uepg.br\/geocidades\/wp-content\/uploads\/sites\/209\/2021\/12\/4_Proposta_Projeto_Extensao_2021_10_29.pdf\">&#8211; Proposta de Presta\u00e7\u00e3o de Servi\u00e7o Extensionista intitulado: Assessoria na constru\u00e7\u00e3o de projetos de desenvolvimento urbano e regional dos munic\u00edpios com IDH M\u00e9dio e Baixo no Estado do Paran\u00e1, por meio da elabora\u00e7\u00e3o \/ revis\u00e3o de seus Planos Diretores Participativos (1\u00aa edi\u00e7\u00e3o)<\/a><\/p>\n<p>Esse projeto de extens\u00e3o ser\u00e1 realizado no munic\u00edpio de Cerro Azul, localizado no Vale do Ribeira, estado do Paran\u00e1. A escolha do munic\u00edpio se deu em fun\u00e7\u00e3o de que o mesmo encontra-se na lista dos munic\u00edpios do estado com \u00cdndice de Desenvolvimento Humano Municipal \u2013 IDHM M\u00e9dio e Baixo, e que necessita de revis\u00e3o de seu Plano Diretor Participativo.<\/p>\n<p>&nbsp;<\/p>\n<p><a href=\"https:\/\/www2.uepg.br\/geocidades\/wp-content\/uploads\/sites\/209\/2024\/01\/termo_cooperacao_guaraquecaba.pdf\">&#8211; Di\u00e1rio Oficial do Estado do Paran\u00e1, Edi\u00e7\u00e3o n\u00ba 11.503, de 28 de setembro de 2023<\/a><\/p>\n<p>Publica\u00e7\u00e3o no Di\u00e1rio Oficial do Estado do Paran\u00e1 do Acordo de Coopera\u00e7\u00e3o firmado entre a Universidade Estadual e Ponta Grossa e o Munic\u00edpio de Guaraque\u00e7aba, Paran\u00e1, consistindo a conjuga\u00e7\u00e3o de esfor\u00e7os para a revis\u00e3o do Plano Diretor Participativo deste munic\u00edpio. (pg. 21)<\/p>\n<p>&nbsp;<\/p>\n<p>&#8211; <a href=\"https:\/\/www2.uepg.br\/geocidades\/wp-content\/uploads\/sites\/209\/2024\/01\/Decreto-184-2023-audiencia-publica.pdf\">Decreto N\u00ba 184\/2023 &#8211; Convoca\u00e7\u00e3o para a Primeira Audi\u00eancia P\u00fablica de Guaraque\u00e7aba, Paran\u00e1<\/a><\/p>\n<p>Convoca\u00e7\u00e3o para a Primeira Audi\u00eancia P\u00fablica Municipal de Revis\u00e3o do Plano Diretor Participativo do Munic\u00edpio de Guaraque\u00e7aba, Paran\u00e1.<\/p>\n<p>&nbsp;<\/p>\n<p><a href=\"https:\/\/www2.uepg.br\/geocidades\/wp-content\/uploads\/sites\/209\/2024\/01\/Prefeitura-Municipal-de-Guaraquecaba-_grupo_especifico.pdf\">&#8211; Decreto N\u00ba 212\/2023 &#8211; Nomea\u00e7\u00e3o de Grupo Espec\u00edfico respons\u00e1vel pela Revis\u00e3o do Plano Diretor Participativo do Munic\u00edpio de Guaraque\u00e7aba<\/a><\/p>\n<p>A Prefeita Municipal de Guaraque\u00e7aba, Estado do Paran\u00e1, no uso de suas atribui\u00e7\u00f5es legais e das que lhe foram conferidas pelo cargo, nomeia a partir desta data, as pessoas abaixo relacionadas, para exercerem a Revis\u00e3o do Plano Diretor Participativo de Guaraque\u00e7aba, Paran\u00e1.<\/p>\n<p>&nbsp;<\/p>\n<p><a href=\"https:\/\/www2.uepg.br\/geocidades\/wp-content\/uploads\/sites\/209\/2024\/01\/ata_primeira_audiencia_guaraquecaba.pdf\">&#8211; Ata n\u00ba 1, 1\u00aa Audi\u00eancia P\u00fablica do Munic\u00edpio de Guaraque\u00e7aba, 20\/12\/2023<\/a><\/p>\n<p>Ao vig\u00e9simo dia do m\u00eas de dezembro de dois mil e vinte tr\u00eas, reuniram-se nas depend\u00eancias do Audit\u00f3rio do Centro Social Irm\u00e3o Panini, Av. Dr. Agr\u00edcola Fonseca, seguintes autoridades, Prefeita Lilian Ramos Narloch, Presidente da C\u00e2mara de Vereadores Luciane Teixeira, Coordenador do Conv\u00eanio e docente do curso de Bacharelado em Geografia Prof. Dr. Marcio Jose Ornat, Secret\u00e1rio de Turismo Leandro Dieguiz Gon\u00e7alves, Secret\u00e1ria de Planejamento e Projetos Patr\u00edcia Gonzalez da Fonseca, Secret\u00e1rio de Meio Ambiente e Desenvolvimento Sustent\u00e1vel Cassiano Ricardo Soares Lopes. Representante do Instituto Chico Mendes de Conserva\u00e7\u00e3o da Biodiversidade, Representante do Instituto Brasileiro de Meio Ambiente e dos Recursos Naturais Renov\u00e1veis, Representante do Instituto de Desenvolvimento Rural do Paran\u00e1 Unidade Municipal de Guaraque\u00e7aba, Representante do Instituto \u00c1gua e Terra, Representante do Movimento de Pescadores e Pescadoras Artesanais do Litoral do Paran\u00e1, para a Primeira Audi\u00eancia P\u00fablica de Lan\u00e7amento da Revis\u00e3o do Plano Diretor Participativo de Guaraque\u00e7aba, Paran\u00e1 (Dois mil e vinte e quatro \u2013 dois mil e trinta e quatro).<\/p>\n<p>&nbsp;<\/p>\n","protected":false},"excerpt":{"rendered":"<p>&#8211; Resolu\u00e7\u00e3o CA 2023.233 Aprova a assinatura do Termo de Coopera\u00e7\u00e3o T\u00e9cnica-Cient\u00edfica a ser celebrado entre a Universidade Estadual de Ponta Grossa e o Munic\u00edpio de Guaraque\u00e7aba. &nbsp; &#8211; Termo Conv\u00eanio entre a Universidade Estadual de Ponta Grossa (UEPG) e o munic\u00edpio de Guaraque\u00e7aba, Paran\u00e1\u00a0 Conv\u00eanio de coopera\u00e7\u00e3o t\u00e9cnica e cient\u00edfica que entre si celebraram&nbsp;&hellip;<\/p>\n","protected":false},"author":426,"featured_media":0,"parent":476,"menu_order":0,"comment_status":"closed","ping_status":"closed","template":"","meta":[],"_links":{"self":[{"href":"https:\/\/www2.uepg.br\/geocidades\/wp-json\/wp\/v2\/pages\/480"}],"collection":[{"href":"https:\/\/www2.uepg.br\/geocidades\/wp-json\/wp\/v2\/pages"}],"about":[{"href":"https:\/\/www2.uepg.br\/geocidades\/wp-json\/wp\/v2\/types\/page"}],"author":[{"embeddable":true,"href":"https:\/\/www2.uepg.br\/geocidades\/wp-json\/wp\/v2\/users\/426"}],"replies":[{"embeddable":true,"href":"https:\/\/www2.uepg.br\/geocidades\/wp-json\/wp\/v2\/comments?post=480"}],"version-history":[{"count":20,"href":"https:\/\/www2.uepg.br\/geocidades\/wp-json\/wp\/v2\/pages\/480\/revisions"}],"predecessor-version":[{"id":713,"href":"https:\/\/www2.uepg.br\/geocidades\/wp-json\/wp\/v2\/pages\/480\/revisions\/713"}],"up":[{"embeddable":true,"href":"https:\/\/www2.uepg.br\/geocidades\/wp-json\/wp\/v2\/pages\/476"}],"wp:attachment":[{"href":"https:\/\/www2.uepg.br\/geocidades\/wp-json\/wp\/v2\/media?parent=480"}],"curies":[{"name":"wp","href":"https:\/\/api.w.org\/{rel}","templated":true}]}}