{"id":6,"date":"2020-04-20T14:56:52","date_gmt":"2020-04-20T17:56:52","guid":{"rendered":"http:\/\/www2.uepg.br\/geocidades\/?page_id=6"},"modified":"2021-12-13T14:53:50","modified_gmt":"2021-12-13T17:53:50","slug":"home","status":"publish","type":"page","link":"https:\/\/www2.uepg.br\/geocidades\/","title":{"rendered":"Home"},"content":{"rendered":"<div id=\"pl-6\"  class=\"panel-layout\" ><div id=\"pg-6-0\"  class=\"panel-grid panel-no-style\" ><div id=\"pgc-6-0-0\"  class=\"panel-grid-cell\" ><div id=\"panel-6-0-0-0\" class=\"so-panel widget widget_sow-editor panel-first-child panel-last-child\" data-index=\"0\" ><div class=\"panel-widget-style panel-widget-style-for-6-0-0-0\" ><div\n\t\t\t\n\t\t\tclass=\"so-widget-sow-editor so-widget-sow-editor-base\"\n\t\t\t\n\t\t>\n<div class=\"siteorigin-widget-tinymce textwidget\">\n\t<h4 style=\"text-align: center\"><strong>\u00daltimas Not\u00edcias<\/strong><\/h4>\n\t\t<div class=\"wppsac-slick-carousel-wrp wppsac-clearfix \">\r\n\t\t\t<div id=\"wppsac-post-carousel-1\" class=\"wppsac-post-slider-init wppsac-post-carousel design-1\">\r\n\t\t\t\t\r\n<div class=\"wppsac-carousel-slides\">\r\n\t\t\t<div class=\"wppsac-post-image-bg\">\r\n\t\t\t<a href=\"https:\/\/www2.uepg.br\/geocidades\/2a-conferencia-municipal-da-cidade-doutor-ulysses-pr\/\">\r\n\t\t\t\t<img class=\"wppsac-post-image-bg\"  src=\"https:\/\/www2.uepg.br\/geocidades\/wp-content\/uploads\/sites\/209\/2025\/04\/Imagem-do-WhatsApp-de-2025-04-10-as-19.02.07_4525639a.jpg\" alt=\"2\u00aa Confer\u00eancia Municipal da Cidade &#8211; Doutor Ulysses &#8211; PR\" \/>\r\n\t\t\t<\/a>\r\n\t\t<\/div>\r\n\t\t<div class=\"wppsac-post-content-position\">\r\n\t\t\t\t\t<div class=\"wppsac-post-categories\"><ul class=\"wppsac-post-categories-list\"><li><a href=\"https:\/\/www2.uepg.br\/geocidades\/category\/noticias\/\" rel=\"category\"> Not\u00edcias <\/a><\/li><\/ul><\/div>\r\n\t\t\t  \t<h2 class=\"wppsac-post-title\">\r\n\t\t\t<a href=\"https:\/\/www2.uepg.br\/geocidades\/2a-conferencia-municipal-da-cidade-doutor-ulysses-pr\/\">2\u00aa Confer\u00eancia Municipal da Cidade &#8211; Doutor Ulysses &#8211; PR<\/a>\r\n\t\t<\/h2>\r\n\t\t\t\t\t<div class=\"wppsac-post-date\">\r\n\t\t\t\t11 de abril de 2025\t\t\t<\/div>\r\n\t\t\t\t\t<\/div>\r\n<\/div>\r\n<div class=\"wppsac-carousel-slides\">\r\n\t\t\t<div class=\"wppsac-post-image-bg\">\r\n\t\t\t<a href=\"https:\/\/www2.uepg.br\/geocidades\/laboratorio-de-planejamento-urbano-e-regional-realiza-1o-reuniao-com-a-prefeitura-de-cerro-azul-pr-para-definicao-da-metodologia-de-elaboracao-do-plano-de-mobilidade-campo-cidade-d\/\">\r\n\t\t\t\t<img class=\"wppsac-post-image-bg\"  src=\"https:\/\/www2.uepg.br\/geocidades\/wp-content\/uploads\/sites\/209\/2024\/12\/WhatsApp-Image-2024-12-06-at-13.47.34.jpeg\" alt=\"Laborat\u00f3rio de Planejamento Urbano e Regional realiza 1\u00ba Reuni\u00e3o com a Prefeitura de Cerro Azul \u2013 PR para defini\u00e7\u00e3o da Metodologia de Elabora\u00e7\u00e3o do Plano de Mobilidade Campo \u2013 Cidade de Cerro Azul &#8211; PR\" \/>\r\n\t\t\t<\/a>\r\n\t\t<\/div>\r\n\t\t<div class=\"wppsac-post-content-position\">\r\n\t\t\t\t\t<div class=\"wppsac-post-categories\"><ul class=\"wppsac-post-categories-list\"><li><a href=\"https:\/\/www2.uepg.br\/geocidades\/category\/noticias\/\" rel=\"category\"> Not\u00edcias <\/a><\/li><\/ul><\/div>\r\n\t\t\t  \t<h2 class=\"wppsac-post-title\">\r\n\t\t\t<a href=\"https:\/\/www2.uepg.br\/geocidades\/laboratorio-de-planejamento-urbano-e-regional-realiza-1o-reuniao-com-a-prefeitura-de-cerro-azul-pr-para-definicao-da-metodologia-de-elaboracao-do-plano-de-mobilidade-campo-cidade-d\/\">Laborat\u00f3rio de Planejamento Urbano e Regional realiza 1\u00ba Reuni\u00e3o com a Prefeitura de Cerro Azul \u2013 PR para defini\u00e7\u00e3o da Metodologia de Elabora\u00e7\u00e3o do Plano de Mobilidade Campo \u2013 Cidade de Cerro Azul &#8211; PR<\/a>\r\n\t\t<\/h2>\r\n\t\t\t\t\t<div class=\"wppsac-post-date\">\r\n\t\t\t\t6 de dezembro de 2024\t\t\t<\/div>\r\n\t\t\t\t\t<\/div>\r\n<\/div>\r\n<div class=\"wppsac-carousel-slides\">\r\n\t\t\t<div class=\"wppsac-post-image-bg\">\r\n\t\t\t<a href=\"https:\/\/www2.uepg.br\/geocidades\/3a-audiencia-publica-de-revisao-do-plano-diretor-participativo-municipal-de-doutor-ulysses-pr-ocorreu-no-dia-20-09-2024\/\">\r\n\t\t\t\t<img class=\"wppsac-post-image-bg\"  src=\"https:\/\/www2.uepg.br\/geocidades\/wp-content\/uploads\/sites\/209\/2024\/09\/20240920_192904.jpg\" alt=\"3\u00aa Audi\u00eancia P\u00fablica de Revis\u00e3o do Plano Diretor Participativo Municipal de Doutor Ulysses \u2013 PR ocorreu no dia 20\/09\/2024\" \/>\r\n\t\t\t<\/a>\r\n\t\t<\/div>\r\n\t\t<div class=\"wppsac-post-content-position\">\r\n\t\t\t\t\t<div class=\"wppsac-post-categories\"><ul class=\"wppsac-post-categories-list\"><li><a href=\"https:\/\/www2.uepg.br\/geocidades\/category\/noticias\/\" rel=\"category\"> Not\u00edcias <\/a><\/li><\/ul><\/div>\r\n\t\t\t  \t<h2 class=\"wppsac-post-title\">\r\n\t\t\t<a href=\"https:\/\/www2.uepg.br\/geocidades\/3a-audiencia-publica-de-revisao-do-plano-diretor-participativo-municipal-de-doutor-ulysses-pr-ocorreu-no-dia-20-09-2024\/\">3\u00aa Audi\u00eancia P\u00fablica de Revis\u00e3o do Plano Diretor Participativo Municipal de Doutor Ulysses \u2013 PR ocorreu no dia 20\/09\/2024<\/a>\r\n\t\t<\/h2>\r\n\t\t\t\t\t<div class=\"wppsac-post-date\">\r\n\t\t\t\t26 de setembro de 2024\t\t\t<\/div>\r\n\t\t\t\t\t<\/div>\r\n<\/div>\r\n<div class=\"wppsac-carousel-slides\">\r\n\t\t\t<div class=\"wppsac-post-image-bg\">\r\n\t\t\t<a href=\"https:\/\/www2.uepg.br\/geocidades\/3a-audiencia-publica-de-revisao-do-plano-diretor-participativo-municipal-de-cerro-azul-pr-ocorreu-no-dia-10-08-2024\/\">\r\n\t\t\t\t<img class=\"wppsac-post-image-bg\"  src=\"https:\/\/www2.uepg.br\/geocidades\/wp-content\/uploads\/sites\/209\/2024\/08\/IMG_20240810_142438.jpg\" alt=\"3\u00aa Audi\u00eancia P\u00fablica de Revis\u00e3o do Plano Diretor Participativo Municipal de Cerro Azul &#8211; PR ocorreu no dia 10\/08\/2024\" \/>\r\n\t\t\t<\/a>\r\n\t\t<\/div>\r\n\t\t<div class=\"wppsac-post-content-position\">\r\n\t\t\t\t\t<div class=\"wppsac-post-categories\"><ul class=\"wppsac-post-categories-list\"><li><a href=\"https:\/\/www2.uepg.br\/geocidades\/category\/noticias\/\" rel=\"category\"> Not\u00edcias <\/a><\/li><\/ul><\/div>\r\n\t\t\t  \t<h2 class=\"wppsac-post-title\">\r\n\t\t\t<a href=\"https:\/\/www2.uepg.br\/geocidades\/3a-audiencia-publica-de-revisao-do-plano-diretor-participativo-municipal-de-cerro-azul-pr-ocorreu-no-dia-10-08-2024\/\">3\u00aa Audi\u00eancia P\u00fablica de Revis\u00e3o do Plano Diretor Participativo Municipal de Cerro Azul &#8211; PR ocorreu no dia 10\/08\/2024<\/a>\r\n\t\t<\/h2>\r\n\t\t\t\t\t<div class=\"wppsac-post-date\">\r\n\t\t\t\t12 de agosto de 2024\t\t\t<\/div>\r\n\t\t\t\t\t<\/div>\r\n<\/div>\r\n<div class=\"wppsac-carousel-slides\">\r\n\t\t\t<div class=\"wppsac-post-image-bg\">\r\n\t\t\t<a href=\"https:\/\/www2.uepg.br\/geocidades\/sao-realizadas-segunda-audiencia-publica-de-doutor-ulysses-pr-e-entrega-das-minutas-de-projetos-de-lei-de-cerro-azul-pr\/\">\r\n\t\t\t\t<img class=\"wppsac-post-image-bg\"  src=\"https:\/\/www2.uepg.br\/geocidades\/wp-content\/uploads\/sites\/209\/2024\/08\/20240803_150341.jpg\" alt=\"S\u00e3o realizadas Segunda Audi\u00eancia P\u00fablica de Doutor Ulysses-PR e entrega das Minutas de Projetos de Lei de Cerro Azul-PR\" \/>\r\n\t\t\t<\/a>\r\n\t\t<\/div>\r\n\t\t<div class=\"wppsac-post-content-position\">\r\n\t\t\t\t\t<div class=\"wppsac-post-categories\"><ul class=\"wppsac-post-categories-list\"><li><a href=\"https:\/\/www2.uepg.br\/geocidades\/category\/noticias\/\" rel=\"category\"> Not\u00edcias <\/a><\/li><\/ul><\/div>\r\n\t\t\t  \t<h2 class=\"wppsac-post-title\">\r\n\t\t\t<a href=\"https:\/\/www2.uepg.br\/geocidades\/sao-realizadas-segunda-audiencia-publica-de-doutor-ulysses-pr-e-entrega-das-minutas-de-projetos-de-lei-de-cerro-azul-pr\/\">S\u00e3o realizadas Segunda Audi\u00eancia P\u00fablica de Doutor Ulysses-PR e entrega das Minutas de Projetos de Lei de Cerro Azul-PR<\/a>\r\n\t\t<\/h2>\r\n\t\t\t\t\t<div class=\"wppsac-post-date\">\r\n\t\t\t\t8 de agosto de 2024\t\t\t<\/div>\r\n\t\t\t\t\t<\/div>\r\n<\/div>\r\n<div class=\"wppsac-carousel-slides\">\r\n\t\t\t<div class=\"wppsac-post-image-bg\">\r\n\t\t\t<a href=\"https:\/\/www2.uepg.br\/geocidades\/1-edicao-das-leituras-comunitarias-e-protocolos-de-consulta-em-guaraquecaba-pr\/\">\r\n\t\t\t\t<img class=\"wppsac-post-image-bg\"  src=\"https:\/\/www2.uepg.br\/geocidades\/wp-content\/uploads\/sites\/209\/2024\/06\/Sem-titulo.jpeg\" alt=\"1\u00b0 Edi\u00e7\u00e3o das Leituras Comunit\u00e1rias e Protocolos de Consulta em Guaraque\u00e7aba &#8211; PR\" \/>\r\n\t\t\t<\/a>\r\n\t\t<\/div>\r\n\t\t<div class=\"wppsac-post-content-position\">\r\n\t\t\t\t\t<div class=\"wppsac-post-categories\"><ul class=\"wppsac-post-categories-list\"><li><a href=\"https:\/\/www2.uepg.br\/geocidades\/category\/noticias\/\" rel=\"category\"> Not\u00edcias <\/a><\/li><\/ul><\/div>\r\n\t\t\t  \t<h2 class=\"wppsac-post-title\">\r\n\t\t\t<a href=\"https:\/\/www2.uepg.br\/geocidades\/1-edicao-das-leituras-comunitarias-e-protocolos-de-consulta-em-guaraquecaba-pr\/\">1\u00b0 Edi\u00e7\u00e3o das Leituras Comunit\u00e1rias e Protocolos de Consulta em Guaraque\u00e7aba &#8211; PR<\/a>\r\n\t\t<\/h2>\r\n\t\t\t\t\t<div class=\"wppsac-post-date\">\r\n\t\t\t\t18 de junho de 2024\t\t\t<\/div>\r\n\t\t\t\t\t<\/div>\r\n<\/div>\r\n<div class=\"wppsac-carousel-slides\">\r\n\t\t\t<div class=\"wppsac-post-image-bg\">\r\n\t\t\t<a href=\"https:\/\/www2.uepg.br\/geocidades\/2-audiencia-publica-de-revisao-do-plano-diretor-participativo-de-cerro-azul-pr\/\">\r\n\t\t\t\t<img class=\"wppsac-post-image-bg\"  src=\"https:\/\/www2.uepg.br\/geocidades\/wp-content\/uploads\/sites\/209\/2024\/03\/WhatsApp-Image-2024-02-24-at-21.24.33.jpeg\" alt=\"2\u00b0 Audi\u00eancia P\u00fablica de Revis\u00e3o do Plano Diretor Participativo de Cerro Azul &#8211; PR\" \/>\r\n\t\t\t<\/a>\r\n\t\t<\/div>\r\n\t\t<div class=\"wppsac-post-content-position\">\r\n\t\t\t\t\t<div class=\"wppsac-post-categories\"><ul class=\"wppsac-post-categories-list\"><li><a href=\"https:\/\/www2.uepg.br\/geocidades\/category\/noticias\/\" rel=\"category\"> Not\u00edcias <\/a><\/li><\/ul><\/div>\r\n\t\t\t  \t<h2 class=\"wppsac-post-title\">\r\n\t\t\t<a href=\"https:\/\/www2.uepg.br\/geocidades\/2-audiencia-publica-de-revisao-do-plano-diretor-participativo-de-cerro-azul-pr\/\">2\u00b0 Audi\u00eancia P\u00fablica de Revis\u00e3o do Plano Diretor Participativo de Cerro Azul &#8211; PR<\/a>\r\n\t\t<\/h2>\r\n\t\t\t\t\t<div class=\"wppsac-post-date\">\r\n\t\t\t\t12 de mar\u00e7o de 2024\t\t\t<\/div>\r\n\t\t\t\t\t<\/div>\r\n<\/div>\r\n<div class=\"wppsac-carousel-slides\">\r\n\t\t\t<div class=\"wppsac-post-image-bg\">\r\n\t\t\t<a href=\"https:\/\/www2.uepg.br\/geocidades\/convenio-entre-a-universidade-estadual-de-ponta-grossa-e-o-municipio-de-doutor-ulysses-realiza-mapeamento-da-sua-morfologia-urbana-e-o-aerofotolevantamento-do-seu-perimetro-urbano-orientado-a-revisao\/\">\r\n\t\t\t\t<img class=\"wppsac-post-image-bg\"  src=\"https:\/\/www2.uepg.br\/geocidades\/wp-content\/uploads\/sites\/209\/2023\/11\/21.jpeg\" alt=\"Conv\u00eanio entre a Universidade Estadual de Ponta Grossa e o Munic\u00edpio de Doutor Ulysses realiza mapeamento da sua Morfologia Urbana e o Aerofotolevantamento do seu per\u00edmetro urbano, orientado a revis\u00e3o do Plano Diretor Participativo\" \/>\r\n\t\t\t<\/a>\r\n\t\t<\/div>\r\n\t\t<div class=\"wppsac-post-content-position\">\r\n\t\t\t\t\t<div class=\"wppsac-post-categories\"><ul class=\"wppsac-post-categories-list\"><li><a href=\"https:\/\/www2.uepg.br\/geocidades\/category\/noticias\/\" rel=\"category\"> Not\u00edcias <\/a><\/li><\/ul><\/div>\r\n\t\t\t  \t<h2 class=\"wppsac-post-title\">\r\n\t\t\t<a href=\"https:\/\/www2.uepg.br\/geocidades\/convenio-entre-a-universidade-estadual-de-ponta-grossa-e-o-municipio-de-doutor-ulysses-realiza-mapeamento-da-sua-morfologia-urbana-e-o-aerofotolevantamento-do-seu-perimetro-urbano-orientado-a-revisao\/\">Conv\u00eanio entre a Universidade Estadual de Ponta Grossa e o Munic\u00edpio de Doutor Ulysses realiza mapeamento da sua Morfologia Urbana e o Aerofotolevantamento do seu per\u00edmetro urbano, orientado a revis\u00e3o do Plano Diretor Participativo<\/a>\r\n\t\t<\/h2>\r\n\t\t\t\t\t<div class=\"wppsac-post-date\">\r\n\t\t\t\t16 de novembro de 2023\t\t\t<\/div>\r\n\t\t\t\t\t<\/div>\r\n<\/div>\r\n<div class=\"wppsac-carousel-slides\">\r\n\t\t<div class=\"wppsac-post-content-position\">\r\n\t\t\t\t\t<div class=\"wppsac-post-categories\"><ul class=\"wppsac-post-categories-list\"><li><a href=\"https:\/\/www2.uepg.br\/geocidades\/category\/noticias\/\" rel=\"category\"> Not\u00edcias <\/a><\/li><\/ul><\/div>\r\n\t\t\t  \t<h2 class=\"wppsac-post-title\">\r\n\t\t\t<a href=\"https:\/\/www2.uepg.br\/geocidades\/participacao-do-grupo-de-pesquisa-geocidades-no-21o-conex-e-6o-eaex\/\">Participa\u00e7\u00e3o do Grupo de Pesquisa Geocidades no 21\u00ba CONEX e 6\u00ba EAEX<\/a>\r\n\t\t<\/h2>\r\n\t\t\t\t\t<div class=\"wppsac-post-date\">\r\n\t\t\t\t26 de outubro de 2023\t\t\t<\/div>\r\n\t\t\t\t\t<\/div>\r\n<\/div>\r\n<div class=\"wppsac-carousel-slides\">\r\n\t\t\t<div class=\"wppsac-post-image-bg\">\r\n\t\t\t<a href=\"https:\/\/www2.uepg.br\/geocidades\/atividade-de-levantamento-de-dados-para-composicao-do-plano-diretor-de-cerro-azul-pr\/\">\r\n\t\t\t\t<img class=\"wppsac-post-image-bg\"  src=\"https:\/\/www2.uepg.br\/geocidades\/wp-content\/uploads\/sites\/209\/2023\/10\/WhatsApp-Image-2023-10-18-at-21.29.35.jpeg\" alt=\"Bacharelado em Geografia, Mestrado em Gest\u00e3o do Territ\u00f3rio, Doutorado em Geografia e Bacharelado em Qu\u00edmica Tecnol\u00f3gica realizam mapeamento da Morfologia Urbana e avaliam a qualidade das \u00e1guas no munic\u00edpio.\" \/>\r\n\t\t\t<\/a>\r\n\t\t<\/div>\r\n\t\t<div class=\"wppsac-post-content-position\">\r\n\t\t\t\t\t<div class=\"wppsac-post-categories\"><ul class=\"wppsac-post-categories-list\"><li><a href=\"https:\/\/www2.uepg.br\/geocidades\/category\/noticias\/\" rel=\"category\"> Not\u00edcias <\/a><\/li><\/ul><\/div>\r\n\t\t\t  \t<h2 class=\"wppsac-post-title\">\r\n\t\t\t<a href=\"https:\/\/www2.uepg.br\/geocidades\/atividade-de-levantamento-de-dados-para-composicao-do-plano-diretor-de-cerro-azul-pr\/\">Bacharelado em Geografia, Mestrado em Gest\u00e3o do Territ\u00f3rio, Doutorado em Geografia e Bacharelado em Qu\u00edmica Tecnol\u00f3gica realizam mapeamento da Morfologia Urbana e avaliam a qualidade das \u00e1guas no munic\u00edpio.<\/a>\r\n\t\t<\/h2>\r\n\t\t\t\t\t<div class=\"wppsac-post-date\">\r\n\t\t\t\t20 de outubro de 2023\t\t\t<\/div>\r\n\t\t\t\t\t<\/div>\r\n<\/div>\r\n<div class=\"wppsac-carousel-slides\">\r\n\t\t\t<div class=\"wppsac-post-image-bg\">\r\n\t\t\t<a href=\"https:\/\/www2.uepg.br\/geocidades\/o-projeto-assessoria-na-construcao-de-projetos-de-desenvolvimento-urbano-e-regional-dos-municipios-com-idh-medio-e-baixo-no-estado-do-parana-por-meio-da-elaboracao-revisao-de-seus-planos-diretores\/\">\r\n\t\t\t\t<img class=\"wppsac-post-image-bg\"  src=\"https:\/\/www2.uepg.br\/geocidades\/wp-content\/uploads\/sites\/209\/2023\/08\/marca-premio-creapr-extensao-universitaria-creapr.png\" alt=\"O Projeto: Assessoria na Constru\u00e7\u00e3o de Projetos de Desenvolvimento Urbano e Regional dos Munic\u00edpios com IDH M\u00e9dio e Baixo no Estado do Paran\u00e1, por meio da elabora\u00e7\u00e3o \/ revis\u00e3o de seus Planos Diretores Participativos foi classificado em 1\u00b0 lugar, na modalidade Agrimensura, pelo Pr\u00eamio CREA-PR de Extens\u00e3o Universit\u00e1ria &#8211; Melhores Projetos de Extens\u00e3o Universit\u00e1ria\" \/>\r\n\t\t\t<\/a>\r\n\t\t<\/div>\r\n\t\t<div class=\"wppsac-post-content-position\">\r\n\t\t\t\t\t<div class=\"wppsac-post-categories\"><ul class=\"wppsac-post-categories-list\"><li><a href=\"https:\/\/www2.uepg.br\/geocidades\/category\/noticias\/\" rel=\"category\"> Not\u00edcias <\/a><\/li><\/ul><\/div>\r\n\t\t\t  \t<h2 class=\"wppsac-post-title\">\r\n\t\t\t<a href=\"https:\/\/www2.uepg.br\/geocidades\/o-projeto-assessoria-na-construcao-de-projetos-de-desenvolvimento-urbano-e-regional-dos-municipios-com-idh-medio-e-baixo-no-estado-do-parana-por-meio-da-elaboracao-revisao-de-seus-planos-diretores\/\">O Projeto: Assessoria na Constru\u00e7\u00e3o de Projetos de Desenvolvimento Urbano e Regional dos Munic\u00edpios com IDH M\u00e9dio e Baixo no Estado do Paran\u00e1, por meio da elabora\u00e7\u00e3o \/ revis\u00e3o de seus Planos Diretores Participativos foi classificado em 1\u00b0 lugar, na modalidade Agrimensura, pelo Pr\u00eamio CREA-PR de Extens\u00e3o Universit\u00e1ria &#8211; Melhores Projetos de Extens\u00e3o Universit\u00e1ria<\/a>\r\n\t\t<\/h2>\r\n\t\t\t\t\t<div class=\"wppsac-post-date\">\r\n\t\t\t\t18 de agosto de 2023\t\t\t<\/div>\r\n\t\t\t\t\t<\/div>\r\n<\/div>\r\n<div class=\"wppsac-carousel-slides\">\r\n\t\t\t<div class=\"wppsac-post-image-bg\">\r\n\t\t\t<a href=\"https:\/\/www2.uepg.br\/geocidades\/pesquisa-de-qualidade-da-agua-nas-localidades-rurais-do-municipio-de-cerro-azul-pr\/\">\r\n\t\t\t\t<img class=\"wppsac-post-image-bg\"  src=\"https:\/\/www2.uepg.br\/geocidades\/wp-content\/uploads\/sites\/209\/2023\/08\/Imagem-do-WhatsApp-de-2023-08-17-as-18.27.36.jpg\" alt=\"Pesquisa de Qualidade da \u00c1gua nas localidades rurais do Munic\u00edpio de Cerro Azul-PR\" \/>\r\n\t\t\t<\/a>\r\n\t\t<\/div>\r\n\t\t<div class=\"wppsac-post-content-position\">\r\n\t\t\t\t\t<div class=\"wppsac-post-categories\"><ul class=\"wppsac-post-categories-list\"><li><a href=\"https:\/\/www2.uepg.br\/geocidades\/category\/noticias\/\" rel=\"category\"> Not\u00edcias <\/a><\/li><\/ul><\/div>\r\n\t\t\t  \t<h2 class=\"wppsac-post-title\">\r\n\t\t\t<a href=\"https:\/\/www2.uepg.br\/geocidades\/pesquisa-de-qualidade-da-agua-nas-localidades-rurais-do-municipio-de-cerro-azul-pr\/\">Pesquisa de Qualidade da \u00c1gua nas localidades rurais do Munic\u00edpio de Cerro Azul-PR<\/a>\r\n\t\t<\/h2>\r\n\t\t\t\t\t<div class=\"wppsac-post-date\">\r\n\t\t\t\t17 de agosto de 2023\t\t\t<\/div>\r\n\t\t\t\t\t<\/div>\r\n<\/div>\r\n<div class=\"wppsac-carousel-slides\">\r\n\t\t<div class=\"wppsac-post-content-position\">\r\n\t\t\t\t\t<div class=\"wppsac-post-categories\"><ul class=\"wppsac-post-categories-list\"><li><a href=\"https:\/\/www2.uepg.br\/geocidades\/category\/noticias\/\" rel=\"category\"> Not\u00edcias <\/a><\/li><\/ul><\/div>\r\n\t\t\t  \t<h2 class=\"wppsac-post-title\">\r\n\t\t\t<a href=\"https:\/\/www2.uepg.br\/geocidades\/municipio-de-cerro-azul-tem-situacao-regularizada-no-parana-cidade\/\">Munic\u00edpio de Cerro Azul tem situa\u00e7\u00e3o regularizada no &#8220;Paran\u00e1Cidade&#8221;<\/a>\r\n\t\t<\/h2>\r\n\t\t\t\t\t<div class=\"wppsac-post-date\">\r\n\t\t\t\t3 de janeiro de 2022\t\t\t<\/div>\r\n\t\t\t\t\t<\/div>\r\n<\/div>\r\n<div class=\"wppsac-carousel-slides\">\r\n\t\t<div class=\"wppsac-post-content-position\">\r\n\t\t\t\t\t<div class=\"wppsac-post-categories\"><ul class=\"wppsac-post-categories-list\"><li><a href=\"https:\/\/www2.uepg.br\/geocidades\/category\/noticias\/\" rel=\"category\"> Not\u00edcias <\/a><\/li><\/ul><\/div>\r\n\t\t\t  \t<h2 class=\"wppsac-post-title\">\r\n\t\t\t<a href=\"https:\/\/www2.uepg.br\/geocidades\/ola-mundo\/\">1\u00aa Audi\u00eancia P\u00fablica de Lan\u00e7amento da Revis\u00e3o do Plano Diretor Participativo de Cerro Azul, Paran\u00e1 (2022 \u2013 2032)<\/a>\r\n\t\t<\/h2>\r\n\t\t\t\t\t<div class=\"wppsac-post-date\">\r\n\t\t\t\t20 de dezembro de 2021\t\t\t<\/div>\r\n\t\t\t\t\t<\/div>\r\n<\/div>\t\t\t<\/div>\r\n\t\t\t<div class=\"wppsac-carousel-conf wppsac-hide\" data-conf=\"{&quot;slides_to_show&quot;:&quot;4&quot;,&quot;slides_to_scroll&quot;:1,&quot;dots&quot;:&quot;false&quot;,&quot;arrows&quot;:&quot;true&quot;,&quot;autoplay&quot;:&quot;true&quot;,&quot;autoplay_interval&quot;:&quot;19500&quot;,&quot;speed&quot;:500,&quot;rtl&quot;:&quot;false&quot;,&quot;lazyload&quot;:&quot;&quot;}\"><\/div>\r\n\t\t<\/div>\r\n\t\n<\/div>\n<\/div><\/div><\/div><\/div><\/div><div id=\"pg-6-1\"  class=\"panel-grid panel-no-style\" ><div id=\"pgc-6-1-0\"  class=\"panel-grid-cell\" ><div id=\"panel-6-1-0-0\" class=\"so-panel widget widget_sow-button panel-first-child panel-last-child\" data-index=\"1\" ><div class=\"panel-widget-style panel-widget-style-for-6-1-0-0\" ><div\n\t\t\t\n\t\t\tclass=\"so-widget-sow-button so-widget-sow-button-atom-f28947f507e4-1\"\n\t\t\t\n\t\t><div class=\"ow-button-base ow-button-align-center\">\n\t<a href=\"https:\/\/www2.uepg.br\/geocidades\/noticias\/\" class=\"ow-icon-placement-left ow-button-hover\" \t\t>\n\t\t<span>\n\t\t\t\n\t\t\tveja todas as not\u00edcias\t\t<\/span>\n\t<\/a>\n<\/div>\n<\/div><\/div><\/div><\/div><\/div><div id=\"pg-6-2\"  class=\"panel-grid panel-no-style\" ><div id=\"pgc-6-2-0\"  class=\"panel-grid-cell\" ><div id=\"panel-6-2-0-0\" class=\"so-panel widget widget_sow-features panel-first-child panel-last-child\" data-index=\"2\" ><div class=\"panel-widget-style panel-widget-style-for-6-2-0-0\" ><div\n\t\t\t\n\t\t\tclass=\"so-widget-sow-features so-widget-sow-features-default-a2444efc4be6-1\"\n\t\t\t\n\t\t>\n<div class=\"sow-features-list sow-features-responsive\">\n\n\t\t\t\t\t\t<div\n\t\t\t\tclass=\"sow-features-feature sow-icon-container-position-top sow-features-feature-last-row\"\n\t\t\t\tstyle=\"display: flex; flex-direction: column; float: left; width: 100%;\"\n\t\t\t>\n\n\t\t\t\t\t\t\t\t\t<a\n\t\t\t\t\t\thref=\"https:\/\/www.uepg.br\/\"\n\t\t\t\t\t\t\t\t\t\t\t>\n\t\t\t\t\t\t\t\t<div\n\t\t\t\t\tclass=\"sow-icon-container sow-container-rounded-square\"\n                    style=\"color: #03336c; \"\n\t\t\t\t\ttitle=\"Portal UEPG\">\n\t\t\t\t\t<span class=\"sow-icon-fontawesome sow-fas\" data-sow-icon=\"&#xf19c;\"\n\t\tstyle=\"font-size: 50px; color: #FFFFFF\" \n\t\taria-hidden=\"true\"><\/span>\t\t\t\t<\/div>\n\t\t\t\t\t\t\t\t\t<\/a>\n\t\t\t\t\n\t\t\t\t<div class=\"textwidget\">\n\t\t\t\t\t\t\t\t\t\t\t<h5>\n\t\t\t\t\t\t\t\t\t\t\t\t\t\t\t<a\n\t\t\t\t\t\t\t\t\thref=\"https:\/\/www.uepg.br\/\"\n\t\t\t\t\t\t\t\t\t\t\t\t\t\t\t\t\t>\n\t\t\t\t\t\t\t\n\t\t\t\t\t\t\tPortal UEPG\t\t\t\t\t\t\t\t\t\t\t\t\t\t\t<\/a>\n\t\t\t\t\t\t\t\t\t\t\t\t\t<\/h5>\n\t\t\t\t\t\n\t\t\t\t\t\n\t\t\t\t\t\t\t\t\t<\/div>\n\t\t\t\t\t\t\t<\/div>\n\n\t\t\t\n<\/div>\n<\/div><\/div><\/div><\/div><\/div><\/div>","protected":false},"excerpt":{"rendered":"<p>\u00daltimas Not\u00edcias<\/p>\n","protected":false},"author":24,"featured_media":0,"parent":0,"menu_order":0,"comment_status":"closed","ping_status":"closed","template":"","meta":[],"_links":{"self":[{"href":"https:\/\/www2.uepg.br\/geocidades\/wp-json\/wp\/v2\/pages\/6"}],"collection":[{"href":"https:\/\/www2.uepg.br\/geocidades\/wp-json\/wp\/v2\/pages"}],"about":[{"href":"https:\/\/www2.uepg.br\/geocidades\/wp-json\/wp\/v2\/types\/page"}],"author":[{"embeddable":true,"href":"https:\/\/www2.uepg.br\/geocidades\/wp-json\/wp\/v2\/users\/24"}],"replies":[{"embeddable":true,"href":"https:\/\/www2.uepg.br\/geocidades\/wp-json\/wp\/v2\/comments?post=6"}],"version-history":[{"count":10,"href":"https:\/\/www2.uepg.br\/geocidades\/wp-json\/wp\/v2\/pages\/6\/revisions"}],"predecessor-version":[{"id":475,"href":"https:\/\/www2.uepg.br\/geocidades\/wp-json\/wp\/v2\/pages\/6\/revisions\/475"}],"wp:attachment":[{"href":"https:\/\/www2.uepg.br\/geocidades\/wp-json\/wp\/v2\/media?parent=6"}],"curies":[{"name":"wp","href":"https:\/\/api.w.org\/{rel}","templated":true}]}}