{"id":134,"date":"2025-05-12T10:28:04","date_gmt":"2025-05-12T13:28:04","guid":{"rendered":"https:\/\/www2.uepg.br\/geptrado\/?page_id=134"},"modified":"2025-05-17T03:23:59","modified_gmt":"2025-05-17T06:23:59","slug":"sobre","status":"publish","type":"page","link":"https:\/\/www2.uepg.br\/geptrado\/sobre\/","title":{"rendered":"Sobre"},"content":{"rendered":"<p>Os projetos de pesquisa que comp\u00f5em o grupo envolvem investiga\u00e7\u00f5es sobre a epistemologia do trabalho docente sob dois enfoques: forma\u00e7\u00e3o de professores e trabalho docente. A epistemologia do trabalho docente diz respeito ao estudo cr\u00edtico da hist\u00f3ria da doc\u00eancia considerando seus aspectos sociais, pol\u00edticos, econ\u00f4micos e culturais. \u00cb buscar determinar a origem, seu valor e os objetivos da atividade realizada pelo professor.<\/p>\n<p>&nbsp;<\/p>\n<p><strong><u>O<\/u><\/strong><u><strong>BJETIVOS<\/strong>:<\/u><\/p>\n<ul>\n<li>Produzir conhecimentos sobre forma\u00e7\u00e3o e profiss\u00e3o docente, pr\u00e1ticas e trabalho docente;<\/li>\n<li>Discutir tend\u00eancias te\u00f3ricas no contexto hist\u00f3rico e pol\u00edtico sobre a forma\u00e7\u00e3o e profiss\u00e3o docente, pr\u00e1ticas e trabalho docente;<\/li>\n<li>Constituir um espa\u00e7o coletivo de pesquisa cient\u00edfica.<\/li>\n<\/ul>\n<p>&nbsp;<\/p>\n<p><strong><u>ENCONTROS:<\/u><\/strong><\/p>\n<p>Quinzenalmente na UEPG.<\/p>\n<p>&nbsp;<\/p>\n<p><strong><u>P\u00daB<\/u><u>LICO ALVO:<\/u><\/strong><\/p>\n<p>Acad\u00eamicos da gradua\u00e7\u00e3o e p\u00f3s gradua\u00e7\u00e3o, professores e pesquisadores interessados em aprofundar seus conhecimentos sobre a doc\u00eancia na Educa\u00e7\u00e3o B\u00e1sica.<\/p>\n","protected":false},"excerpt":{"rendered":"<p>Os projetos de pesquisa que comp\u00f5em o grupo envolvem investiga\u00e7\u00f5es sobre a epistemologia do trabalho docente sob dois enfoques: forma\u00e7\u00e3o de professores e trabalho docente. A epistemologia do trabalho docente diz respeito ao estudo cr\u00edtico da hist\u00f3ria da doc\u00eancia considerando seus aspectos sociais, pol\u00edticos, econ\u00f4micos e culturais. \u00cb buscar determinar a origem, seu valor e&nbsp;&hellip;<\/p>\n","protected":false},"author":378,"featured_media":0,"parent":0,"menu_order":0,"comment_status":"closed","ping_status":"closed","template":"","meta":[],"_links":{"self":[{"href":"https:\/\/www2.uepg.br\/geptrado\/wp-json\/wp\/v2\/pages\/134"}],"collection":[{"href":"https:\/\/www2.uepg.br\/geptrado\/wp-json\/wp\/v2\/pages"}],"about":[{"href":"https:\/\/www2.uepg.br\/geptrado\/wp-json\/wp\/v2\/types\/page"}],"author":[{"embeddable":true,"href":"https:\/\/www2.uepg.br\/geptrado\/wp-json\/wp\/v2\/users\/378"}],"replies":[{"embeddable":true,"href":"https:\/\/www2.uepg.br\/geptrado\/wp-json\/wp\/v2\/comments?post=134"}],"version-history":[{"count":7,"href":"https:\/\/www2.uepg.br\/geptrado\/wp-json\/wp\/v2\/pages\/134\/revisions"}],"predecessor-version":[{"id":209,"href":"https:\/\/www2.uepg.br\/geptrado\/wp-json\/wp\/v2\/pages\/134\/revisions\/209"}],"wp:attachment":[{"href":"https:\/\/www2.uepg.br\/geptrado\/wp-json\/wp\/v2\/media?parent=134"}],"curies":[{"name":"wp","href":"https:\/\/api.w.org\/{rel}","templated":true}]}}