{"id":148,"date":"2025-05-12T10:33:45","date_gmt":"2025-05-12T13:33:45","guid":{"rendered":"https:\/\/www2.uepg.br\/geptrado\/?page_id=148"},"modified":"2025-05-20T15:01:07","modified_gmt":"2025-05-20T18:01:07","slug":"pesquisadores","status":"publish","type":"page","link":"https:\/\/www2.uepg.br\/geptrado\/pesquisadores\/","title":{"rendered":"Pesquisadores"},"content":{"rendered":"<p style=\"text-align: center\"><strong>Doutora Susana Soares Tozetto (l\u00edder)<\/strong><img loading=\"lazy\" class=\"alignnone wp-image-164\" src=\"https:\/\/www2.uepg.br\/geptrado\/wp-content\/uploads\/sites\/284\/2025\/05\/488911744_4128576934093354_4197763431981933500_n.jpg\" alt=\"\" width=\"220\" height=\"221\" \/><\/p>\n<p><span class=\"color_11\">\u00a0 \u00a0 \u00a0 \u00a0 \u00a0Professora Associada da Universidade Estadual de Ponta Grossa, Departamento de Educa\u00e7\u00e3o e do Programa de P\u00f3s Gradua\u00e7\u00e3o em Educa\u00e7\u00e3o (Mestrado\/Doutorado). L\u00edder do grupo de pesquisa GEPTRADO, membro da Rede Inter institucional sobre Forma\u00e7\u00e3o de Professores RIPEFOR e avaliadora Ad hoc do GT 8 ANPED e do Conselho Fiscal da ANFOPE. Possui gradua\u00e7\u00e3o em Pedagogia pela Universidade Estadual de Ponta Grossa (1983), mestrado em Educa\u00e7\u00e3o pela Universidade Estadual de Ponta Grossa (1999) e doutorado em Educa\u00e7\u00e3o Escolar pela Universidade Estadual Paulista J\u00falio de Mesquita Filho (2008). As pesquisas est\u00e3o voltadas para forma\u00e7\u00e3o de professores e sobre o trabalho docente. E-mail: tozettosusana@hotmail.com ORCID 0000-0002-1696-677X<\/span><\/p>\n<p>&nbsp;<\/p>\n<p style=\"text-align: center\"><span class=\"color_42\">\u00a0<\/span><strong><span class=\"color_42\">Vice l\u00edder- <img loading=\"lazy\" class=\"alignnone wp-image-165\" src=\"https:\/\/www2.uepg.br\/geptrado\/wp-content\/uploads\/sites\/284\/2025\/05\/WhatsApp-Image-2025-04-22-at-13.46.22-1.jpeg\" alt=\"\" width=\"186\" height=\"233\" \/> <\/span><\/strong><\/p>\n<p style=\"text-align: center\"><strong><span class=\"color_42\">Professora Doutora Thaiane de G\u00f3is Domingues<\/span><\/strong><\/p>\n<p>\u00a0 \u00a0 \u00a0 \u00a0 \u00a0Professora Adjunta da Universidade Federal do Paran\u00e1 &#8211; CEM &#8211; Pontal do Paran\u00e1. Doutora em Educa\u00e7\u00e3o pela Universidade Estadual de Ponta Grossa (UEPG &#8211; 2023) e \u00a0Mestre em Educa\u00e7\u00e3o pela UEPG (2019). Tem especializa\u00e7\u00f5es em Educa\u00e7\u00e3o Especial, Educa\u00e7\u00e3o Infantil, Psicopedagogia e Gest\u00e3o Educacional. Pesquisadora do Grupo de Estudos e Pesquisas sobre o Trabalho Docente (Geptrado &#8211; UEPG) e do Grupo de Estudo e Pesquisa em Processos de Aprendizagem (GEP-ProA &#8211; UEPG). Integrante da Rede Interinstitucional de Pesquisas de Forma\u00e7\u00e3o e Pr\u00e1ticas Docentes (Ripefor). Vice Coordenadora da ANFOPE \/ Paran\u00e1. Professora do Mestrado Profissional em Educa\u00e7\u00e3o Inclusiva &#8211; Profei UEPG. Atuou como \u00a0Coordenadora Pedag\u00f3gica e como Professora Colaboradora do Departamento de Educa\u00e7\u00e3o da UEPG. Suas pesquisas versam principalmente nos seguintes temas: forma\u00e7\u00e3o inicial e continuada de professores, conhecimentos docentes, desenvolvimento discente e desenvolvimento profissional docente.<\/p>\n<p>&nbsp;<\/p>\n<p><strong>Integrantes do grupo<\/strong><\/p>\n<p>Dra Camila Macenhan<br \/>\nDra Priscila Kailer<br \/>\nDra Isabelle Cristina de Almeida<\/p>\n<p>&nbsp;<\/p>\n<p><strong><span class=\"color_18\">Equipe mestrandas e doutorandas<\/span><\/strong><\/p>\n<p>Doutoranda: J\u00e9ssica Prestes<br \/>\nDoutoranda: Franciele Aparecida Carneiro Stefanello<br \/>\nDoutoranda: Danielli Taques Colman<\/p>\n<p>Mestranda: Cristiane Ferreira do Nascimento de Andrade.<\/p>\n<p>&nbsp;<\/p>\n<p><img loading=\"lazy\" class=\"wp-image-166 aligncenter\" src=\"https:\/\/www2.uepg.br\/geptrado\/wp-content\/uploads\/sites\/284\/2025\/05\/1000074236.jpg\" alt=\"\" width=\"544\" height=\"725\" \/><\/p>\n<p>&nbsp;<\/p>\n","protected":false},"excerpt":{"rendered":"<p>Doutora Susana Soares Tozetto (l\u00edder) \u00a0 \u00a0 \u00a0 \u00a0 \u00a0Professora Associada da Universidade Estadual de Ponta Grossa, Departamento de Educa\u00e7\u00e3o e do Programa de P\u00f3s Gradua\u00e7\u00e3o em Educa\u00e7\u00e3o (Mestrado\/Doutorado). L\u00edder do grupo de pesquisa GEPTRADO, membro da Rede Inter institucional sobre Forma\u00e7\u00e3o de Professores RIPEFOR e avaliadora Ad hoc do GT 8 ANPED e do&nbsp;&hellip;<\/p>\n","protected":false},"author":378,"featured_media":0,"parent":0,"menu_order":0,"comment_status":"closed","ping_status":"closed","template":"","meta":[],"_links":{"self":[{"href":"https:\/\/www2.uepg.br\/geptrado\/wp-json\/wp\/v2\/pages\/148"}],"collection":[{"href":"https:\/\/www2.uepg.br\/geptrado\/wp-json\/wp\/v2\/pages"}],"about":[{"href":"https:\/\/www2.uepg.br\/geptrado\/wp-json\/wp\/v2\/types\/page"}],"author":[{"embeddable":true,"href":"https:\/\/www2.uepg.br\/geptrado\/wp-json\/wp\/v2\/users\/378"}],"replies":[{"embeddable":true,"href":"https:\/\/www2.uepg.br\/geptrado\/wp-json\/wp\/v2\/comments?post=148"}],"version-history":[{"count":10,"href":"https:\/\/www2.uepg.br\/geptrado\/wp-json\/wp\/v2\/pages\/148\/revisions"}],"predecessor-version":[{"id":256,"href":"https:\/\/www2.uepg.br\/geptrado\/wp-json\/wp\/v2\/pages\/148\/revisions\/256"}],"wp:attachment":[{"href":"https:\/\/www2.uepg.br\/geptrado\/wp-json\/wp\/v2\/media?parent=148"}],"curies":[{"name":"wp","href":"https:\/\/api.w.org\/{rel}","templated":true}]}}