{"id":58,"date":"2018-09-22T03:55:35","date_gmt":"2018-09-22T03:55:35","guid":{"rendered":"http:\/\/www2.uepg.br\/gpinterconexoes\/?page_id=58"},"modified":"2019-03-25T15:10:37","modified_gmt":"2019-03-25T15:10:37","slug":"editais","status":"publish","type":"page","link":"https:\/\/www2.uepg.br\/gpinterconexoes\/editais\/","title":{"rendered":"Editais"},"content":{"rendered":"<p>&nbsp;<\/p>\n<table border=\"0\">\n<tbody>\n<tr>\n<td>\n<h5>Sistema participativo de Certifica\u00e7\u00e3o Socioambiental da Agrofloresta Faxinalense: da diferencia\u00e7\u00e3o \u00e0 qualifica\u00e7\u00e3o dos produtos de comunidades rurais tradicionais do Paran\u00e1<\/h5>\n<h6>EDITAL USF-SETI 07\/2017<\/h6>\n<p>&#8211;\u00a0<a href=\"http:\/\/www.uepg.br\/novas\/USF\/2018\/EditalINTERCONEXAO012018.pdf\" target=\"_blank\" rel=\"noopener noreferrer\">Edital Interconex\u00f5es 01\/2018 &#8211; Abertura de vagas para acad\u00eamicos e rec\u00e9m-formados<\/a><\/p>\n<p>&#8211;\u00a0<a href=\"http:\/\/www.uepg.br\/novas\/USF\/2018\/EditalINTERCONEXAO032018.pdf\" target=\"_blank\" rel=\"noopener noreferrer\">Edital Interconex\u00f5es 03\/2018 &#8211; Resultado<\/a>\u00a0&#8211; rec\u00e9m-formados (2) e bolsista (1)<\/p>\n<p>&#8211;\u00a0\u00a0<a href=\"http:\/\/www.uepg.br\/novas\/USF\/2018\/EditalINTERCONEXAO042018.pdf\" target=\"_blank\" rel=\"noopener\">Edital Interconex\u00f5es 04\/2018 &#8211; Convoca\u00e7\u00e3o de rec\u00e9m-formado<\/a><\/p>\n<p>&#8211;\u00a0<a href=\"http:\/\/www2.uepg.br\/gpinterconexoes\/wp-content\/uploads\/sites\/4\/2018\/10\/Edital-Interconex\u00f5es-05-2018_Retificac\u0327a\u0303o.pdf\" target=\"_blank\" rel=\"noopener\">Edital Interconex\u00f5es 05\/2018 &#8211; Retificac\u0327a\u0303o<\/a><\/p>\n<p>&#8211;\u00a0<a href=\"http:\/\/www.uepg.br\/novas\/USF\/2019\/EditalINTERCONEXAO012019.pdf\" target=\"_blank\" rel=\"noopener\">Edital Interconex\u00f5es 01\/2019 &#8211; Processo seletivo<\/a><\/p>\n<p>&#8211;\u00a0<a href=\"http:\/\/www.uepg.br\/novas\/USF\/2019\/EditalINTERCONEXAO022019.pdf\" target=\"_blank\" rel=\"noopener\">Edital Interconex\u00f5es 02\/2019 &#8211; Deferimento das inscri\u00e7\u00f5es e agendamento das entrevistas<\/a><\/p>\n<p>&#8211;\u00a0<a href=\"http:\/\/www.uepg.br\/novas\/USF\/2019\/EditalINTERCONEXAO032019.pdf\" target=\"_blank\" rel=\"noopener\">Edital Interconex\u00f5es 03\/2019 &#8211; Convoca\u00e7\u00e3o<\/a>\u00a0\u00a0<img loading=\"lazy\" class=\"alignnone wp-image-527 size-full\" src=\"http:\/\/www2.uepg.br\/gpinterconexoes\/wp-content\/uploads\/sites\/4\/2018\/10\/NOVO.png\" alt=\"\" width=\"37\" height=\"11\" \/><\/td>\n<\/tr>\n<tr>\n<td>\n<h6>EDITAL USF-SETI 01\/2016<\/h6>\n<p>&#8211; <a href=\"http:\/\/www2.uepg.br\/gpinterconexoes\/wp-content\/uploads\/sites\/4\/2018\/10\/Edital-GPI-01-2016-Sele\u00e7\u00e3o-de-Bolsistas.pdf\" target=\"_blank\" rel=\"noopener\">Edital Interconex\u00f5es 01\/2016 &#8211; Abertura de vagas para acad\u00eamicos e rec\u00e9m-formados<\/a><\/p>\n<p>&#8211; <a href=\"http:\/\/www2.uepg.br\/gpinterconexoes\/wp-content\/uploads\/sites\/4\/2018\/10\/Edital-GPI-02-2016-Sele\u00e7\u00e3o-de-Bolsistas-Resultado.pdf\" target=\"_blank\" rel=\"noopener\">Edital Interconex\u00f5es 02-2016 &#8211; <strong>Resultado<\/strong><\/a><\/td>\n<\/tr>\n<\/tbody>\n<\/table>\n<p>&nbsp;<\/p>\n<h6><\/h6>\n","protected":false},"excerpt":{"rendered":"<p>&nbsp; Sistema participativo de Certifica\u00e7\u00e3o Socioambiental da Agrofloresta Faxinalense: da diferencia\u00e7\u00e3o \u00e0 qualifica\u00e7\u00e3o dos produtos de comunidades rurais tradicionais do Paran\u00e1 EDITAL USF-SETI 07\/2017 &#8211;\u00a0Edital Interconex\u00f5es 01\/2018 &#8211; Abertura de vagas para acad\u00eamicos e rec\u00e9m-formados &#8211;\u00a0Edital Interconex\u00f5es 03\/2018 &#8211; Resultado\u00a0&#8211; rec\u00e9m-formados (2) e bolsista (1) &#8211;\u00a0\u00a0Edital Interconex\u00f5es 04\/2018 &#8211; Convoca\u00e7\u00e3o de rec\u00e9m-formado &#8211;\u00a0Edital Interconex\u00f5es 05\/2018 &hellip; <\/p>\n<p class=\"link-more\"><a href=\"https:\/\/www2.uepg.br\/gpinterconexoes\/editais\/\" class=\"more-link\">Continue lendo<span class=\"screen-reader-text\"> &#8220;Editais&#8221;<\/span><\/a><\/p>\n","protected":false},"author":9,"featured_media":0,"parent":0,"menu_order":0,"comment_status":"closed","ping_status":"closed","template":"","meta":[],"_links":{"self":[{"href":"https:\/\/www2.uepg.br\/gpinterconexoes\/wp-json\/wp\/v2\/pages\/58"}],"collection":[{"href":"https:\/\/www2.uepg.br\/gpinterconexoes\/wp-json\/wp\/v2\/pages"}],"about":[{"href":"https:\/\/www2.uepg.br\/gpinterconexoes\/wp-json\/wp\/v2\/types\/page"}],"author":[{"embeddable":true,"href":"https:\/\/www2.uepg.br\/gpinterconexoes\/wp-json\/wp\/v2\/users\/9"}],"replies":[{"embeddable":true,"href":"https:\/\/www2.uepg.br\/gpinterconexoes\/wp-json\/wp\/v2\/comments?post=58"}],"version-history":[{"count":29,"href":"https:\/\/www2.uepg.br\/gpinterconexoes\/wp-json\/wp\/v2\/pages\/58\/revisions"}],"predecessor-version":[{"id":910,"href":"https:\/\/www2.uepg.br\/gpinterconexoes\/wp-json\/wp\/v2\/pages\/58\/revisions\/910"}],"wp:attachment":[{"href":"https:\/\/www2.uepg.br\/gpinterconexoes\/wp-json\/wp\/v2\/media?parent=58"}],"curies":[{"name":"wp","href":"https:\/\/api.w.org\/{rel}","templated":true}]}}