{"id":10,"date":"2019-06-05T09:33:01","date_gmt":"2019-06-05T12:33:01","guid":{"rendered":"http:\/\/www2.uepg.br\/iesol\/?page_id=10"},"modified":"2026-04-09T15:35:57","modified_gmt":"2026-04-09T18:35:57","slug":"empreendimentos","status":"publish","type":"page","link":"https:\/\/www2.uepg.br\/iesol\/empreendimentos\/","title":{"rendered":"Empreendimentos Econ\u00f4micos Solid\u00e1rios (EES)"},"content":{"rendered":"<h3 style=\"text-align: center\"><strong><span style=\"color: #000000\">EMPREENDIMENTOS ECON\u00d4MICOS SOLID\u00c1RIOS INCUBADOS PELA IESOL<\/span><\/strong><\/h3>\n<p>&nbsp;<\/p>\n<p><span style=\"color: #000000\"><em><strong>ArteSol<\/strong><\/em><img loading=\"lazy\" class=\"size-full wp-image-660 aligncenter\" src=\"http:\/\/www2.uepg.br\/iesol\/wp-content\/uploads\/sites\/20\/2024\/10\/lOGO-artesol.jpg\" alt=\"\" width=\"182\" height=\"182\" \/><\/span><\/p>\n<p style=\"text-align: left\"><span style=\"font-weight: 400;color: #000000\">\u00a0 \u00a0<\/span><\/p>\n<p><span style=\"font-weight: 400;color: #000000\">\u00a0 \u00a0O empreendimento ARTESOL foi incubado no ano de 2024, sendo composto por pessoas que utilizam os servi\u00e7os de Sa\u00fade Mental dos Centros de Aten\u00e7\u00e3o Psicossocial \u00c1lcool e Drogas (CAPS AD) e do CAPS TM no munic\u00edpio de Ponta Grossa. O seu objetivo \u00e9 a gera\u00e7\u00e3o de trabalho e renda atrav\u00e9s da produ\u00e7\u00e3o de artesanato, buscando a autonomia de cada integrante e sua qualidade de vida, al\u00e9m de carregar uma identidade mais art\u00edstica com pinturas em quadros.<\/span><\/p>\n<p style=\"text-align: left\"><span style=\"font-weight: 400;color: #000000\">\u00a0<\/span><\/p>\n<p><span style=\"font-weight: 400;color: #000000\">\u00a0 \u00a0A IESol, nesse sentido, t\u00eam a fun\u00e7\u00e3o de oferecer acompanhamento ao grupo, realizando atividades, oficinas e forma\u00e7\u00f5es que se enquadram nos princ\u00edpios desse modo econ\u00f4mico, justo e sustent\u00e1vel. O grupo tamb\u00e9m realiza algumas atividades em parceria com o Centro de Conviv\u00eancia da Sa\u00fade Mental (CECO-SM) de Ponta Grossa.<\/span><\/p>\n<p>&nbsp;<\/p>\n<p>&nbsp;<\/p>\n<p><em><span style=\"color: #000000\"><strong>Associa\u00e7\u00e3o de Mulheres da Economia Solid\u00e1ria &#8211; AMES<\/strong><\/span><\/em><\/p>\n<p><span style=\"color: #000000\"><a style=\"color: #000000\" href=\"https:\/\/www2.uepg.br\/iesol\/empreendimentos\/ames-logo-1\/\" rel=\"attachment wp-att-643\"><img loading=\"lazy\" class=\"aligncenter size-full wp-image-643\" src=\"http:\/\/www2.uepg.br\/iesol\/wp-content\/uploads\/sites\/20\/2024\/05\/AMES-logo-1.jpg\" alt=\"\" width=\"182\" height=\"182\" \/><\/a><\/span><\/p>\n<p><span style=\"font-weight: 400;color: #000000\">\u00a0<\/span><\/p>\n<p><span style=\"font-weight: 400;color: #000000\">\u00a0 \u00a0O empreendimento AMES foi incubado em 2023, sendo composto por mulheres integrantes do projeto A Florescer. Sua produ\u00e7\u00e3o e comercializa\u00e7\u00e3o \u00e9 voltada para os produtos aliment\u00edcios (bolos de pote, doces, bolachas, chocolates, tortas salgadas, geleias, sandu\u00edches, sucos naturais).<\/span><\/p>\n<p><span style=\"font-weight: 400;color: #000000\">\u00a0<\/span><\/p>\n<p><span style=\"font-weight: 400;color: #000000\">\u00a0 \u00a0A IESol acompanha o grupo, viabilizando sua participa\u00e7\u00e3o nas feiras da UEPG, al\u00e9m da organiza\u00e7\u00e3o de oficinas e forma\u00e7\u00f5es, bem como do apoio cont\u00ednuo \u00e0s demandas do cotidiano.<\/span><\/p>\n<p>&nbsp;<\/p>\n<p><span style=\"color: #000000\"><em><strong>AFESOL &#8211; Associa\u00e7\u00e3o de Feirantes de Economia Solid\u00e1ria<\/strong><\/em><\/span><\/p>\n<p><span style=\"color: #000000\"><img loading=\"lazy\" class=\"wp-image-120 aligncenter\" src=\"http:\/\/www2.uepg.br\/iesol\/wp-content\/uploads\/sites\/20\/2019\/08\/afesol-perfil-278x300.jpg\" alt=\"\" width=\"172\" height=\"186\" srcset=\"https:\/\/www2.uepg.br\/iesol\/wp-content\/uploads\/sites\/20\/2019\/08\/afesol-perfil-278x300.jpg 278w, https:\/\/www2.uepg.br\/iesol\/wp-content\/uploads\/sites\/20\/2019\/08\/afesol-perfil.jpg 417w\" sizes=\"(max-width: 172px) 100vw, 172px\" \/><\/span><\/p>\n<p>&nbsp;<\/p>\n<p><span style=\"color: #000000\">\u00a0 \u00a0A Associa\u00e7\u00e3o de Feirantes de Economia Solid\u00e1ria (AFESOL) teve in\u00edcio em 2011 e \u00e9 formada por 6 associados que trabalham individualmente com artesanato e alimento, e coletivamente com produtos reutiliz\u00e1veis. A AFESOL tem como principal produto coletivo as bolsas de lona, que surgem a partir dos malotes doados pelo Banco do Brasil e Correios, que antes seriam incinerados. Esses malotes passam por um processo de beneficiamento (lavagem, secagem e desmanche) e ap\u00f3s s\u00e3o customizados, para depois serem vendidos a um pre\u00e7o justo, nas feiras.<\/span><\/p>\n<p style=\"text-align: left\"><span style=\"color: #000000\">\u00a0 \u00a0Apesar de ter como produto principal as bolsas, a AFESOL tamb\u00e9m desenvolve outros produtos a partir dessa mat\u00e9ria-prima, como: modelos variados de bolsas, inclusive masculinos, estojos, painel de fotos, porta livro, aventais, entre outros. A AFESOL trabalha com encomendas.<\/span><\/p>\n<p style=\"text-align: left\"><span style=\"color: #000000\">\u00a0 \u00a0Atualmente, a AFESOL tem como principal ponto de comercializa\u00e7\u00e3o a Feira de Economia Solid\u00e1ria (FESU) que acontece todas as quintas-feiras no interior da UEPG Central, e todo \u00faltimo dia do m\u00eas no Campus Uvaranas.<\/span><\/p>\n<p style=\"text-align: left\"><span style=\"color: #000000\"><strong>Contato:<\/strong><\/span><\/p>\n<ul>\n<li style=\"list-style-type: none\">\n<ul>\n<li style=\"text-align: left\"><span style=\"color: #000000\">Ivone (42) 9820-2152<\/span><\/li>\n<li style=\"text-align: left\"><span style=\"color: #000000\">Janete (42) 9854-5787<\/span><\/li>\n<li style=\"text-align: left\"><span style=\"color: #000000\">Maria Alice (42) 9956-2056<\/span><\/li>\n<li style=\"text-align: left\"><span style=\"color: #000000\">Maria Helena e Joaquim (42) 8848-5242<\/span><\/li>\n<\/ul>\n<\/li>\n<\/ul>\n<p>&nbsp;<\/p>\n<p><span style=\"color: #000000\"><em><strong>Associa\u00e7\u00e3o Natural M\u00edstica Solid\u00e1ria &#8211; ANAMISOL<\/strong><\/em><\/span><\/p>\n<p style=\"text-align: center\"><span style=\"color: #000000\"><a style=\"color: #000000\" href=\"https:\/\/www2.uepg.br\/iesol\/empreendimentos\/captura-de-tela-57\/\" rel=\"attachment wp-att-770\"><img loading=\"lazy\" class=\"aligncenter  wp-image-770\" src=\"http:\/\/www2.uepg.br\/iesol\/wp-content\/uploads\/sites\/20\/2026\/04\/Captura-de-Tela-57-297x300.png\" alt=\"\" width=\"169\" height=\"171\" srcset=\"https:\/\/www2.uepg.br\/iesol\/wp-content\/uploads\/sites\/20\/2026\/04\/Captura-de-Tela-57-297x300.png 297w, https:\/\/www2.uepg.br\/iesol\/wp-content\/uploads\/sites\/20\/2026\/04\/Captura-de-Tela-57.png 371w\" sizes=\"(max-width: 169px) 100vw, 169px\" \/><\/a><\/span><\/p>\n<p><span style=\"font-weight: 400;color: #000000\">\u00a0 \u00a0<\/span><\/p>\n<p><span style=\"font-weight: 400;color: #000000\">\u00a0 \u00a0O empreendimento ANAMISOL foi incubado no ano de 2024, entre seus produtos est\u00e3o alimentos veganos, roupas, quadros e artes autorais e leitura de Tarot. O acompanhamento do grupo segue os processos formativos, bem como a incubadora oferece suporte constante \u00e0s demandas do dia a dia.<\/span><\/p>\n<p>&nbsp;<\/p>\n<p>&nbsp;<\/p>\n<h3 style=\"text-align: center\"><span style=\"color: #000000\"><strong>GRUPOS RURAIS:<\/strong><\/span><\/h3>\n<p><span style=\"font-weight: 400;color: #000000\">A IESol atua junto aos grupos rurais por meio de a\u00e7\u00f5es de assessoria t\u00e9cnica, processos de incuba\u00e7\u00e3o, forma\u00e7\u00e3o e fortalecimento da Economia Solid\u00e1ria. Sua atua\u00e7\u00e3o envolve visitas, reuni\u00f5es, oficinas e apoio \u00e0 comercializa\u00e7\u00e3o, buscando estruturar empreendimentos coletivos e promover autonomia econ\u00f4mica em assentamentos e acampamentos vinculados \u00e0 luta pela terra. Algumas iniciativas est\u00e3o vinculadas tamb\u00e9m a a\u00e7\u00f5es do projeto\u00a0 \u201cComcha &#8211; Community-based change: local and traditional knowledge(s) in NBS\u201d.<\/span><\/p>\n<p>&nbsp;<\/p>\n<p><span style=\"color: #000000\"><strong>1-<em> Acampamento Maria Rosa do Contestado<\/em><\/strong><img loading=\"lazy\" class=\"wp-image-541 aligncenter\" src=\"http:\/\/www2.uepg.br\/iesol\/wp-content\/uploads\/sites\/20\/2023\/06\/LOGO-MARIA-ROSA-300x300.png\" alt=\"\" width=\"182\" height=\"182\" srcset=\"https:\/\/www2.uepg.br\/iesol\/wp-content\/uploads\/sites\/20\/2023\/06\/LOGO-MARIA-ROSA-300x300.png 300w, https:\/\/www2.uepg.br\/iesol\/wp-content\/uploads\/sites\/20\/2023\/06\/LOGO-MARIA-ROSA-1024x1024.png 1024w, https:\/\/www2.uepg.br\/iesol\/wp-content\/uploads\/sites\/20\/2023\/06\/LOGO-MARIA-ROSA-150x150.png 150w, https:\/\/www2.uepg.br\/iesol\/wp-content\/uploads\/sites\/20\/2023\/06\/LOGO-MARIA-ROSA-768x768.png 768w, https:\/\/www2.uepg.br\/iesol\/wp-content\/uploads\/sites\/20\/2023\/06\/LOGO-MARIA-ROSA.png 1080w\" sizes=\"(max-width: 182px) 100vw, 182px\" \/><\/span><\/p>\n<p style=\"text-align: left\"><span style=\"color: #000000\"><span style=\"font-weight: 400\">\u00a0 \u00a0O Acampamento Maria Rosa do Contestado iniciou a ocupa\u00e7\u00e3o em 24 de agosto de 2015 e localiza-se no munic\u00edpio de Castro &#8211; Paran\u00e1, aproximadamente 9km de dist\u00e2ncia da \u00e1rea urbana. <\/span><span style=\"font-weight: 400\">O acampamento tem 230 fam\u00edlias na atualidade, todas produzem de maneira agroecol\u00f3gica desde o primeiro dia de ocupa\u00e7\u00e3o, essa iniciativa foi deliberada por decis\u00f5es coletivas, atendendo uma demanda da sociedade, bem como seguindo uma orienta\u00e7\u00e3o do Movimento dos Trabalhadores Sem Terra. Essa decis\u00e3o promove sa\u00fade para os agricultores, e consumidores, bem como conserva biodiversidade, recursos h\u00eddricos e solo.<\/span><\/span><\/p>\n<p style=\"text-align: left\"><span style=\"color: #000000\"><span style=\"font-weight: 400\">\u00a0 \u00a0Grande parte do grupo prov\u00e9m do Munic\u00edpio de Castro, por\u00e9m, o acampamento tamb\u00e9m abriga fam\u00edlias de sem terras vindas dos munic\u00edpios de Teixeira Soares, Tel\u00eamaco Borba, Curitiba, Imbituva, Ponta Grossa e Ipiranga. <\/span><span style=\"font-weight: 400\">As fam\u00edlias acampadas est\u00e3o organizadas em n\u00facleos, de geralmente 10 fam\u00edlias, onde tomam decis\u00f5es coletivas, organizam parte da produ\u00e7\u00e3o e comercializa\u00e7\u00e3o. Constitu\u00edram uma cooperativa em 2016 onde todos os acampados trabalham e se organizam de maneira coletiva na produ\u00e7\u00e3o, escoamento da produ\u00e7\u00e3o e lucros. <\/span><span style=\"font-weight: 400\">O nome \u201cMaria Rosa do Contestado\u201d foi escolhido em homenagem a jovem Maria Rosa, nascida em Ita\u00fana do Sul &#8211; Paran\u00e1, que com apenas 15 anos foi comandante geral na guerra do Contestado.<\/span><\/span><\/p>\n<p>&nbsp;<\/p>\n<p><span style=\"color: #000000\"><em><strong>2- Acampamento Emiliano Zapata<\/strong><\/em><\/span><\/p>\n<p style=\"text-align: center\"><span style=\"color: #000000\"><a style=\"color: #000000\" href=\"https:\/\/www2.uepg.br\/iesol\/empreendimentos\/captura-de-tela-56\/\" rel=\"attachment wp-att-769\"><img loading=\"lazy\" class=\"aligncenter  wp-image-769\" src=\"http:\/\/www2.uepg.br\/iesol\/wp-content\/uploads\/sites\/20\/2026\/04\/Captura-de-Tela-56-300x277.png\" alt=\"\" width=\"180\" height=\"166\" srcset=\"https:\/\/www2.uepg.br\/iesol\/wp-content\/uploads\/sites\/20\/2026\/04\/Captura-de-Tela-56-300x277.png 300w, https:\/\/www2.uepg.br\/iesol\/wp-content\/uploads\/sites\/20\/2026\/04\/Captura-de-Tela-56.png 388w\" sizes=\"(max-width: 180px) 100vw, 180px\" \/><\/a><\/span><\/p>\n<p>&nbsp;<\/p>\n<p><span style=\"font-weight: 400;color: #000000\">\u00a0 \u00a0O Acampamento Emiliano Zapata\u00a0 \u00e9 um pr\u00e9-assentamento situado no distrito de Itaiacoca. Surgiu em maio de 2003, quando 150 fam\u00edlias integrantes do MST ocuparam parte da Fazenda da EMBRAPA, no munic\u00edpio de Ponta Grossa. Hoje a comunidade est\u00e1 estruturada em uma associa\u00e7\u00e3o, \u00e0 TERRA \u2013 Associa\u00e7\u00e3o dos Trabalhadores Rurais da Reforma Agr\u00e1ria e uma cooperativa, a COOPERAS \u2013 Cooperativa Camponesa de Produ\u00e7\u00e3o Agroecol\u00f3gica da Economia Solid\u00e1ria.<\/span><\/p>\n<p>&nbsp;<\/p>\n<p><span style=\"font-weight: 400;color: #000000\">\u00a0 \u00a0As fam\u00edlias ainda se organizam atrav\u00e9s do Grupo Ch\u00e3o e Vida e da Rede Solid\u00e1ria de Produtores e Consumidores Agroecol\u00f3gicos. A produ\u00e7\u00e3o agroecol\u00f3gica da comunidade \u00e9 certificada pela Rede Ecovida de Certifica\u00e7\u00e3o Participativa e comercializada atrav\u00e9s do PAA \u2013 Programa de Aquisi\u00e7\u00e3o de Alimentos do Governo Federal. A IESol \u2013 Programa de Extens\u00e3o da UEPG , em parceria com outros projetos da universidade, tem desenvolvido a\u00e7\u00f5es de apoio \u00e0 gera\u00e7\u00e3o de renda com base nos princ\u00edpios da Economia Solid\u00e1ria em uma aproxima\u00e7\u00e3o pr\u00e1tica da atua\u00e7\u00e3o do movimento social, da agroecologia e da economia solid\u00e1ria. As a\u00e7\u00f5es extensionistas da IESol junto a Comunidade Emiliano Zapata, proporcionaram a compreens\u00e3o de pontos de converg\u00eancia entre a economia solid\u00e1ria e a agroecologia.<\/span><\/p>\n<p>&nbsp;<\/p>\n<p>&nbsp;<\/p>\n<p><span style=\"color: #000000\"><strong><em>3- Acampamento Padre Roque Zimmermann<\/em><\/strong><\/span><\/p>\n<p>&nbsp;<\/p>\n<p><span style=\"font-weight: 400;color: #000000\">\u00a0 \u00a0A comunidade Padre Roque Zimmermann, de Castro, no Paran\u00e1, recebeu a certifica\u00e7\u00e3o de produ\u00e7\u00e3o agroecol\u00f3gica. A conquista reflete o esfor\u00e7o coletivo das 40 fam\u00edlias, que desde a ocupa\u00e7\u00e3o da \u00e1rea, em 2018, optaram e se organizaram pela produ\u00e7\u00e3o org\u00e2nica. A certifica\u00e7\u00e3o veio por meio da Rede Ecovida.<\/span><\/p>\n<p><span style=\"font-weight: 400;color: #000000\">\u00a0 \u00a0Por estar localizada \u00e0s margens do rio Iap\u00f3, a comunidade de Padre Roque tem como caracter\u00edstica ter grande parte das terras inseridas em \u00e1rea de conserva\u00e7\u00e3o ambiental. O seu modelo de produ\u00e7\u00e3o agr\u00edcola tem o objetivo de ter um desenvolvimento sustent\u00e1vel, atrav\u00e9s de uma agrovila. Hoje a comunidade produz e comercializa feij\u00e3o, milho, arroz, mandioca, ab\u00f3bora, verdura, legumes e frut\u00edferas em geral.<\/span><\/p>\n<p>&nbsp;<\/p>\n<p>&nbsp;<\/p>\n<p style=\"text-align: center\"><span style=\"color: #000000\"><strong>INICIATIVAS ENCERRADAS<\/strong><\/span><\/p>\n<p>&nbsp;<\/p>\n<p><span style=\"color: #000000\"><em><strong>ACGJ &#8211; Associa\u00e7\u00e3o dos Campos Gerais de Jardinagem<\/strong><\/em><\/span><\/p>\n<p><span style=\"color: #000000\"><img loading=\"lazy\" class=\"alignnone size-medium wp-image-117 alignleft\" src=\"http:\/\/www2.uepg.br\/iesol\/wp-content\/uploads\/sites\/20\/2019\/08\/Logo-Jardinagem-300x119.jpg\" alt=\"\" width=\"300\" height=\"119\" srcset=\"https:\/\/www2.uepg.br\/iesol\/wp-content\/uploads\/sites\/20\/2019\/08\/Logo-Jardinagem-300x119.jpg 300w, https:\/\/www2.uepg.br\/iesol\/wp-content\/uploads\/sites\/20\/2019\/08\/Logo-Jardinagem.jpg 450w\" sizes=\"(max-width: 300px) 100vw, 300px\" \/><\/span><\/p>\n<p style=\"text-align: left\"><span style=\"color: #000000\">A Associa\u00e7\u00e3o dos Campos Gerais de Jardinagem (ACGJ) surgiu no ano de 2000. Inicialmente recebeu apoio da gest\u00e3o municipal, que ofereceu a alguns trabalhadores capacita\u00e7\u00e3o em cursos espec\u00edficos de jardinagem e de fomento ao cooperativismo e Economia Solid\u00e1ria, onde a IESol esteve presente desde o in\u00edcio.<\/span><\/p>\n<p><span style=\"color: #000000\">Al\u00e9m da forma\u00e7\u00e3o profissional, o grupo tamb\u00e9m obteve suporte da administra\u00e7\u00e3o p\u00fablica para se estruturar e desenvolver as fun\u00e7\u00f5es produtivas, al\u00e9m de receber alguns insumos para que o trabalho se efetivasse. Em contrapartida, os trabalhadores prestavam servi\u00e7os \u00e0 Prefeitura, fazendo a limpeza e manuten\u00e7\u00e3o dos jardins no entorno dos Centros de Refer\u00eancia de Assist\u00eancia Social (CRAS) e em escolas municipais, mas \u00a0 tamb\u00e9m atendiam clientes particulares, quando havia disponibilidade. O grupo se formalizou em 2006, tornando-se uma associa\u00e7\u00e3o e criando estatuto pr\u00f3prio.<\/span><\/p>\n<p><span style=\"color: #000000\">No contexto atual, pela dificuldade representada pelo inverno, com a estiagem e as geadas que reduzem a demanda pela jardinagem, a Associa\u00e7\u00e3o recebeu da IESol, como forma alternativa de complemento de renda, oficina de saboaria e produtos de limpeza. Atualmente a associa\u00e7\u00e3o participa da feira de economia solid\u00e1ria realizada na UEPG comercializando os seus produtos e ainda continua com os trabalhos de jardinagem externos particulares.<\/span><\/p>\n<p>&nbsp;<\/p>\n<p><span style=\"color: #000000\"><em><strong>Luau Terra<\/strong><\/em><\/span><br \/>\n<span style=\"color: #000000\"><img loading=\"lazy\" class=\"wp-image-127 alignright\" src=\"http:\/\/www2.uepg.br\/iesol\/wp-content\/uploads\/sites\/20\/2019\/08\/luau-300x212.jpg\" alt=\"\" width=\"239\" height=\"169\" srcset=\"https:\/\/www2.uepg.br\/iesol\/wp-content\/uploads\/sites\/20\/2019\/08\/luau-300x212.jpg 300w, https:\/\/www2.uepg.br\/iesol\/wp-content\/uploads\/sites\/20\/2019\/08\/luau-768x542.jpg 768w, https:\/\/www2.uepg.br\/iesol\/wp-content\/uploads\/sites\/20\/2019\/08\/luau.jpg 960w\" sizes=\"(max-width: 239px) 100vw, 239px\" \/><\/span><\/p>\n<p style=\"text-align: left\"><span style=\"font-weight: 400;color: #000000\">A Luau Terra \u00e9 um coletivo que busca, atrav\u00e9s da Economia Solid\u00e1ria, ressignificar a alimenta\u00e7\u00e3o e as rela\u00e7\u00f5es de trabalho. Neste contexto associativo, elaboram receitas que visam incluir as dietas especiais, bem como discutir atrav\u00e9s de atividades, um novo modo de acolher as diferentes necessidades alimentares. O Coletivo produz tortas doces e salgadas, empad\u00e3o, bolos, geleias, bombons e trufas, kombucha, gersal, pasta de gr\u00e3o de bico, p\u00e3es e p\u00e3o de queijo vegano requeij\u00e3o vegano.<\/span><\/p>\n<p style=\"text-align: left\"><span style=\"font-weight: 400;color: #000000\">Com o nascimento de Ana Terra e Aurora Paran\u00e1, e o diagn\u00f3stico de alergia alimentar m\u00faltipla, as mam\u00e3es e papais dessas meninas tiveram que mergulhar em um novo universo alimentar e culminou na forma\u00e7\u00e3o do coletivo, que passou a produzir alimentos voltados para al\u00e9rgicos. O grupo cresceu, e hoje, com a ajuda da IESol\/UEPG, se pauta no associativismo para promover a Inclus\u00e3o Alimentar.<\/span><\/p>\n<p>&nbsp;<\/p>\n<p><span style=\"color: #000000\"><em><strong>ARREP &#8211; Associa\u00e7\u00e3o dos Recicladores Rei do Pet<\/strong><\/em><\/span><\/p>\n<p><span style=\"color: #000000\"><img loading=\"lazy\" class=\"alignnone wp-image-124 alignleft\" src=\"http:\/\/www2.uepg.br\/iesol\/wp-content\/uploads\/sites\/20\/2019\/08\/arrep-300x250.png\" alt=\"\" width=\"186\" height=\"155\" srcset=\"https:\/\/www2.uepg.br\/iesol\/wp-content\/uploads\/sites\/20\/2019\/08\/arrep-300x250.png 300w, https:\/\/www2.uepg.br\/iesol\/wp-content\/uploads\/sites\/20\/2019\/08\/arrep.png 450w\" sizes=\"(max-width: 186px) 100vw, 186px\" \/><\/span><\/p>\n<p style=\"text-align: left\"><span style=\"font-weight: 400;color: #000000\">A Associa\u00e7\u00e3o dos Recicladores Rei do Pet (ARREP) teve in\u00edcio em 2010, pela iniciativa de catadores de material recicl\u00e1vel que tinham o sonho de construir uma associa\u00e7\u00e3o no munic\u00edpio de Ponta Grossa. Ap\u00f3s um ano, a ideia se concretizou gerando trabalho, e renda a estas pessoas, al\u00e9m de contribuir com a redu\u00e7\u00e3o dos impactos ambientais causados pela produ\u00e7\u00e3o excessiva de lixo. Atualmente a ARREP encontra-se desincubada e a IESOL prestou assist\u00eancia durante o per\u00edodo de atividade da associa\u00e7\u00e3o.<\/span><\/p>\n<p>&nbsp;<\/p>\n<p>&nbsp;<\/p>\n","protected":false},"excerpt":{"rendered":"<p>EMPREENDIMENTOS ECON\u00d4MICOS SOLID\u00c1RIOS INCUBADOS PELA IESOL &nbsp; ArteSol \u00a0 \u00a0 \u00a0 \u00a0O empreendimento ARTESOL foi incubado no ano de 2024, sendo composto por pessoas que utilizam os servi\u00e7os de Sa\u00fade Mental dos Centros de Aten\u00e7\u00e3o Psicossocial \u00c1lcool e Drogas (CAPS AD) e do CAPS TM no munic\u00edpio de Ponta Grossa. O seu objetivo \u00e9 a&nbsp;&hellip;<\/p>\n","protected":false},"author":24,"featured_media":0,"parent":0,"menu_order":0,"comment_status":"closed","ping_status":"closed","template":"","meta":[],"_links":{"self":[{"href":"https:\/\/www2.uepg.br\/iesol\/wp-json\/wp\/v2\/pages\/10"}],"collection":[{"href":"https:\/\/www2.uepg.br\/iesol\/wp-json\/wp\/v2\/pages"}],"about":[{"href":"https:\/\/www2.uepg.br\/iesol\/wp-json\/wp\/v2\/types\/page"}],"author":[{"embeddable":true,"href":"https:\/\/www2.uepg.br\/iesol\/wp-json\/wp\/v2\/users\/24"}],"replies":[{"embeddable":true,"href":"https:\/\/www2.uepg.br\/iesol\/wp-json\/wp\/v2\/comments?post=10"}],"version-history":[{"count":54,"href":"https:\/\/www2.uepg.br\/iesol\/wp-json\/wp\/v2\/pages\/10\/revisions"}],"predecessor-version":[{"id":780,"href":"https:\/\/www2.uepg.br\/iesol\/wp-json\/wp\/v2\/pages\/10\/revisions\/780"}],"wp:attachment":[{"href":"https:\/\/www2.uepg.br\/iesol\/wp-json\/wp\/v2\/media?parent=10"}],"curies":[{"name":"wp","href":"https:\/\/api.w.org\/{rel}","templated":true}]}}