{"id":6,"date":"2019-06-05T09:30:51","date_gmt":"2019-06-05T12:30:51","guid":{"rendered":"http:\/\/www2.uepg.br\/iesol\/?page_id=6"},"modified":"2026-04-02T16:03:39","modified_gmt":"2026-04-02T19:03:39","slug":"quem-somos","status":"publish","type":"page","link":"https:\/\/www2.uepg.br\/iesol\/","title":{"rendered":"Quem Somos"},"content":{"rendered":"<div id=\"pl-6\"  class=\"panel-layout\" ><div id=\"pg-6-0\"  class=\"panel-grid panel-no-style\" ><div id=\"pgc-6-0-0\"  class=\"panel-grid-cell\" ><div id=\"panel-6-0-0-0\" class=\"so-panel widget widget_sow-post-carousel panel-first-child panel-last-child\" data-index=\"0\" ><div\n\t\t\t\n\t\t\tclass=\"so-widget-sow-post-carousel so-widget-sow-post-carousel-base-f79712cd714a-6\"\n\t\t\t\n\t\t>\t<div\n\t\tclass=\"sow-post-carousel-wrapper sow-post-carousel-theme-base\"\n\t\tstyle=\"overflow: hidden; max-width: 100%; min-height: 182px\"\n\t>\n\t\t<div class=\"sow-carousel-title has-title\">\n\t<h3 class=\"widget-title\">\u00daltimas Not\u00edcias<\/h3>\t\t<div class=\"sow-carousel-navigation \">\n\t\t\t\t\t\t<a href=\"#\" class=\"sow-carousel-next\" title=\"Pr\u00f3ximo\" aria-label=\"Next Posts\" role=\"button\"><\/a>\n\t\t\t\t\t\t<a href=\"#\" class=\"sow-carousel-previous\" title=\"Anterior\" aria-label=\"Previous Posts\" role=\"button\"><\/a>\n\t\t\t\t\t<\/div>\n\t<\/div>\n\n<div class=\"sow-carousel-container \">\n\t\t<div class=\"sow-carousel-wrapper\"\n\t\tdata-dir=\"ltr\"\n\t\tstyle=\"opacity: 0;\"\n\t\tdata-widget=\"post\" data-fetching=\"false\" data-page=\"1\" data-ajax-url=\"https:\/\/www2.uepg.br\/iesol\/wp-admin\/admin-ajax.php?_widgets_nonce=67fca4626a\" data-item_count=\"42\" data-carousel_settings=\"{&quot;loop&quot;:true,&quot;animation&quot;:&quot;ease&quot;,&quot;animation_speed&quot;:800,&quot;autoplay&quot;:false,&quot;pauseOnHover&quot;:false,&quot;autoplaySpeed&quot;:8000,&quot;item_overflow&quot;:true,&quot;autoplay_continuous_scroll&quot;:false}\" data-responsive=\"{&quot;desktop_slides_to_scroll&quot;:1,&quot;tablet_landscape_breakpoint&quot;:1366,&quot;tablet_landscape_slides_to_scroll&quot;:2,&quot;tablet_portrait_breakpoint&quot;:1025,&quot;tablet_portrait_slides_to_scroll&quot;:2,&quot;mobile_breakpoint&quot;:480,&quot;mobile_slides_to_scroll&quot;:1}\" data-variable_width=\"true\" \t>\n\t\t<div\n\t\t\tclass=\"sow-carousel-items\"\n\t\t\t\t\t>\n\t\t\t\t<div class=\"sow-carousel-item\" tabindex=\"-1\" style=\"float: left;\">\n\t\t<div class=\"sow-carousel-thumbnail\">\n\t\t\t\t\t\t\t<a\n\t\t\t\thref=\"https:\/\/www2.uepg.br\/iesol\/iesol-participa-de-campanha-cidades-sem-risco\/\"\n\t\t\t\t\t\t\t\t\t\tstyle=\"background-image: url( https:\/\/www2.uepg.br\/iesol\/wp-content\/uploads\/sites\/20\/2026\/04\/MG_5730-272x182.jpg )\"\n\t\t\t\t\taria-labelledby=\"sow-carousel-id-785\"\n\t\t\t\t\ttabindex=\"-1\"\n\t\t\t\t>\n\t\t\t\t\t<span class=\"overlay\"><\/span>\n\t\t\t\t<\/a>\n\t\t\t\t\t<\/div>\n\t\t<h3 class=\"sow-carousel-item-title\">\n\t\t\t<a\n\t\t\t\thref=\"https:\/\/www2.uepg.br\/iesol\/iesol-participa-de-campanha-cidades-sem-risco\/\"\n\t\t\t\tid=\"sow-carousel-id-785\"\n\t\t\t\t\t\t\t\ttabindex=\"-1\"\n\t\t\t>\n\n\t\t\t\tIESol participa de Campanha Cidades Sem Risco\t\t\t<\/a>\n\t\t<\/h3>\n\t<\/div>\n\t<div class=\"sow-carousel-item\" tabindex=\"-1\" style=\"float: left;\">\n\t\t<div class=\"sow-carousel-thumbnail\">\n\t\t\t\t\t\t\t<a\n\t\t\t\thref=\"https:\/\/www2.uepg.br\/iesol\/projeto-vinculado-a-iesol-encerra-em-janeiro\/\"\n\t\t\t\t\t\t\t\t\t\tstyle=\"background-image: url( https:\/\/www2.uepg.br\/iesol\/wp-content\/uploads\/sites\/20\/2025\/12\/27.08.25-Apresentacao-trabalho-VSBDTS-ECOSOL-NAS-ESCOLAS-272x182.jpg )\"\n\t\t\t\t\taria-labelledby=\"sow-carousel-id-736\"\n\t\t\t\t\ttabindex=\"-1\"\n\t\t\t\t>\n\t\t\t\t\t<span class=\"overlay\"><\/span>\n\t\t\t\t<\/a>\n\t\t\t\t\t<\/div>\n\t\t<h3 class=\"sow-carousel-item-title\">\n\t\t\t<a\n\t\t\t\thref=\"https:\/\/www2.uepg.br\/iesol\/projeto-vinculado-a-iesol-encerra-em-janeiro\/\"\n\t\t\t\tid=\"sow-carousel-id-736\"\n\t\t\t\t\t\t\t\ttabindex=\"-1\"\n\t\t\t>\n\n\t\t\t\tProjeto vinculado a IESol encerra em janeiro\t\t\t<\/a>\n\t\t<\/h3>\n\t<\/div>\n\t<div class=\"sow-carousel-item\" tabindex=\"-1\" style=\"float: left;\">\n\t\t<div class=\"sow-carousel-thumbnail\">\n\t\t\t\t\t\t\t<a\n\t\t\t\thref=\"https:\/\/www2.uepg.br\/iesol\/714-2\/\"\n\t\t\t\t\t\t\t\t\t\tstyle=\"background-image: url( https:\/\/www2.uepg.br\/iesol\/wp-content\/uploads\/sites\/20\/2025\/12\/21.05.2025-Formaouo-Col\u00aegio-Tancredo-7-ano-272x182.jpg )\"\n\t\t\t\t\taria-labelledby=\"sow-carousel-id-714\"\n\t\t\t\t\ttabindex=\"-1\"\n\t\t\t\t>\n\t\t\t\t\t<span class=\"overlay\"><\/span>\n\t\t\t\t<\/a>\n\t\t\t\t\t<\/div>\n\t\t<h3 class=\"sow-carousel-item-title\">\n\t\t\t<a\n\t\t\t\thref=\"https:\/\/www2.uepg.br\/iesol\/714-2\/\"\n\t\t\t\tid=\"sow-carousel-id-714\"\n\t\t\t\t\t\t\t\ttabindex=\"-1\"\n\t\t\t>\n\n\t\t\t\tProjeto da Universidade Sem Fronteiras finaliza atividades em janeiro\t\t\t<\/a>\n\t\t<\/h3>\n\t<\/div>\n\t<div class=\"sow-carousel-item\" tabindex=\"-1\" style=\"float: left;\">\n\t\t<div class=\"sow-carousel-thumbnail\">\n\t\t\t\t\t\t\t<a\n\t\t\t\thref=\"https:\/\/www2.uepg.br\/iesol\/iesol-participa-do-1o-encontro-da-rede-de-incubadoras-universitarias-do-parana\/\"\n\t\t\t\t\t\t\t\t\t\tstyle=\"background-image: url( https:\/\/www2.uepg.br\/iesol\/wp-content\/uploads\/sites\/20\/2025\/03\/WhatsApp-Image-2025-03-21-at-12.45.00.jpeg )\"\n\t\t\t\t\taria-labelledby=\"sow-carousel-id-694\"\n\t\t\t\t\ttabindex=\"-1\"\n\t\t\t\t>\n\t\t\t\t\t<span class=\"overlay\"><\/span>\n\t\t\t\t<\/a>\n\t\t\t\t\t<\/div>\n\t\t<h3 class=\"sow-carousel-item-title\">\n\t\t\t<a\n\t\t\t\thref=\"https:\/\/www2.uepg.br\/iesol\/iesol-participa-do-1o-encontro-da-rede-de-incubadoras-universitarias-do-parana\/\"\n\t\t\t\tid=\"sow-carousel-id-694\"\n\t\t\t\t\t\t\t\ttabindex=\"-1\"\n\t\t\t>\n\n\t\t\t\tIESol participa do 1\u00ba Encontro da Rede de Incubadoras Universit\u00e1rias do Paran\u00e1\t\t\t<\/a>\n\t\t<\/h3>\n\t<\/div>\n\t<div class=\"sow-carousel-item\" tabindex=\"-1\" style=\"float: left;\">\n\t\t<div class=\"sow-carousel-thumbnail\">\n\t\t\t\t\t\t\t<a\n\t\t\t\thref=\"https:\/\/www2.uepg.br\/iesol\/a-especificidade-da-atuacao-do-servico-social-na-extensao-universitaria-experiencias-a-partir-dos-grupos-incubados-pela-incubadora-de-empreendimentos-solidarios-iesol-no-municipio-de-ponta-grossa\/\"\n\t\t\t\t\t\t\t\t\t\tstyle=\"background-image: url( https:\/\/www2.uepg.br\/iesol\/wp-content\/uploads\/sites\/20\/2024\/11\/Captura-de-tela-2024-11-27-104843.png )\"\n\t\t\t\t\taria-labelledby=\"sow-carousel-id-690\"\n\t\t\t\t\ttabindex=\"-1\"\n\t\t\t\t>\n\t\t\t\t\t<span class=\"overlay\"><\/span>\n\t\t\t\t<\/a>\n\t\t\t\t\t<\/div>\n\t\t<h3 class=\"sow-carousel-item-title\">\n\t\t\t<a\n\t\t\t\thref=\"https:\/\/www2.uepg.br\/iesol\/a-especificidade-da-atuacao-do-servico-social-na-extensao-universitaria-experiencias-a-partir-dos-grupos-incubados-pela-incubadora-de-empreendimentos-solidarios-iesol-no-municipio-de-ponta-grossa\/\"\n\t\t\t\tid=\"sow-carousel-id-690\"\n\t\t\t\t\t\t\t\ttabindex=\"-1\"\n\t\t\t>\n\n\t\t\t\tA ESPECIFICIDADE DA ATUA\u00c7\u00c3O DO SERVI\u00c7O SOCIAL NA EXTENS\u00c3O UNIVERSIT\u00c1RIA: experi\u00eancias a partir dos grupos incubados pela Incubadora de Empreendimentos Solid\u00e1rios (IESol) no munic\u00edpio de Ponta Grossa &#8211; PR\t\t\t<\/a>\n\t\t<\/h3>\n\t<\/div>\n\t<div class=\"sow-carousel-item\" tabindex=\"-1\" style=\"float: left;\">\n\t\t<div class=\"sow-carousel-thumbnail\">\n\t\t\t\t\t\t\t<a\n\t\t\t\thref=\"https:\/\/www2.uepg.br\/iesol\/o-papel-da-comunicacao-como-ferramenta-de-promocao-da-economia-solidaria-na-incubadora-de-empreendimentos-solidarios-iesol-no-municipio-de-ponta-grossa-pr\/\"\n\t\t\t\t\t\t\t\t\t\tstyle=\"background-image: url( https:\/\/www2.uepg.br\/iesol\/wp-content\/uploads\/sites\/20\/2024\/11\/MG_2376.jpeg )\"\n\t\t\t\t\taria-labelledby=\"sow-carousel-id-687\"\n\t\t\t\t\ttabindex=\"-1\"\n\t\t\t\t>\n\t\t\t\t\t<span class=\"overlay\"><\/span>\n\t\t\t\t<\/a>\n\t\t\t\t\t<\/div>\n\t\t<h3 class=\"sow-carousel-item-title\">\n\t\t\t<a\n\t\t\t\thref=\"https:\/\/www2.uepg.br\/iesol\/o-papel-da-comunicacao-como-ferramenta-de-promocao-da-economia-solidaria-na-incubadora-de-empreendimentos-solidarios-iesol-no-municipio-de-ponta-grossa-pr\/\"\n\t\t\t\tid=\"sow-carousel-id-687\"\n\t\t\t\t\t\t\t\ttabindex=\"-1\"\n\t\t\t>\n\n\t\t\t\tO papel da comunica\u00e7\u00e3o como ferramenta de promo\u00e7\u00e3o da economia solid\u00e1ria na Incubadora de Empreendimentos Solid\u00e1rios (IESol) no munic\u00edpio de Ponta Grossa &#8211; PR\t\t\t<\/a>\n\t\t<\/h3>\n\t<\/div>\n\t<div class=\"sow-carousel-item\" tabindex=\"-1\" style=\"float: left;\">\n\t\t<div class=\"sow-carousel-thumbnail\">\n\t\t\t\t\t\t\t<a\n\t\t\t\thref=\"https:\/\/www2.uepg.br\/iesol\/feiras-solidarias-aprendizados-e-trocas-de-experiencias\/\"\n\t\t\t\t\t\t\t\t\t\tstyle=\"background-image: url( https:\/\/www2.uepg.br\/iesol\/wp-content\/uploads\/sites\/20\/2024\/11\/DSC_0003.jpg )\"\n\t\t\t\t\taria-labelledby=\"sow-carousel-id-681\"\n\t\t\t\t\ttabindex=\"-1\"\n\t\t\t\t>\n\t\t\t\t\t<span class=\"overlay\"><\/span>\n\t\t\t\t<\/a>\n\t\t\t\t\t<\/div>\n\t\t<h3 class=\"sow-carousel-item-title\">\n\t\t\t<a\n\t\t\t\thref=\"https:\/\/www2.uepg.br\/iesol\/feiras-solidarias-aprendizados-e-trocas-de-experiencias\/\"\n\t\t\t\tid=\"sow-carousel-id-681\"\n\t\t\t\t\t\t\t\ttabindex=\"-1\"\n\t\t\t>\n\n\t\t\t\tFEIRAS SOLID\u00c1RIAS: aprendizados e trocas de experi\u00eancias\t\t\t<\/a>\n\t\t<\/h3>\n\t<\/div>\n\t<div class=\"sow-carousel-item\" tabindex=\"-1\" style=\"float: left;\">\n\t\t<div class=\"sow-carousel-thumbnail\">\n\t\t\t\t\t\t\t<a\n\t\t\t\thref=\"https:\/\/www2.uepg.br\/iesol\/as-potencialidades-da-economia-solidaria-na-participacao-social-no-centro-de-atencao-psicossocial-alcool-e-outras-drogas-caps-ad-no-municipio-de-ponta-grossa-pr\/\"\n\t\t\t\t\t\t\t\t\t\tstyle=\"background-image: url( https:\/\/www2.uepg.br\/iesol\/wp-content\/uploads\/sites\/20\/2024\/10\/lOGO-artesol.jpg )\"\n\t\t\t\t\taria-labelledby=\"sow-carousel-id-679\"\n\t\t\t\t\ttabindex=\"-1\"\n\t\t\t\t>\n\t\t\t\t\t<span class=\"overlay\"><\/span>\n\t\t\t\t<\/a>\n\t\t\t\t\t<\/div>\n\t\t<h3 class=\"sow-carousel-item-title\">\n\t\t\t<a\n\t\t\t\thref=\"https:\/\/www2.uepg.br\/iesol\/as-potencialidades-da-economia-solidaria-na-participacao-social-no-centro-de-atencao-psicossocial-alcool-e-outras-drogas-caps-ad-no-municipio-de-ponta-grossa-pr\/\"\n\t\t\t\tid=\"sow-carousel-id-679\"\n\t\t\t\t\t\t\t\ttabindex=\"-1\"\n\t\t\t>\n\n\t\t\t\tAS POTENCIALIDADES DA ECONOMIA SOLID\u00c1RIA NA PARTICIPA\u00c7\u00c3O SOCIAL NO CENTRO DE ATEN\u00c7\u00c3O PSICOSSOCIAL \u00c1LCOOL E OUTRAS DROGAS (CAPS-AD) NO MUNIC\u00cdPIO DE PONTA GROSSA\/PR\t\t\t<\/a>\n\t\t<\/h3>\n\t<\/div>\n\t<div class=\"sow-carousel-item\" tabindex=\"-1\" style=\"float: left;\">\n\t\t<div class=\"sow-carousel-thumbnail\">\n\t\t\t\t\t\t\t<a\n\t\t\t\thref=\"https:\/\/www2.uepg.br\/iesol\/economia-solidaria-e-agroecologia-fomento-a-redes-e-grupos-de-consumo-de-alimentos-agroecologicos-em-ponta-grossa\/\"\n\t\t\t\t\t\t\t\t\t\tstyle=\"background-image: url( https:\/\/www2.uepg.br\/iesol\/wp-content\/uploads\/sites\/20\/2024\/11\/Captura-de-tela-2024-11-27-101550.png )\"\n\t\t\t\t\taria-labelledby=\"sow-carousel-id-676\"\n\t\t\t\t\ttabindex=\"-1\"\n\t\t\t\t>\n\t\t\t\t\t<span class=\"overlay\"><\/span>\n\t\t\t\t<\/a>\n\t\t\t\t\t<\/div>\n\t\t<h3 class=\"sow-carousel-item-title\">\n\t\t\t<a\n\t\t\t\thref=\"https:\/\/www2.uepg.br\/iesol\/economia-solidaria-e-agroecologia-fomento-a-redes-e-grupos-de-consumo-de-alimentos-agroecologicos-em-ponta-grossa\/\"\n\t\t\t\tid=\"sow-carousel-id-676\"\n\t\t\t\t\t\t\t\ttabindex=\"-1\"\n\t\t\t>\n\n\t\t\t\tECONOMIA SOLID\u00c1RIA E AGROECOLOGIA: Fomento a Redes e Grupos de Consumo de Alimentos Agroecol\u00f3gicos em Ponta Grossa\t\t\t<\/a>\n\t\t<\/h3>\n\t<\/div>\n\t<div class=\"sow-carousel-item\" tabindex=\"-1\" style=\"float: left;\">\n\t\t<div class=\"sow-carousel-thumbnail\">\n\t\t\t\t\t\t\t<a\n\t\t\t\thref=\"https:\/\/www2.uepg.br\/iesol\/iesol-aprova-quatro-projetos-de-extensao-com-o-objetivo-de-gerar-sustentabilidade\/\"\n\t\t\t\t\t\t\t\t\t\tstyle=\"background-image: url( https:\/\/www2.uepg.br\/iesol\/wp-content\/uploads\/sites\/20\/2024\/10\/IMG_6331.jpg )\"\n\t\t\t\t\taria-labelledby=\"sow-carousel-id-669\"\n\t\t\t\t\ttabindex=\"-1\"\n\t\t\t\t>\n\t\t\t\t\t<span class=\"overlay\"><\/span>\n\t\t\t\t<\/a>\n\t\t\t\t\t<\/div>\n\t\t<h3 class=\"sow-carousel-item-title\">\n\t\t\t<a\n\t\t\t\thref=\"https:\/\/www2.uepg.br\/iesol\/iesol-aprova-quatro-projetos-de-extensao-com-o-objetivo-de-gerar-sustentabilidade\/\"\n\t\t\t\tid=\"sow-carousel-id-669\"\n\t\t\t\t\t\t\t\ttabindex=\"-1\"\n\t\t\t>\n\n\t\t\t\tIESol aprova quatro projetos de extens\u00e3o com o objetivo de gerar sustentabilidade\t\t\t<\/a>\n\t\t<\/h3>\n\t<\/div>\n\t\t<\/div>\n\t\t\t<\/div>\n\n\t<\/div>\n\t\t<input type=\"hidden\" name=\"instance_hash\" value=\"4586f217\"\/>\n\t<\/div>\n<\/div><\/div><\/div><\/div><div id=\"pg-6-1\"  class=\"panel-grid panel-no-style\" ><div id=\"pgc-6-1-0\"  class=\"panel-grid-cell\" ><div id=\"panel-6-1-0-0\" class=\"so-panel widget widget_sow-editor panel-first-child panel-last-child\" data-index=\"1\" ><div id=\"quem-somos\" class=\"panel-widget-style panel-widget-style-for-6-1-0-0\" ><div\n\t\t\t\n\t\t\tclass=\"so-widget-sow-editor so-widget-sow-editor-base\"\n\t\t\t\n\t\t>\n<div class=\"siteorigin-widget-tinymce textwidget\">\n\t<hr \/>\n<h3 style=\"text-align: center\"><strong>Quem Somos?<\/strong><\/h3>\n<p>&nbsp;<\/p>\n<p><span style=\"font-weight: 400\">A Incubadora de Empreendimentos Solid\u00e1rios (IESol) \u00e9 um programa de extens\u00e3o da Universidade Estadual de Ponta Grossa (UEPG) criado em 2005, com o objetivo de fomentar, organizar e consolidar Empreendimentos Econ\u00f4micos Solid\u00e1rios (EES) na regi\u00e3o de Ponta Grossa e dos Campos Gerais. Atualmente, a IESol trabalha com empreendimentos voltados para o artesanato,\u00a0 alimenta\u00e7\u00e3o, agricultores familiares, entre outros.<\/span><\/p>\n<p>&nbsp;<\/p>\n<p><span style=\"font-weight: 400\">O compromisso \u00e9 contribuir com a constitui\u00e7\u00e3o e consolida\u00e7\u00e3o da Economia Solid\u00e1ria (ECOSOL), ao promover princ\u00edpios como autogest\u00e3o, coopera\u00e7\u00e3o, valoriza\u00e7\u00e3o dos saberes locais, sustentabilidade, al\u00e9m da gera\u00e7\u00e3o de trabalho e renda a partir da organiza\u00e7\u00e3o coletiva dos trabalhadores. O foco \u00e9 a valoriza\u00e7\u00e3o do ser humano acima do lucro.<\/span><\/p>\n<p>&nbsp;<\/p>\n<p><span style=\"font-weight: 400\">O Programa constitui-se de equipes interdisciplinares de trabalho formadas por professores(as), funcion\u00e1rios(as), estagi\u00e1rios(as), extensionistas bolsistas e volunt\u00e1rios(as). Al\u00e9m disso, auxilia na forma\u00e7\u00e3o humana e profissional dos estudantes de gradua\u00e7\u00e3o, p\u00f3s-gradua\u00e7\u00e3o, egressos e volunt\u00e1rios, no di\u00e1logo entre universidade e comunidade.<\/span><\/p>\n<p>&nbsp;<\/p>\n<p><span style=\"font-weight: 400\">Atua de forma articulada com diferentes equipamentos e institui\u00e7\u00f5es, desenvolvendo a\u00e7\u00f5es de forma\u00e7\u00e3o e apoio por meio de oficinas e atividades educativas. Nesse sentido, trabalha em parceria com Escolas, Centros de Refer\u00eancia de Assist\u00eancia Social (CRAS), Centros de Aten\u00e7\u00e3o Psicossocial (CAPS), gestores p\u00fablicos, associa\u00e7\u00f5es de reciclagem, associa\u00e7\u00f5es de moradores, institui\u00e7\u00f5es de ensino superior e organiza\u00e7\u00f5es n\u00e3o governamentais (ONGs), contribuindo para o fortalecimento comunit\u00e1rio e o desenvolvimento social.<\/span><\/p>\n<\/div>\n<\/div><\/div><\/div><\/div><\/div><\/div>","protected":false},"excerpt":{"rendered":"<p>Quem Somos? &nbsp; A Incubadora de Empreendimentos Solid\u00e1rios (IESol) \u00e9 um programa de extens\u00e3o da Universidade Estadual de Ponta Grossa (UEPG) criado em 2005, com o objetivo de fomentar, organizar e consolidar Empreendimentos Econ\u00f4micos Solid\u00e1rios (EES) na regi\u00e3o de Ponta Grossa e dos Campos Gerais. Atualmente, a IESol trabalha com empreendimentos voltados para o artesanato,\u00a0&nbsp;&hellip;<\/p>\n","protected":false},"author":24,"featured_media":0,"parent":0,"menu_order":0,"comment_status":"closed","ping_status":"closed","template":"","meta":[],"_links":{"self":[{"href":"https:\/\/www2.uepg.br\/iesol\/wp-json\/wp\/v2\/pages\/6"}],"collection":[{"href":"https:\/\/www2.uepg.br\/iesol\/wp-json\/wp\/v2\/pages"}],"about":[{"href":"https:\/\/www2.uepg.br\/iesol\/wp-json\/wp\/v2\/types\/page"}],"author":[{"embeddable":true,"href":"https:\/\/www2.uepg.br\/iesol\/wp-json\/wp\/v2\/users\/24"}],"replies":[{"embeddable":true,"href":"https:\/\/www2.uepg.br\/iesol\/wp-json\/wp\/v2\/comments?post=6"}],"version-history":[{"count":13,"href":"https:\/\/www2.uepg.br\/iesol\/wp-json\/wp\/v2\/pages\/6\/revisions"}],"predecessor-version":[{"id":766,"href":"https:\/\/www2.uepg.br\/iesol\/wp-json\/wp\/v2\/pages\/6\/revisions\/766"}],"wp:attachment":[{"href":"https:\/\/www2.uepg.br\/iesol\/wp-json\/wp\/v2\/media?parent=6"}],"curies":[{"name":"wp","href":"https:\/\/api.w.org\/{rel}","templated":true}]}}