{"id":1001,"date":"2022-10-02T08:28:38","date_gmt":"2022-10-02T11:28:38","guid":{"rendered":"https:\/\/www2.uepg.br\/jogosdaprimavera\/?page_id=1001"},"modified":"2025-08-11T21:44:43","modified_gmt":"2025-08-12T00:44:43","slug":"1001-2","status":"publish","type":"page","link":"https:\/\/www2.uepg.br\/jogosdaprimavera\/1001-2\/","title":{"rendered":"Resultados anos anteriores"},"content":{"rendered":"<h2 style=\"text-align: center\">2024<\/h2>\n<p style=\"text-align: left\"><a href=\"https:\/\/www2.uepg.br\/jogosdaprimavera\/1001-2\/classificacao-geral-jep-2024\/\" rel=\"attachment wp-att-1699\">CLASSIFICA\u00c7\u00c3O GERAL &#8211; JEP 2024<\/a> <a href=\"https:\/\/www2.uepg.br\/jogosdaprimavera\/1001-2\/resultados-jep\/\" rel=\"attachment wp-att-1700\">RESULTADOS JEP<\/a><\/p>\n<h2 style=\"text-align: center\"><a href=\"https:\/\/www2.uepg.br\/jogosdaprimavera\/1001-2\/resultados-jep\/\" rel=\"attachment wp-att-1700\">RESULTADOS JEP<\/a><\/h2>\n<p style=\"text-align: left\"><a href=\"https:\/\/www2.uepg.br\/jogosdaprimavera\/1001-2\/relatorio-geral-de-competicao-69-jep-2024\/\" rel=\"attachment wp-att-1702\">RELAT\u00d3RIO GERAL DE COMPETI\u00c7\u00c3O 69\u00b0 JEP 2024<\/a><\/p>\n<h2 style=\"text-align: center\">2022<\/h2>\n<h2 style=\"text-align: center\"><a href=\"http:\/\/www2.uepg.br\/jogosdaprimavera\/wp-content\/uploads\/sites\/36\/2022\/10\/CLASSIFICACAO-GERAL-JEP-2022-atual.pdf\">CLASSIFICA\u00c7\u00c3O GERAL 67\u00ba JEP<\/a><\/h2>\n<h3 style=\"text-align: center\">COLETIVAS<\/h3>\n<p><a href=\"http:\/\/www2.uepg.br\/jogosdaprimavera\/wp-content\/uploads\/sites\/36\/2022\/10\/BOLETIM-INFORMATIVO-DIA-NOVE.pdf\">BOLETIM DE RESULTADOS DIA 9<\/a>\u00a0&#8211; 09\/10\/2022<\/p>\n<p><a href=\"http:\/\/www2.uepg.br\/jogosdaprimavera\/wp-content\/uploads\/sites\/36\/2022\/10\/BOLETIM-DE-RESULTADOSDIA-08-10-2022.pdf\">BOLETIM DE RESULTADOS DIA 8<\/a>\u00a0&#8211; 08\/10\/2022<\/p>\n<p><a href=\"http:\/\/www2.uepg.br\/jogosdaprimavera\/wp-content\/uploads\/sites\/36\/2022\/10\/BOLETIM-DE-RESULTADOS-DIA-7.pdf\">BOLETIM DE RESULTADOS DIA 7<\/a>\u00a0&#8211; 07\/10\/2022<\/p>\n<p><a href=\"http:\/\/www2.uepg.br\/jogosdaprimavera\/wp-content\/uploads\/sites\/36\/2022\/10\/BOLETIM-INFORMATIVO-DIA-6.pdf\">BOLETIM DE RESULTADOS DIA 6<\/a>\u00a0&#8211; 06\/10\/2022<\/p>\n<p><a href=\"http:\/\/www2.uepg.br\/jogosdaprimavera\/wp-content\/uploads\/sites\/36\/2022\/10\/BOLETIM-INFORMATIVO-DIA-CINCO.pdf\">BOLETIM DE RESULTADOS DIA 5<\/a>\u00a0 &#8211; 05\/10\/2022<\/p>\n<p><a href=\"http:\/\/www2.uepg.br\/jogosdaprimavera\/wp-content\/uploads\/sites\/36\/2022\/10\/BOLETIM-DE-RESULTADOS-DIA-4.pdf\">BOLETIM DE RESULTADOS DIA 4<\/a> &#8211; 04\/10\/2022<\/p>\n<p><a href=\"http:\/\/www2.uepg.br\/jogosdaprimavera\/wp-content\/uploads\/sites\/36\/2022\/10\/BOLETIM-INFORMATIVO-DIA-3.pdf\">BOLETIM DE RESULTADOS DIA 3<\/a> &#8211; 03\/10\/2022<\/p>\n<p><a href=\"http:\/\/www2.uepg.br\/jogosdaprimavera\/wp-content\/uploads\/sites\/36\/2022\/10\/BOLETIM-DE-RESULTADOS-DIA-1-1.pdf\">BOLETIM DE RESULTADOS DIA 1<\/a> &#8211; 01\/10\/2022<\/p>\n<p>&nbsp;<\/p>\n<p>&nbsp;<\/p>\n<h3 style=\"text-align: center\">INDIVIDUAIS<\/h3>\n<p>&nbsp;<\/p>\n<p><a href=\"http:\/\/www2.uepg.br\/jogosdaprimavera\/wp-content\/uploads\/sites\/36\/2022\/10\/BOLETIM-DE-RESULTADOS-ATLETISMO.pdf\">BOLETIM DE RESULTADOS &#8211; ATLETISMO<\/a><\/p>\n<p><a href=\"http:\/\/www2.uepg.br\/jogosdaprimavera\/wp-content\/uploads\/sites\/36\/2022\/10\/JOGOS-DA-PRIMAVERA-2022-BADMINTON.pdf\">JOGOS DA PRIMAVERA &#8211; BADMINTON<\/a><\/p>\n<p><a href=\"http:\/\/www2.uepg.br\/jogosdaprimavera\/wp-content\/uploads\/sites\/36\/2022\/10\/BOLETIM-DE-RESULTADOS-Basquete-3x3-1.pdf\">BOLETIM DE RESULTADOS &#8211; BASQUERTE3x3<\/a><\/p>\n<p><a href=\"http:\/\/www2.uepg.br\/jogosdaprimavera\/wp-content\/uploads\/sites\/36\/2022\/10\/BOLETIM-RESULTADOS-CLASH-ROYALE-atu.pdf\">BOLETIM RESULTADOS &#8211; CLASH ROYALE<\/a><\/p>\n<p><a href=\"http:\/\/www2.uepg.br\/jogosdaprimavera\/wp-content\/uploads\/sites\/36\/2022\/10\/BOLETIM-DE-RESULTADOS-CICLISMO.pdf\">BOLETIM DE RESULTADOS &#8211; CICLISMO<\/a><\/p>\n<p><a href=\"http:\/\/www2.uepg.br\/jogosdaprimavera\/wp-content\/uploads\/sites\/36\/2022\/10\/BOLETIM-RESULTADOS-FIFA.pdf\">BOLETIM RESULTADOS &#8211; FIFA<\/a><\/p>\n<p><a href=\"http:\/\/www2.uepg.br\/jogosdaprimavera\/wp-content\/uploads\/sites\/36\/2022\/10\/BOLETIM-DE-RESULTADOS-JUDO-retificado.pdf\">BOLETIM DE RESULTADOS &#8211; JUDO\u00a0<\/a><\/p>\n<p><a href=\"https:\/\/www.novo.swimtimebrasil.com\/eventos\/0d09ca62-fbaa-4be8-965e-822f51325959\">BOLETIM DE RESULTADOS &#8211; NATA\u00c7\u00c3O<\/a><\/p>\n<p><a href=\"http:\/\/www2.uepg.br\/jogosdaprimavera\/wp-content\/uploads\/sites\/36\/2022\/10\/BOLETIM-DE-RESULTADOS-SKATE.pdf\">BOLETIM DE RESULTADOS &#8211; SKATE<\/a><\/p>\n<p><a href=\"http:\/\/www2.uepg.br\/jogosdaprimavera\/wp-content\/uploads\/sites\/36\/2022\/10\/JEPS-2022-RESULTADOS-TENIS-DE-MESA.pdf\">JEPS 2022 RESULTADOS T\u00caNIS DE MESA<\/a><\/p>\n<p><a href=\"http:\/\/www2.uepg.br\/jogosdaprimavera\/wp-content\/uploads\/sites\/36\/2022\/10\/BOLETIM-DE-RESULTADOS-VOLEI-DE-AREIA-1.pdf\">BOLETIM DE RESULTADOS &#8211; VOLEI DE AREIA<\/a><\/p>\n<p><a href=\"http:\/\/www2.uepg.br\/jogosdaprimavera\/wp-content\/uploads\/sites\/36\/2022\/10\/BOLETIM-DE-RESULTADOS-XADREZ.pdf\">BOLETIM DE RESULTADOS &#8211; XADREZ<\/a><\/p>\n<p>&nbsp;<\/p>\n<h3><\/h3>\n<h3 style=\"text-align: center\">2021<\/h3>\n<h3><a href=\"http:\/\/www2.uepg.br\/jogosdaprimavera\/wp-content\/uploads\/sites\/36\/2021\/10\/BOLETIM-CLASSIFICACAO-GERAL.pdf\">BOLETIM \u2013 CLASSIFICA\u00c7\u00c3O GERAL<\/a><\/h3>\n<p>&nbsp;<\/p>\n<p><a href=\"http:\/\/www2.uepg.br\/jogosdaprimavera\/wp-content\/uploads\/sites\/36\/2021\/10\/BOLETIM-DE-RESULTADOS-XADREZ.pdf\">BOLETIM DE RESULTADOS<\/a>\u2013 XADREZ<\/p>\n<p><a href=\"http:\/\/www2.uepg.br\/jogosdaprimavera\/wp-content\/uploads\/sites\/36\/2021\/10\/BOLETIM-DE-RESULTADOS-CORRIDA-RUSTICA.pdf\">BOLETIM DE RESULTADOS<\/a>\u00a0\u2013 CORRIDA R\u00daSTICA<\/p>\n<p><a href=\"http:\/\/www2.uepg.br\/jogosdaprimavera\/wp-content\/uploads\/sites\/36\/2021\/10\/BOLETIM-DE-RESULTADOS-ARTILHEIRO.pdf\">BOLETIM DE RESULTADOS\u00a0<\/a>\u2013 ARTILHEIRO 2X2<\/p>\n<p><a href=\"http:\/\/www2.uepg.br\/jogosdaprimavera\/wp-content\/uploads\/sites\/36\/2021\/10\/BOLETIM-DE-RESULTADOS-BADMINTON.pdf\">BOLETIM DE RESULTADOS<\/a>\u00a0\u2013 BADMINTON<\/p>\n<p><a href=\"http:\/\/www2.uepg.br\/jogosdaprimavera\/wp-content\/uploads\/sites\/36\/2021\/10\/BOLETIM-DE-RESULTADOS-DESAFIO-DE-HABILIDADES-BASQUETEBOL.pdf\">BOLETIM DE RESULTADOS<\/a>\u00a0\u2013 DESAFIO DE HABILIDADES BASQUETEBOL<\/p>\n<p><a href=\"http:\/\/www2.uepg.br\/jogosdaprimavera\/wp-content\/uploads\/sites\/36\/2021\/10\/BOLETIM-DE-RESULTADOS-No-7.pdf\">BOLETIM DE RESULTADOS N\u00ba 07<\/a>\u00a0\u2013 01\/10\/2021<\/p>\n<p><a href=\"http:\/\/www2.uepg.br\/jogosdaprimavera\/wp-content\/uploads\/sites\/36\/2021\/09\/BOLETIM-DE-RESULTADOS-No-6.pdf\">BOLETIM DE RESULTADOS N\u00ba 06<\/a>\u00a0\u2013 30\/09\/2021<\/p>\n<p><a href=\"http:\/\/www2.uepg.br\/jogosdaprimavera\/wp-content\/uploads\/sites\/36\/2021\/09\/BOLETIM-DE-RESULTADOS-No-5.pdf\">BOLETIM DE RESULTADOS N\u00ba 05<\/a>\u00a0\u2013 29\/09\/2021<\/p>\n<p><a href=\"http:\/\/www2.uepg.br\/jogosdaprimavera\/wp-content\/uploads\/sites\/36\/2021\/09\/BOLETIM-DE-RESULTADOS-No-4.pdf\">BOLETIM DE RESULTADOS N\u00ba 04<\/a>\u00a0\u2013 28\/09\/2021<\/p>\n<p><a href=\"http:\/\/www2.uepg.br\/jogosdaprimavera\/wp-content\/uploads\/sites\/36\/2021\/09\/BOLETIM-DE-RESULTADOS-N-3.pdf\">BOLETIM DE RESULTADOS N\u00ba 03<\/a>\u00a0\u2013 27\/09\/2021<\/p>\n<p><a href=\"http:\/\/www2.uepg.br\/jogosdaprimavera\/wp-content\/uploads\/sites\/36\/2021\/09\/BOLETIM-02.pdf\">BOLETIM DE RESULTADOS N\u00ba 02<\/a>\u00a0\u2013 25\/09\/2021<\/p>\n<p><a href=\"http:\/\/www2.uepg.br\/jogosdaprimavera\/wp-content\/uploads\/sites\/36\/2021\/09\/BOLETIM-01.pdf\">BOLETIM DE RESULTADOS N\u00ba 01<\/a>\u00a0\u2013 24\/09\/2021<\/p>\n<p>&nbsp;<\/p>\n<h3 style=\"text-align: center\">2020<\/h3>\n<h3><a href=\"http:\/\/www2.uepg.br\/jogosdaprimavera\/wp-content\/uploads\/sites\/36\/2020\/11\/Boletim-Informativo-Classificacao-final-por-grupo-e-modalidade-1.pdf\">CLASSIFICA\u00c7\u00c3O FINAL JEP 2020<\/a><\/h3>\n<h4><\/h4>\n<p>&nbsp;<\/p>\n<h4>Boletins de Resultados 2020<\/h4>\n<p><a href=\"http:\/\/www2.uepg.br\/jogosdaprimavera\/wp-content\/uploads\/sites\/36\/2020\/11\/BOLETIM-DE-RESULTADO-no-7.pdf\">BOLETIM DE RESULTADO n\u00ba 7<\/a>\u00a0\u2013 22\/11\/2020<\/p>\n<p><a href=\"http:\/\/www2.uepg.br\/jogosdaprimavera\/wp-content\/uploads\/sites\/36\/2020\/11\/BOLETIM-DE-RESULTADO-no-6.pdf\">BOLETIM DE RESULTADO n\u00ba 6<\/a>\u00a0\u2013 21\/11\/2020<\/p>\n<p><a href=\"http:\/\/www2.uepg.br\/jogosdaprimavera\/wp-content\/uploads\/sites\/36\/2020\/11\/BOLETIM-DE-RESULTADO-no-5.pdf\">BOLETIM DE RESULTADO n\u00ba 5<\/a>\u00a0\u2013 20\/11\/2020<\/p>\n<p><a href=\"http:\/\/www2.uepg.br\/jogosdaprimavera\/wp-content\/uploads\/sites\/36\/2020\/11\/BOLETIM-DE-RESULTADO-no-4.pdf\">BOLETIM DE RESULTADO n\u00ba 4<\/a>\u00a0\u2013 19\/11\/2020<\/p>\n<p><a href=\"http:\/\/www2.uepg.br\/jogosdaprimavera\/wp-content\/uploads\/sites\/36\/2020\/11\/BOLETIM-DE-RESULTADO-no-3.pdf\">BOLETIM DE RESULTADO n\u00ba 3<\/a>\u00a0\u2013 18\/11\/2020<\/p>\n<p><a href=\"http:\/\/www2.uepg.br\/jogosdaprimavera\/wp-content\/uploads\/sites\/36\/2020\/11\/BOLETIM-DE-RESULTADO-no-2.pdf\">BOLETIM DE RESULTADO n\u00ba 2<\/a>\u00a0\u2013 17\/11\/2020<\/p>\n<p><a href=\"http:\/\/www2.uepg.br\/jogosdaprimavera\/wp-content\/uploads\/sites\/36\/2020\/11\/BOLETIM-DE-RESULTADO-no-1-1.pdf\">BOLETIM DE RESULTADO n\u00ba 1<\/a>\u00a0\u2013 16\/11\/2020<\/p>\n<h4><\/h4>\n<h3 style=\"text-align: center\">2019<\/h3>\n<h4><a href=\"http:\/\/www2.uepg.br\/jogosdaprimavera\/wp-content\/uploads\/sites\/36\/2019\/10\/CLASSIFICA%C3%87%C3%83O-FINAL-2.pdf\">CLASSIFICA\u00c7\u00c3O FINAL JEP 2019<\/a><\/h4>\n<p>&nbsp;<\/p>\n<h4>Boletins de Resultados 2019<\/h4>\n<p><a href=\"http:\/\/www2.uepg.br\/jogosdaprimavera\/wp-content\/uploads\/sites\/36\/2019\/10\/RESULTADO-COMPETI%C3%87%C3%83O-DAN%C3%87A.pdf\">BOLETIM DE RESULTADO \u2013 MODALIDADE DAN\u00c7A<\/a><\/p>\n<p><a href=\"http:\/\/www2.uepg.br\/jogosdaprimavera\/wp-content\/uploads\/sites\/36\/2019\/10\/BOLETIM-DE-RESULTADOS-EGAMES-FIFA-1.pdf\">BOLETIM DE RESULTADOS \u2013 MODALIDADE E-GAMES<\/a><\/p>\n<p><a href=\"http:\/\/www2.uepg.br\/jogosdaprimavera\/wp-content\/uploads\/sites\/36\/2019\/10\/BOLETIM-DE-RESULTADOS-CORRIDA-R%C3%9ASTICA.pdf\">BOLETIM DE RESULTADOS \u2013 MODALIDADE CORRIDA R\u00daSTICA<\/a><\/p>\n<p><a href=\"http:\/\/www2.uepg.br\/jogosdaprimavera\/wp-content\/uploads\/sites\/36\/2019\/10\/BOLETIM-DE-RESULTADOS-BADMINTON.pdf\">BOLETIM DE RESULTADOS \u2013 MODALIDADE BADMINTON<\/a><\/p>\n<p><a href=\"http:\/\/www2.uepg.br\/jogosdaprimavera\/wp-content\/uploads\/sites\/36\/2019\/10\/ERRATA-CLASSIFICA%C3%87%C3%83O-JUD%C3%94-1.pdf\">ERRATA CLASSIFICA\u00c7\u00c3O JUD\u00d4<\/a><\/p>\n<p><a href=\"http:\/\/www2.uepg.br\/jogosdaprimavera\/wp-content\/uploads\/sites\/36\/2019\/10\/BOLETIM-DE-RESULTADOS-TENIS-DE-MESA.pdf\">BOLETIM DE RESULTADOS\u00a0 \u2013 MODALIDADE: T\u00caNIS DE MESA<\/a><\/p>\n<p><a href=\"http:\/\/www2.uepg.br\/jogosdaprimavera\/wp-content\/uploads\/sites\/36\/2019\/10\/BOLETIM-DE-RESULTADOS-04.10.pdf\">BOLETIM DE RESULTADOS N\u00ba 7<\/a><\/p>\n<p><a href=\"http:\/\/www2.uepg.br\/jogosdaprimavera\/wp-content\/uploads\/sites\/36\/2019\/10\/BOLETIM-DE-RESULTADOS-VOLEI-4x4.pdf\">BOLETIM DE RESULTADOS: MODALIDADE V\u00d4LEI 4\u00d74<\/a><\/p>\n<p><a href=\"http:\/\/www2.uepg.br\/jogosdaprimavera\/wp-content\/uploads\/sites\/36\/2019\/10\/BOLETIM-DE-RESULTADOS-VOLEI-DE-PRAIA.pdf\">BOLETIM DE RESULTADOS: MODALIDADE V\u00d4LEI DE PRAIA<\/a><\/p>\n<p><a href=\"http:\/\/www2.uepg.br\/jogosdaprimavera\/wp-content\/uploads\/sites\/36\/2019\/10\/BOLETIM-NATACAO.docx.pdf\">BOLETIM DE RESULTADOS: MODALIDADE NATA\u00c7\u00c3O<\/a><\/p>\n<p><a href=\"http:\/\/www2.uepg.br\/jogosdaprimavera\/wp-content\/uploads\/sites\/36\/2019\/10\/BOLETIM-JUDO-TRIATLON-XADREZ.pdf\">BOLETIM DE RESULTADOS: MODALIDADES JUDO, TRIATLON E\u00a0 XADREZ<\/a><\/p>\n<p><a href=\"http:\/\/www2.uepg.br\/jogosdaprimavera\/wp-content\/uploads\/sites\/36\/2019\/10\/BOLETIM-ATLETISMO.pdf\">BOLETIM DE RESULTADOS: MODALIDADE ATLETISMO<\/a><\/p>\n<p><a href=\"http:\/\/www2.uepg.br\/jogosdaprimavera\/wp-content\/uploads\/sites\/36\/2019\/10\/BOLETIM-DE-RESULTADOS-N%C2%BA8.pdf\">BOLETIM DE RESULTADOS N\u00ba6<\/a>\u00a0\u2013 03\/10\/2019<\/p>\n<p><a href=\"http:\/\/www2.uepg.br\/jogosdaprimavera\/wp-content\/uploads\/sites\/36\/2019\/10\/BOLETIM-DE-RESULTADOS-BASQUETE-3X3.pdf\">BOLETIM DE RESULTADOS \u2013 MODALIDADE BASQUETE 3X3<\/a><\/p>\n<p><a href=\"http:\/\/www2.uepg.br\/jogosdaprimavera\/wp-content\/uploads\/sites\/36\/2019\/10\/BOLETIM-INFORMATIVO-N%C2%BA5.pdf\">BOLETIM DE RESULTADOS N\u00ba5<\/a>\u00a0\u2013 02\/10\/2019<\/p>\n<p><a href=\"http:\/\/www2.uepg.br\/jogosdaprimavera\/wp-content\/uploads\/sites\/36\/2019\/10\/BOLETIM-DE-RESULTADOS-N%C2%BA4-2.pdf\">BOLETIM DE RESULTADOS N\u00ba4<\/a>\u2013 01\/10\/2019<\/p>\n<p><a href=\"http:\/\/www2.uepg.br\/jogosdaprimavera\/wp-content\/uploads\/sites\/36\/2019\/10\/BOLETIM-DE-RESULTADOS-N%C2%BA3-1.pdf\">BOLETIM DE RESULTADOS N\u00ba3<\/a>\u00a0\u2013 30\/09\/2019<\/p>\n<p><a href=\"http:\/\/www2.uepg.br\/jogosdaprimavera\/wp-content\/uploads\/sites\/36\/2019\/09\/BOLETIM-DE-RESULTADOS-N%C2%BA2.pdf\">BOLETIM DE RESULTADOS N\u00ba2<\/a>\u2013 29\/09\/2019<\/p>\n<p><a href=\"http:\/\/www2.uepg.br\/jogosdaprimavera\/wp-content\/uploads\/sites\/36\/2019\/09\/BOLETIM-DE-RESULTADOS-N%C2%BA1.pdf\">BOLETIM DE RESULTADOS N\u00ba1<\/a>\u00a0\u2013 28\/09\/2019<\/p>\n<h4><\/h4>\n<h3 style=\"text-align: center\">2018<\/h3>\n<h4>Boletins de Resultados 2018<\/h4>\n<p><a href=\"http:\/\/www2.uepg.br\/jogosdaprimavera\/wp-content\/uploads\/sites\/36\/2019\/09\/BOLETIM-DE-PROGRAMA%C3%87%C3%83O-N%C2%BA-1-1.pdf\" target=\"_blank\" rel=\"noopener noreferrer\">BOLETIM DE PROGRAMA\u00c7\u00c3O N\u00ba 1<\/a><\/p>\n<p><a href=\"http:\/\/www2.uepg.br\/jogosdaprimavera\/wp-content\/uploads\/sites\/36\/2019\/09\/BOLETIM-INFORMATIVO-N%C2%BA-2-1.pdf\" target=\"_blank\" rel=\"noopener noreferrer\">BOLETIM INFORMATIVO N\u00ba 2<\/a><\/p>\n<p><strong>CLASSIFICA\u00c7\u00c3O GERAL\u00a0<\/strong><\/p>\n<p><a href=\"http:\/\/www2.uepg.br\/jogosdaprimavera\/wp-content\/uploads\/sites\/36\/2019\/09\/CLASSIFICA%C3%87%C3%83O-GERAL-1.pdf\" target=\"_blank\" rel=\"noopener noreferrer\">CLASSIFICA\u00c7\u00c3O GERAL (23\/09\/2018)<\/a><\/p>\n<p>&nbsp;<\/p>\n<p><strong>Resultados 63\u00b0 JEPs \u2013 2018 (Modalidades individuais)<\/strong><\/p>\n<p><a href=\"http:\/\/www2.uepg.br\/jogosdaprimavera\/wp-content\/uploads\/sites\/36\/2019\/09\/BOLETIM-DE-RESULTADOS-ATLETISMO-GRUPO-I.pdf\" target=\"_blank\" rel=\"noopener noreferrer\">BOLETIM DE RESULTADOS ATLETISMO GRUPO I<\/a><\/p>\n<p><a href=\"http:\/\/www2.uepg.br\/jogosdaprimavera\/wp-content\/uploads\/sites\/36\/2019\/09\/BOLETIM-DE-RESULTADOS-ATLETISMO-GRUPO-I-GERAL.pdf\" target=\"_blank\" rel=\"noopener noreferrer\">BOLETIM DE RESULTADOS ATLETISMO GRUPO I GERAL<\/a><\/p>\n<p><a href=\"http:\/\/www2.uepg.br\/jogosdaprimavera\/wp-content\/uploads\/sites\/36\/2019\/09\/ATLETISMO-PDF-1.pdf\" target=\"_blank\" rel=\"noopener noreferrer\">BOLETIM DE RESULTADOS ATLETISMO GRUPO II<\/a>\u00a0 \u2013 (INDIVIDUAL E GERAL)<\/p>\n<p><a href=\"http:\/\/www2.uepg.br\/jogosdaprimavera\/wp-content\/uploads\/sites\/36\/2019\/09\/Quadro-Class-Final-Volei-de-Praia-GRUPO-1-JEPs-2018-1-1.pdf\" target=\"_blank\" rel=\"noopener noreferrer\">Quadro Class Final V\u00f4lei de Praia GRUPO 1 \u2013 JEPs 2018<\/a><\/p>\n<p><a href=\"http:\/\/www2.uepg.br\/jogosdaprimavera\/wp-content\/uploads\/sites\/36\/2019\/09\/Quadro-Class-Final-Volei-de-Praia-GRUPO-2-_-JEPs-2018-1-1.pdf\" target=\"_blank\" rel=\"noopener noreferrer\">Quadro Class Final V\u00f4lei de Praia GRUPO 2 _ JEPs 2018<\/a><\/p>\n<p><a href=\"http:\/\/www2.uepg.br\/jogosdaprimavera\/wp-content\/uploads\/sites\/36\/2019\/09\/Quadro-Class-Final-Volei-de-Praia-GRUPO-3-_-JEPs-2018-1-1.pdf\" target=\"_blank\" rel=\"noopener noreferrer\">Quadro Class Final V\u00f4lei de Praia GRUPO 3 _ JEPs 2018<\/a><\/p>\n<p><a href=\"http:\/\/www2.uepg.br\/jogosdaprimavera\/wp-content\/uploads\/sites\/36\/2019\/09\/Resultados-GRUPO-1-_-VOLEI-DE-PRAIA-_-jogos-da-primavera-2018-1.pdf\" target=\"_blank\" rel=\"noopener noreferrer\">Resultados-GRUPO-1-_-VOLEI-DE-PRAIA-_-jogos-da-primavera-2018-1<\/a><\/p>\n<p><a href=\"http:\/\/www2.uepg.br\/jogosdaprimavera\/wp-content\/uploads\/sites\/36\/2019\/09\/Resultados-GRUPO-2-_-VOLEI-DE-PRAIA-_-jogos-da-primavera-2018-1.pdf\" target=\"_blank\" rel=\"noopener noreferrer\">Resultados GRUPO 2 _ V\u00d4LEI DE PRAIA _ JEPs 2018<\/a><\/p>\n<p><a href=\"http:\/\/www2.uepg.br\/jogosdaprimavera\/wp-content\/uploads\/sites\/36\/2019\/09\/Resultados-GRUPO-3-_-VOLEI-DE-PRAIA-_-jogos-da-primavera-2018-1.pdf\" target=\"_blank\" rel=\"noopener noreferrer\">Resultados GRUPO 3 _ V\u00d4LEI DE PRAIA _ JEPs 2018<\/a><\/p>\n<p><a href=\"http:\/\/www2.uepg.br\/jogosdaprimavera\/wp-content\/uploads\/sites\/36\/2019\/09\/BOLETIM-DE-RESULTADOS-NATA%C3%87%C3%83O-2.pdf\" target=\"_blank\" rel=\"noopener noreferrer\">BOLETIM DE RESULTADOS NATA\u00c7\u00c3O<\/a><\/p>\n<p><a href=\"http:\/\/www2.uepg.br\/jogosdaprimavera\/wp-content\/uploads\/sites\/36\/2019\/09\/2018-Relat%C3%B3rio-XADREZ-GRUPO-I-e-II-masc-e-fem-1-4.pdf\" target=\"_blank\" rel=\"noopener noreferrer\">BOLETIM DE RESULTADOS\u00a0XADREZ<\/a><\/p>\n<p><a href=\"http:\/\/www2.uepg.br\/jogosdaprimavera\/wp-content\/uploads\/sites\/36\/2019\/09\/BOLETIM-DE-RESULTADO-JUDO.pdf\" target=\"_blank\" rel=\"noopener noreferrer\">BOLETIM DE RESULTADO JUDO<\/a><\/p>\n<p><a href=\"http:\/\/www2.uepg.br\/jogosdaprimavera\/wp-content\/uploads\/sites\/36\/2019\/09\/BOLETIM-DE-RESULTADOS-TENIS-DE-MESA.pdf\" target=\"_blank\" rel=\"noopener noreferrer\">BOLETIM DE RESULTADOS \u2013 T\u00caNIS DE MESA<\/a><\/p>\n<p>&nbsp;<\/p>\n<p><strong>Resultados 63\u00b0 JEPs \u2013 2018 (Modalidades coletivas)<\/strong><\/p>\n<p><a href=\"http:\/\/www2.uepg.br\/jogosdaprimavera\/wp-content\/uploads\/sites\/36\/2019\/09\/BOLETIM-DE-RESULTADOS-N%C2%BA-1.pdf\">BOLETIM DE RESULTADOS N\u00ba1<\/a>\u00a0\u2013 (15\/09\/2018)<\/p>\n<p><a href=\"http:\/\/www2.uepg.br\/jogosdaprimavera\/wp-content\/uploads\/sites\/36\/2019\/09\/BOLETIM-DE-RESULTADOS-N%C2%BA-2-16-09-2018.pdf\">BOLETIM DE RESULTADOS N\u00ba2\u00a0<\/a>\u00a0\u2013 (16\/09\/2018)<\/p>\n<p><a href=\"http:\/\/www2.uepg.br\/jogosdaprimavera\/wp-content\/uploads\/sites\/36\/2019\/09\/BOLETIM-DE-RESULTADOS-N%C2%BA-3-17-09-2018.pdf\">BOLETIM DE RESULTADOS N\u00ba3<\/a>\u00a0\u2013 (17\/09\/2018)<\/p>\n<p><a href=\"http:\/\/www2.uepg.br\/jogosdaprimavera\/wp-content\/uploads\/sites\/36\/2019\/09\/BOLETIM-DE-RESULTADOS-N%C2%BA-4.pdf\">BOLETIM DE RESULTADOS N\u00ba4<\/a>\u00a0\u2013 (18\/09\/2018)<\/p>\n<p><a href=\"http:\/\/www2.uepg.br\/jogosdaprimavera\/wp-content\/uploads\/sites\/36\/2019\/09\/BOLETIM-DE-RESULTADOS-N%C2%BA-5-1.pdf\">BOLETIM DE RESULTADOS N\u00ba5<\/a>\u00a0\u2013 (19\/09\/2018)<\/p>\n<p><a href=\"http:\/\/www2.uepg.br\/jogosdaprimavera\/wp-content\/uploads\/sites\/36\/2019\/09\/BOLETIM-DE-RESULTADOS-N%C2%BA-6-3.pdf\">BOLETIM DE RESULTADOS N\u00ba6<\/a>\u00a0\u2013 (20\/09\/2018)<\/p>\n<p><a href=\"http:\/\/www2.uepg.br\/jogosdaprimavera\/wp-content\/uploads\/sites\/36\/2019\/09\/BOLETIM-DE-RESULTADOS-N%C2%BA-7.pdf\">BOLETIM DE RESULTADOS N\u00ba7<\/a>\u00a0\u2013 (21\/09\/2018)<\/p>\n<p>&nbsp;<\/p>\n<h4>Boletins de Resultados 2017<\/h4>\n<p><strong>Resultados dos 62\u00b0 JEPs \u2013 2017<\/strong><\/p>\n<p><a href=\"http:\/\/www2.uepg.br\/jogosdaprimavera\/wp-content\/uploads\/sites\/36\/2019\/09\/classificacao_geral_62_jep_2017-1.pdf\" target=\"_blank\" rel=\"noopener noreferrer\">Classifica\u00e7\u00e3o_Geral_62\u00b0_JEPs_2017<\/a><\/p>\n<p><a href=\"http:\/\/www2.uepg.br\/jogosdaprimavera\/wp-content\/uploads\/sites\/36\/2019\/09\/Boletim-n%C2%B0-01-Resultados-parciais.pdf\" target=\"_blank\" rel=\"noopener noreferrer\">Boletim n\u00b0 01 \u2013 Resultados parciais<\/a><\/p>\n<p><a href=\"http:\/\/www2.uepg.br\/jogosdaprimavera\/wp-content\/uploads\/sites\/36\/2019\/09\/Boletim-n%C2%B0-02-Resultados-parciais.pdf\" target=\"_blank\" rel=\"noopener noreferrer\">Boletim n\u00b0 02 \u2013 Resultados parciais<\/a><\/p>\n<p><a href=\"http:\/\/www2.uepg.br\/jogosdaprimavera\/wp-content\/uploads\/sites\/36\/2019\/09\/Boletim-n%C2%B0-03-Resultados-parciais-1.pdf\" target=\"_blank\" rel=\"noopener noreferrer\">Boletim n\u00b0 03 \u2013 Resultados parciais<\/a><\/p>\n<p><a href=\"http:\/\/www2.uepg.br\/jogosdaprimavera\/wp-content\/uploads\/sites\/36\/2019\/09\/Boletim-n%C2%B0-04-Resultados-parciais.pdf\" target=\"_blank\" rel=\"noopener noreferrer\">Boletim n\u00b0 04 \u2013 Resultados parciais<\/a><\/p>\n<p><a href=\"http:\/\/www2.uepg.br\/jogosdaprimavera\/wp-content\/uploads\/sites\/36\/2019\/09\/Boletim-n%C2%B0-05-Resultados-parciais.pdf\" target=\"_blank\" rel=\"noopener noreferrer\">Boletim n\u00b0 05 \u2013 Resultados parciais<\/a><\/p>\n<p><a href=\"http:\/\/www2.uepg.br\/jogosdaprimavera\/wp-content\/uploads\/sites\/36\/2019\/09\/Boletim-n%C2%B0-06-Resultados-parciais.pdf\" target=\"_blank\" rel=\"noopener noreferrer\">Boletim n\u00b0 06 \u2013 Resultados parciais<\/a><\/p>\n<p><a href=\"http:\/\/www2.uepg.br\/jogosdaprimavera\/wp-content\/uploads\/sites\/36\/2019\/09\/Boletim-n%C2%B0-07-Resultados-parciais.pdf\" target=\"_blank\" rel=\"noopener noreferrer\">Boletim n\u00b0 07 \u2013 Resultados parciais<\/a><\/p>\n","protected":false},"excerpt":{"rendered":"<p>2024 CLASSIFICA\u00c7\u00c3O GERAL &#8211; JEP 2024 RESULTADOS JEP RESULTADOS JEP RELAT\u00d3RIO GERAL DE COMPETI\u00c7\u00c3O 69\u00b0 JEP 2024 2022 CLASSIFICA\u00c7\u00c3O GERAL 67\u00ba JEP COLETIVAS BOLETIM DE RESULTADOS DIA 9\u00a0&#8211; 09\/10\/2022 BOLETIM DE RESULTADOS DIA 8\u00a0&#8211; 08\/10\/2022 BOLETIM DE RESULTADOS DIA 7\u00a0&#8211; 07\/10\/2022 BOLETIM DE RESULTADOS DIA 6\u00a0&#8211; 06\/10\/2022 BOLETIM DE RESULTADOS DIA 5\u00a0 &#8211; 05\/10\/2022 BOLETIM&nbsp;&hellip;<\/p>\n","protected":false},"author":77,"featured_media":0,"parent":0,"menu_order":0,"comment_status":"closed","ping_status":"closed","template":"","meta":[],"_links":{"self":[{"href":"https:\/\/www2.uepg.br\/jogosdaprimavera\/wp-json\/wp\/v2\/pages\/1001"}],"collection":[{"href":"https:\/\/www2.uepg.br\/jogosdaprimavera\/wp-json\/wp\/v2\/pages"}],"about":[{"href":"https:\/\/www2.uepg.br\/jogosdaprimavera\/wp-json\/wp\/v2\/types\/page"}],"author":[{"embeddable":true,"href":"https:\/\/www2.uepg.br\/jogosdaprimavera\/wp-json\/wp\/v2\/users\/77"}],"replies":[{"embeddable":true,"href":"https:\/\/www2.uepg.br\/jogosdaprimavera\/wp-json\/wp\/v2\/comments?post=1001"}],"version-history":[{"count":6,"href":"https:\/\/www2.uepg.br\/jogosdaprimavera\/wp-json\/wp\/v2\/pages\/1001\/revisions"}],"predecessor-version":[{"id":1708,"href":"https:\/\/www2.uepg.br\/jogosdaprimavera\/wp-json\/wp\/v2\/pages\/1001\/revisions\/1708"}],"wp:attachment":[{"href":"https:\/\/www2.uepg.br\/jogosdaprimavera\/wp-json\/wp\/v2\/media?parent=1001"}],"curies":[{"name":"wp","href":"https:\/\/api.w.org\/{rel}","templated":true}]}}