{"id":1625,"date":"2025-08-11T10:27:39","date_gmt":"2025-08-11T13:27:39","guid":{"rendered":"https:\/\/www2.uepg.br\/jogosdaprimavera\/?page_id=1625"},"modified":"2025-10-05T15:34:21","modified_gmt":"2025-10-05T18:34:21","slug":"programacao","status":"publish","type":"page","link":"https:\/\/www2.uepg.br\/jogosdaprimavera\/programacao\/","title":{"rendered":"Programa\u00e7\u00e3o"},"content":{"rendered":"<h2 style=\"text-align: center\"><span style=\"color: #333399\">Programa\u00e7\u00e3o modalidades coletivas\u00a0<\/span><\/h2>\n<p><a href=\"https:\/\/www2.uepg.br\/jogosdaprimavera\/programacao\/2025-jep-programacao-coletivas-final\/\" rel=\"attachment wp-att-2238\">2025 JEP PROGRAMA\u00c7\u00c3O COLETIVAS FINAL<\/a><\/p>\n<h2 style=\"text-align: center\"><span style=\"color: #333399\">Programa\u00e7\u00e3o modalidades individuais<\/span><\/h2>\n<p><a href=\"https:\/\/www2.uepg.br\/jogosdaprimavera\/programacao\/2025-jep-programacao-atletismo-8\/\" rel=\"attachment wp-att-1849\">2025 JEP PROGRAMA\u00c7\u00c3O ATLETISMO<\/a><\/p>\n<p><a href=\"https:\/\/www2.uepg.br\/jogosdaprimavera\/programacao\/2025-jep-programacao-beach-tennis-atualizada-confrontos-e-grupamentos-2\/\" rel=\"attachment wp-att-1993\">2025 JEP PROGRAMA\u00c7\u00c3O BEACH TENNIS &#8211; ATUALIZADA CONFRONTOS E GRUPAMENTOS<\/a><\/p>\n<p><a href=\"https:\/\/www2.uepg.br\/jogosdaprimavera\/programacao\/2025-jep-programacao-ciclismo\/\" rel=\"attachment wp-att-1851\">2025 JEP PROGRAMA\u00c7\u00c3O CICLISMO<\/a><\/p>\n<p><a href=\"https:\/\/www2.uepg.br\/jogosdaprimavera\/programacao\/2025-jep-programacao-e-sports-fifa-atualizada-12-09-3\/\" rel=\"attachment wp-att-2009\">2025 JEP PROGRAMA\u00c7\u00c3O E-SPORTS FIFA &#8211; atualizada 26-09<\/a><\/p>\n<p><a href=\"https:\/\/www2.uepg.br\/jogosdaprimavera\/programacao\/2025-jep-programacao-e-sports-lol-2\/\" rel=\"attachment wp-att-1963\">2025 JEP PROGRAMA\u00c7\u00c3O E-SPORTS LOL &#8211; atualizada 18_09<\/a><\/p>\n<p><a href=\"https:\/\/www2.uepg.br\/jogosdaprimavera\/programacao\/2025-jep-programacao-judo\/\" rel=\"attachment wp-att-1854\">2025 JEP PROGRAMA\u00c7\u00c3O JUD\u00d4<\/a><\/p>\n<p><a href=\"https:\/\/www2.uepg.br\/jogosdaprimavera\/programacao\/2025-jep-programacao-natacao-2\/\" rel=\"attachment wp-att-1980\">2025 JEP PROGRAMA\u00c7\u00c3O NATA\u00c7\u00c3O<\/a><\/p>\n<p><a href=\"https:\/\/www2.uepg.br\/jogosdaprimavera\/programacao\/2025-jep-programacao-skate\/\" rel=\"attachment wp-att-1856\">2025 JEP PROGRAMA\u00c7\u00c3O SKATE<\/a><\/p>\n<p><a href=\"https:\/\/www2.uepg.br\/jogosdaprimavera\/programacao\/2025-jep-programacao-taekwondo-2\/\" rel=\"attachment wp-att-2236\">2025 JEP PROGRAMA\u00c7\u00c3O TAEKWONDO<\/a><\/p>\n<p><a href=\"https:\/\/www2.uepg.br\/jogosdaprimavera\/programacao\/2025-jep-programacao-tenis-de-mesa-atualizada-confrontos-e-grupamentos\/\" rel=\"attachment wp-att-1982\">2025 JEP PROGRAMA\u00c7\u00c3O T\u00caNIS DE MESA &#8211; ATUALIZADA CONFRONTOS E GRUPAMENTOS<\/a><\/p>\n<p><a href=\"https:\/\/www2.uepg.br\/jogosdaprimavera\/programacao\/2025-jep-programacao-xadrez\/\" rel=\"attachment wp-att-1859\">2025 JEP PROGRAMA\u00c7\u00c3O XADREZ<\/a><\/p>\n","protected":false},"excerpt":{"rendered":"<p>Programa\u00e7\u00e3o modalidades coletivas\u00a0 2025 JEP PROGRAMA\u00c7\u00c3O COLETIVAS FINAL Programa\u00e7\u00e3o modalidades individuais 2025 JEP PROGRAMA\u00c7\u00c3O ATLETISMO 2025 JEP PROGRAMA\u00c7\u00c3O BEACH TENNIS &#8211; ATUALIZADA CONFRONTOS E GRUPAMENTOS 2025 JEP PROGRAMA\u00c7\u00c3O CICLISMO 2025 JEP PROGRAMA\u00c7\u00c3O E-SPORTS FIFA &#8211; atualizada 26-09 2025 JEP PROGRAMA\u00c7\u00c3O E-SPORTS LOL &#8211; atualizada 18_09 2025 JEP PROGRAMA\u00c7\u00c3O JUD\u00d4 2025 JEP PROGRAMA\u00c7\u00c3O NATA\u00c7\u00c3O 2025 JEP&nbsp;&hellip;<\/p>\n","protected":false},"author":378,"featured_media":0,"parent":0,"menu_order":0,"comment_status":"closed","ping_status":"closed","template":"","meta":[],"_links":{"self":[{"href":"https:\/\/www2.uepg.br\/jogosdaprimavera\/wp-json\/wp\/v2\/pages\/1625"}],"collection":[{"href":"https:\/\/www2.uepg.br\/jogosdaprimavera\/wp-json\/wp\/v2\/pages"}],"about":[{"href":"https:\/\/www2.uepg.br\/jogosdaprimavera\/wp-json\/wp\/v2\/types\/page"}],"author":[{"embeddable":true,"href":"https:\/\/www2.uepg.br\/jogosdaprimavera\/wp-json\/wp\/v2\/users\/378"}],"replies":[{"embeddable":true,"href":"https:\/\/www2.uepg.br\/jogosdaprimavera\/wp-json\/wp\/v2\/comments?post=1625"}],"version-history":[{"count":44,"href":"https:\/\/www2.uepg.br\/jogosdaprimavera\/wp-json\/wp\/v2\/pages\/1625\/revisions"}],"predecessor-version":[{"id":2239,"href":"https:\/\/www2.uepg.br\/jogosdaprimavera\/wp-json\/wp\/v2\/pages\/1625\/revisions\/2239"}],"wp:attachment":[{"href":"https:\/\/www2.uepg.br\/jogosdaprimavera\/wp-json\/wp\/v2\/media?parent=1625"}],"curies":[{"name":"wp","href":"https:\/\/api.w.org\/{rel}","templated":true}]}}