{"id":122,"date":"2022-03-10T12:34:38","date_gmt":"2022-03-10T15:34:38","guid":{"rendered":"https:\/\/www2.uepg.br\/labclimeam\/?page_id=122"},"modified":"2023-04-19T14:35:07","modified_gmt":"2023-04-19T17:35:07","slug":"corpo-tecnico","status":"publish","type":"page","link":"https:\/\/www2.uepg.br\/labclimeam\/corpo-tecnico\/","title":{"rendered":"Corpo T\u00e9cnico"},"content":{"rendered":"<h4>Respons\u00e1vel \u2013 Professor Dr. Gilson Campos Ferreira da Cruz<\/h4>\n<p>&nbsp;<\/p>\n<h4>Inicia\u00e7\u00e3o Cient\u00edfica Provic<\/h4>\n<p>J\u00e9ssica da Silva Vaz dos Santos<\/p>\n<p>&nbsp;<\/p>\n<h4>Inicia\u00e7\u00e3o Cient\u00edfica<\/h4>\n<p>Bianca Naomi Rodrigues Correa<\/p>\n<p>Kamille Czerski Gastler<\/p>\n<p>&nbsp;<\/p>\n<h4>Est\u00e1gio Volunt\u00e1rio<\/h4>\n<p>Kauan Mateus Kubaski<\/p>\n<p>Natalie Alana Pedroso<\/p>\n<p>&nbsp;<\/p>\n<h4>TCC &#8211; Bacharelado em Geografia<\/h4>\n<p>Beatriz Quast<\/p>\n<p>&nbsp;<\/p>\n<h4>Orienta\u00e7\u00e3o &#8211; T\u00e9cnicas de pesquisa<\/h4>\n<p>Rodrigo Gabre<\/p>\n<p>&nbsp;<\/p>\n<h4>Ex-particpantes<\/h4>\n<p>Aline Cristina Bertoni<\/p>\n<p>Cleber Dutra Gon\u00e7alves<\/p>\n<p>Fabiana Almeida Moresco<\/p>\n<p>Graciele Manoele da Silva<\/p>\n<p>Isabeli Rayane de Souza Geraldo<\/p>\n<p>J\u00e9ssica Marcondes de Medeiros<\/p>\n","protected":false},"excerpt":{"rendered":"<p>Respons\u00e1vel \u2013 Professor Dr. Gilson Campos Ferreira da Cruz &nbsp; Inicia\u00e7\u00e3o Cient\u00edfica Provic J\u00e9ssica da Silva Vaz dos Santos &nbsp; Inicia\u00e7\u00e3o Cient\u00edfica Bianca Naomi Rodrigues Correa Kamille Czerski Gastler &nbsp; Est\u00e1gio Volunt\u00e1rio Kauan Mateus Kubaski Natalie Alana Pedroso &nbsp; TCC &#8211; Bacharelado em Geografia Beatriz Quast &nbsp; Orienta\u00e7\u00e3o &#8211; T\u00e9cnicas de pesquisa Rodrigo Gabre &nbsp;&nbsp;&hellip;<\/p>\n","protected":false},"author":378,"featured_media":0,"parent":0,"menu_order":0,"comment_status":"closed","ping_status":"closed","template":"","meta":[],"_links":{"self":[{"href":"https:\/\/www2.uepg.br\/labclimeam\/wp-json\/wp\/v2\/pages\/122"}],"collection":[{"href":"https:\/\/www2.uepg.br\/labclimeam\/wp-json\/wp\/v2\/pages"}],"about":[{"href":"https:\/\/www2.uepg.br\/labclimeam\/wp-json\/wp\/v2\/types\/page"}],"author":[{"embeddable":true,"href":"https:\/\/www2.uepg.br\/labclimeam\/wp-json\/wp\/v2\/users\/378"}],"replies":[{"embeddable":true,"href":"https:\/\/www2.uepg.br\/labclimeam\/wp-json\/wp\/v2\/comments?post=122"}],"version-history":[{"count":7,"href":"https:\/\/www2.uepg.br\/labclimeam\/wp-json\/wp\/v2\/pages\/122\/revisions"}],"predecessor-version":[{"id":1037,"href":"https:\/\/www2.uepg.br\/labclimeam\/wp-json\/wp\/v2\/pages\/122\/revisions\/1037"}],"wp:attachment":[{"href":"https:\/\/www2.uepg.br\/labclimeam\/wp-json\/wp\/v2\/media?parent=122"}],"curies":[{"name":"wp","href":"https:\/\/api.w.org\/{rel}","templated":true}]}}