{"id":446,"date":"2023-03-29T11:48:09","date_gmt":"2023-03-29T14:48:09","guid":{"rendered":"https:\/\/www2.uepg.br\/labclimeam\/?page_id=446"},"modified":"2023-06-29T10:06:29","modified_gmt":"2023-06-29T13:06:29","slug":"estacao-meteorologica-labclimeam-informacoes","status":"publish","type":"page","link":"https:\/\/www2.uepg.br\/labclimeam\/estacao-meteorologica-labclimeam-informacoes\/","title":{"rendered":"Esta\u00e7\u00e3o Meteorol\u00f3gica Autom\u00e1tica &#8211; LABCLIMEAM: Informa\u00e7\u00f5es gerais"},"content":{"rendered":"<h3><strong>Informa\u00e7\u00f5es e Acesso a Tradu\u00e7\u00e3o da Tela de Visualiza\u00e7\u00e3o e Gr\u00e1ficos<\/strong><\/h3>\n<p style=\"text-align: justify\"><strong>Est\u00e1 dispon\u00edvel a tradu\u00e7\u00e3o da tela de visualiza\u00e7\u00e3o em portugu\u00eas?<\/strong><\/p>\n<p style=\"text-align: justify\">Sim, por\u00e9m em fun\u00e7\u00e3o de que o software da esta\u00e7\u00e3o n\u00e3o \u00e9 disponibilizado em portugu\u00eas, foi preparada a lista com a tradu\u00e7\u00e3o de todos os termos, abreviaturas e s\u00edmbolos utilizados na tela de visualiza\u00e7\u00e3o, que voc\u00ea pode acessar <a href=\"https:\/\/www2.uepg.br\/labclimeam\/traducao\/\">clicando aqui.<\/a> O documento foi organizado em ordem alfab\u00e9tica do termo em ingl\u00eas. Termos e express\u00f5es s\u00e3o listados uma vez, se aparecem novamente em outra parte da tela de visualiza\u00e7\u00e3o, podem ser encontrados traduzidos junto outra express\u00e3o ou em separado.<\/p>\n<p style=\"text-align: justify\"><strong>Os gr\u00e1ficos ser\u00e3o disponibilizados combinados ou individualmente em outro formato?<\/strong><\/p>\n<p style=\"text-align: justify\">Sim. Vamos disponibilizar gr\u00e1ficos do pr\u00f3prio programa da esta\u00e7\u00e3o meteorol\u00f3gica. Tamb\u00e9m vamos disponibilizar alguns gr\u00e1ficos que est\u00e3o sendo gerados individualmente e combinados, para mostrar as rela\u00e7\u00f5es entre algumas vari\u00e1veis. Para acessar a p\u00e1gina dos gr\u00e1ficos <a href=\"https:\/\/www2.uepg.br\/labclimeam\/estacao-meteorologica-automatica-labclimeam-graficos\/\">clique aqui.<\/a><\/p>\n<p style=\"text-align: justify\"><strong>Os gr\u00e1ficos e as tabelas s\u00e3o atualizados em tempo real?<\/strong><\/p>\n<p style=\"text-align: justify\">Sim, no entanto existe um <em>delay<\/em> (atraso) na transmiss\u00e3o sem fio dos sensores at\u00e9 o receptor e um intervalo na transfer\u00eancia deste para o computador, por\u00e9m n\u00e3o passa de alguns minutos. Do sensor at\u00e9 o display, em m\u00e9dia, leva um pouco menos de 1 minuto para receber a temperatura do ar e a umidade relativa, podendo ser um intervalo maior ou menor conforme os demais sensores, e ainda deve ser somado com o tempo em que os dados s\u00e3o transmitidos para o computador, que corresponde o tempo de atualiza\u00e7\u00e3o descrito a seguir.<\/p>\n<p style=\"text-align: justify\"><strong>Qual o tempo de atualiza\u00e7\u00e3o dos dados na tela?\u00a0<\/strong><\/p>\n<p style=\"text-align: justify\">Os dados meteorol\u00f3gicos exibidos na tela de visualiza\u00e7\u00e3o s\u00e3o atualizados a cada 2 min, conforme o recebimento dos dados no computador que s\u00e3o enviados do receptor.<\/p>\n<p style=\"text-align: justify\"><strong>Com que intervalo de tempo os dados meteorol\u00f3gicos s\u00e3o armazenados?<\/strong><\/p>\n<p style=\"text-align: justify\">Os dados s\u00e3o armazenados de hora em hora no banco de dados da esta\u00e7\u00e3o.<\/p>\n<p style=\"text-align: justify\"><strong>A tela de visualiza\u00e7\u00e3o n\u00e3o est\u00e1 atualizando, mesmo clicando no bot\u00e3o de atualizar. O que houve?<\/strong><\/p>\n<p style=\"text-align: justify\">A disponibiliza\u00e7\u00e3o da tela de visualiza\u00e7\u00e3o depende do receptor da esta\u00e7\u00e3o transmitir os dados para o computador e da internet e ambos dependem da rede el\u00e9trica. Quando, eventualmente, ocorre a queda de energia, o receptor n\u00e3o transmite os dados ou cai a internet, a tela fica congelada na \u00faltima atualiza\u00e7\u00e3o.<\/p>\n<p style=\"text-align: justify\"><strong>Qual o tempo de atualiza\u00e7\u00e3o da tela de visualiza\u00e7\u00e3o do gr\u00e1fico?<\/strong><\/p>\n<p style=\"text-align: justify\">A tela de visualiza\u00e7\u00e3o do gr\u00e1fico ser\u00e1 atualizada a cada 24h, sempre as 18 h.<\/p>\n<p style=\"text-align: justify\"><strong>Por que alguns gr\u00e1ficos como o da temperatura s\u00e3o exibidos em linha e o da precipita\u00e7\u00e3o s\u00e3o exibidas em barras?<\/strong><\/p>\n<p style=\"text-align: justify\">A representa\u00e7\u00e3o gr\u00e1fica de dados meteorol\u00f3gicos segue algumas conven\u00e7\u00f5es internacionais, entre elas a de utilizar linhas para representar vari\u00e1veis como temperatura, umidade relativa e colunas para representar vari\u00e1veis como precipita\u00e7\u00e3o.<\/p>\n<p style=\"text-align: justify\"><strong>Por que os dados disponibilizados na tela de visualiza\u00e7\u00e3o s\u00e3o diferentes daqueles divulgados para a cidade, nos meios de comunica\u00e7\u00e3o?<\/strong><\/p>\n<p style=\"text-align: justify\">Os dados registrados nas esta\u00e7\u00f5es meteorol\u00f3gicas, diferem uns dos outros em fun\u00e7\u00e3o da localiza\u00e7\u00e3o geogr\u00e1fica, dos condicionantes locais, como altitude, relevo, vegeta\u00e7\u00e3o e das mudan\u00e7as no uso do terra, principalmente, no caso da urbaniza\u00e7\u00e3o, que por meio dos v\u00e1rios elementos que constituem a cidade, provocam interfer\u00eancias nos registros de dados. No caso espec\u00edfico daqueles anunciados pela m\u00eddia, depende muito da fonte de dados e das condi\u00e7\u00f5es em que foram registrados.<\/p>\n<p style=\"text-align: justify\"><strong>O que \u00e9 a sensa\u00e7\u00e3o t\u00e9rmica?<\/strong><\/p>\n<p style=\"text-align: justify\">\u00c9 a temperatura sentida na pele, resultante da exposi\u00e7\u00e3o a uma combina\u00e7\u00e3o de ar a uma determinada temperatura e ao vento em uma determinada velocidade, sendo que a temperatura sentida ser\u00e1 sempre menor do que a temperatura do ar. Exemplo: se a temperatura do ar \u00e9 20 \u00b0C e a velocidade do vento \u00e9 4,2 m\/s (15,12 km\/h), a sensa\u00e7\u00e3o t\u00e9rmica ser\u00e1 de 17 \u00b0C. (EPAGRI, 2023).<\/p>\n<p style=\"text-align: justify\"><strong>O que \u00e9 \u00edndice ultravioleta?<\/strong><\/p>\n<p style=\"text-align: justify\">O \u00edndice ultravioleta (IUV ou UVI) segundo a WMO, 2023, WHO, 2023 e INPE, 2023 \u00e9 a medida da intensidade da radia\u00e7\u00e3o ultravioleta, relevante para a pele humana, que atinge a superf\u00edcie terrestre. O \u00edndice de ultravioleta \u00e9 extremamente influenciado pela cobertura de nuvens, por isso ele sofre grande varia\u00e7\u00e3o diante da presen\u00e7a ou aus\u00eancia de nuvens. A Organiza\u00e7\u00e3o Mundial da Sa\u00fade (WHO) recomenda agrupar os valores do \u00edndice, conforme tabela a seguir.<img loading=\"lazy\" class=\"size-full wp-image-739 aligncenter\" src=\"https:\/\/www2.uepg.br\/labclimeam\/wp-content\/uploads\/sites\/222\/2023\/04\/tabela-indice-uv.jpg\" alt=\"\" width=\"811\" height=\"340\" srcset=\"https:\/\/www2.uepg.br\/labclimeam\/wp-content\/uploads\/sites\/222\/2023\/04\/tabela-indice-uv.jpg 811w, https:\/\/www2.uepg.br\/labclimeam\/wp-content\/uploads\/sites\/222\/2023\/04\/tabela-indice-uv-300x126.jpg 300w, https:\/\/www2.uepg.br\/labclimeam\/wp-content\/uploads\/sites\/222\/2023\/04\/tabela-indice-uv-768x322.jpg 768w\" sizes=\"(max-width: 811px) 100vw, 811px\" \/><span style=\"font-size: 14px\">Fonte: adaptado de WMO e WHO (2023)<\/span><\/p>\n<p style=\"text-align: justify\"><strong>Outras informa\u00e7\u00f5es, sugest\u00f5es ou informar problemas nas p\u00e1ginas do Laborat\u00f3rio e da Esta\u00e7\u00e3o Meteorol\u00f3gica.<\/strong><\/p>\n<p style=\"text-align: justify\">Para outras informa\u00e7\u00f5es, sugest\u00f5es ou informar problemas nas p\u00e1ginas do LABCLIMEAM &#8211; Laborat\u00f3rio de Climatologia e Estudos Ambientais ou da Esta\u00e7\u00e3o Meteorol\u00f3gica Autom\u00e1tica envie mensagem para o e mail:<\/p>\n<p style=\"text-align: center\"><a href=\"mailto:labclimeam.uepg@gmail.com\">labclimeam.uepg@gmail.com<\/a><\/p>\n<p style=\"text-align: center\">\u00a0 \u00a0 <a href=\"https:\/\/www2.uepg.br\/labclimeam\/estacao-meteorologica-labclimeam\"><button class=\"btn\" style=\"background-color: blue;border-color: blue;color: white\">Tela inicial<\/button><\/a> \u00a0 \u00a0<a href=\"https:\/\/www2.uepg.br\/labclimeam\/?page_id=1038&amp;preview=true\"><button class=\"btn\" style=\"background-color: blue;border-color: blue;color: white\">Agendamento<\/button><\/a>\u00a0 \u00a0 <a href=\"https:\/\/www2.uepg.br\/labclimeam\/traducao\/\"><button class=\"btn\" style=\"background-color: blue;border-color: blue;color: white\">Tradu\u00e7\u00e3o<\/button><\/a>\u00a0 \u00a0 <a href=\"https:\/\/www2.uepg.br\/labclimeam\/estacao-meteorologica-automatica-labclimeam-graficos\/\"><button class=\"btn\" style=\"background-color: blue;border-color: blue;color: white\">Gr\u00e1ficos<\/button><\/a><\/p>\n<p style=\"text-align: center\"><strong><span style=\"color: #000000\">Localiza\u00e7\u00e3o da Esta\u00e7\u00e3o Meteorol\u00f3gica do LABCLIMEAM<br \/>\nUniversidade Estadual de Ponta Grossa &#8211; CAMPUS UVARANAS<br \/>\nEndere\u00e7o: Avenida Carlos Cavalcanti, 4748 (em frente ao Centro Integrar, antigo PDE)<br \/>\n<\/span><\/strong><b><\/b><span style=\"color: #000000\"><span style=\"color: #000000\"><b>Ponta Grossa &#8211; Paran\u00e1<\/b><\/span><br \/>\n<\/span><strong><span style=\"color: #000000\">Coordenadas Geogr\u00e1ficas: latitude 25\u00ba 05&#8242; 46&#8243; sul e longitude 50\u00ba 06&#8242; 22&#8243; oeste Altitude (msl) 909,11 m<\/span><\/strong><\/p>\n","protected":false},"excerpt":{"rendered":"<p>Informa\u00e7\u00f5es e Acesso a Tradu\u00e7\u00e3o da Tela de Visualiza\u00e7\u00e3o e Gr\u00e1ficos Est\u00e1 dispon\u00edvel a tradu\u00e7\u00e3o da tela de visualiza\u00e7\u00e3o em portugu\u00eas? Sim, por\u00e9m em fun\u00e7\u00e3o de que o software da esta\u00e7\u00e3o n\u00e3o \u00e9 disponibilizado em portugu\u00eas, foi preparada a lista com a tradu\u00e7\u00e3o de todos os termos, abreviaturas e s\u00edmbolos utilizados na tela de visualiza\u00e7\u00e3o,&nbsp;&hellip;<\/p>\n","protected":false},"author":458,"featured_media":0,"parent":0,"menu_order":0,"comment_status":"closed","ping_status":"closed","template":"","meta":[],"_links":{"self":[{"href":"https:\/\/www2.uepg.br\/labclimeam\/wp-json\/wp\/v2\/pages\/446"}],"collection":[{"href":"https:\/\/www2.uepg.br\/labclimeam\/wp-json\/wp\/v2\/pages"}],"about":[{"href":"https:\/\/www2.uepg.br\/labclimeam\/wp-json\/wp\/v2\/types\/page"}],"author":[{"embeddable":true,"href":"https:\/\/www2.uepg.br\/labclimeam\/wp-json\/wp\/v2\/users\/458"}],"replies":[{"embeddable":true,"href":"https:\/\/www2.uepg.br\/labclimeam\/wp-json\/wp\/v2\/comments?post=446"}],"version-history":[{"count":103,"href":"https:\/\/www2.uepg.br\/labclimeam\/wp-json\/wp\/v2\/pages\/446\/revisions"}],"predecessor-version":[{"id":1197,"href":"https:\/\/www2.uepg.br\/labclimeam\/wp-json\/wp\/v2\/pages\/446\/revisions\/1197"}],"wp:attachment":[{"href":"https:\/\/www2.uepg.br\/labclimeam\/wp-json\/wp\/v2\/media?parent=446"}],"curies":[{"name":"wp","href":"https:\/\/api.w.org\/{rel}","templated":true}]}}