{"id":110,"date":"2018-11-07T10:17:24","date_gmt":"2018-11-07T12:17:24","guid":{"rendered":"http:\/\/www2.uepg.br\/labrecursoshidricos\/?page_id=110"},"modified":"2019-06-03T15:00:00","modified_gmt":"2019-06-03T18:00:00","slug":"laboratorio-bacteriologico","status":"publish","type":"page","link":"https:\/\/www2.uepg.br\/labrecursoshidricos\/laboratorio-bacteriologico\/","title":{"rendered":"Laborat\u00f3rio Bacteriol\u00f3gico"},"content":{"rendered":"<div id=\"pl-110\"  class=\"panel-layout\" ><div id=\"pg-110-0\"  class=\"panel-grid panel-no-style\" ><div id=\"pgc-110-0-0\"  class=\"panel-grid-cell\" ><div id=\"panel-110-0-0-0\" class=\"so-panel widget widget_sow-editor panel-first-child\" data-index=\"0\" ><div\n\t\t\t\n\t\t\tclass=\"so-widget-sow-editor so-widget-sow-editor-base\"\n\t\t\t\n\t\t>\n<div class=\"siteorigin-widget-tinymce textwidget\">\n\t<p>A an\u00e1lise bacteriol\u00f3gica da \u00e1gua investiga a presen\u00e7a de microrganismos como coliformes totais, coliformes fecais (<em>Escherichia coli<\/em>) e contagem total de bact\u00e9rias (Bact\u00e9rias heterotr\u00f3ficas).<\/p>\n<\/div>\n<\/div><\/div><div id=\"panel-110-0-0-1\" class=\"so-panel widget widget_sow-headline panel-last-child\" data-index=\"1\" ><div id=\"analises\" class=\"panel-widget-style panel-widget-style-for-110-0-0-1\" ><div\n\t\t\t\n\t\t\tclass=\"so-widget-sow-headline so-widget-sow-headline-default-765444a62fe4-110\"\n\t\t\t\n\t\t><div class=\"sow-headline-container \">\n\t<h1 class='sow-headline'>An\u00e1lises Bacteriol\u00f3gicas<\/h1>\t\t\t\t\t<div class=\"decoration\">\n\t\t\t\t\t\t<div class=\"decoration-inside\"><\/div>\n\t\t\t\t\t<\/div>\n\t\t\t\t\t<\/div><\/div><\/div><\/div><\/div><\/div><div id=\"pg-110-1\"  class=\"panel-grid panel-has-style\" ><div id=\"coliformes-totais\" class=\"panel-row-style panel-row-style-for-110-1\" ><div id=\"pgc-110-1-0\"  class=\"panel-grid-cell\" ><div id=\"panel-110-1-0-0\" class=\"so-panel widget widget_sow-editor panel-first-child panel-last-child\" data-index=\"2\" ><div\n\t\t\t\n\t\t\tclass=\"so-widget-sow-editor so-widget-sow-editor-base\"\n\t\t\t\n\t\t><h3 class=\"widget-title\">Coliformes Totais<\/h3>\n<div class=\"siteorigin-widget-tinymce textwidget\">\n\t<p>Comp\u00f5em os grupos de bact\u00e9rias gram-negativas que podem ser aer\u00f3bicas ou anaer\u00f3bicas dependendo do ambiente e da bact\u00e9ria, s\u00e3o associadas \u00e0 decomposi\u00e7\u00e3o de mat\u00e9ria org\u00e2nica. A aus\u00eancia de coliformes totais na \u00e1gua \u00e9 um indicador da efici\u00eancia do tratamento, sobretudo da desinfec\u00e7\u00e3o. A determina\u00e7\u00e3o da an\u00e1lise de Coliformes totais e <i>Escherichia coli<\/i> \u00e9 realizada pelo M\u00e9todo Enzim\u00e1tico do Substrato <i>Cromog\u00eanico Colilert\u00ae<\/i>.<\/p>\n<p>&nbsp;<\/p>\n<p><img loading=\"lazy\" class=\"size-medium wp-image-640 aligncenter\" src=\"http:\/\/www2.uepg.br\/labrecursoshidricos\/wp-content\/uploads\/sites\/9\/2019\/04\/IMG_20181211_093711841-300x225.jpg\" alt=\"\" width=\"300\" height=\"225\" \/><\/p>\n<\/div>\n<\/div><\/div><\/div><\/div><\/div><div id=\"pg-110-2\"  class=\"panel-grid panel-has-style\" ><div id=\"coliformes-fecais\" class=\"panel-row-style panel-row-style-for-110-2\" ><div id=\"pgc-110-2-0\"  class=\"panel-grid-cell\" ><div id=\"panel-110-2-0-0\" class=\"so-panel widget widget_sow-editor panel-first-child panel-last-child\" data-index=\"3\" ><div\n\t\t\t\n\t\t\tclass=\"so-widget-sow-editor so-widget-sow-editor-base\"\n\t\t\t\n\t\t><h3 class=\"widget-title\">Coliformes Fecais<\/h3>\n<div class=\"siteorigin-widget-tinymce textwidget\">\n\t<p>Chamados \u201ctermotolerantes\u201d por suportarem uma temperatura superior a 40\u00b0C e se reproduzirem nessa temperatura em at\u00e9 24 horas, neste grupo est\u00e1 presente a bact\u00e9ria gram-negativa <em>Escherichia coli<\/em>, que est\u00e1 presente no intestino de animais de sangue quente, e se alojam no intestino de animais mam\u00edferos, inclusive o homem, de origem fecal fezes humana e animal, normalmente n\u00e3o causam doen\u00e7as quando est\u00e3o no trato digestivo, e como tais s\u00e3o indicadores da potencial presen\u00e7a de bact\u00e9rias e v\u00edrus patog\u00eanicos quando em grandes quantidades, podendo ao ingerir alimentos por ela contaminados, os resultados ser\u00e3o desagrad\u00e1veis dependendo do grau de contamina\u00e7\u00e3o, sendo indicativo da presen\u00e7a de organismos patog\u00eanicos respons\u00e1veis pela transmiss\u00e3o de doen\u00e7as veicula\u00e7\u00e3o h\u00eddrica pelo uso da \u00e1gua, como a febre tif\u00f3ide, febre para-tif\u00f3ide, disenteria e c\u00f3lera. Sua presen\u00e7a tem origem em esgoto n\u00e3o tratado ou dejetos da pecu\u00e1ria. Seguindo as seguintes orienta\u00e7\u00f5es: SMEWW - M\u00e9todo 9223 B - Substrato Enzim\u00e1tico - Aus\u00eancia \/ Presen\u00e7a 9-72\/9-72<\/p>\n<p>&nbsp;<\/p>\n<p><img loading=\"lazy\" class=\" wp-image-368 aligncenter\" src=\"http:\/\/www2.uepg.br\/labrecursoshidricos\/wp-content\/uploads\/sites\/9\/2019\/04\/LPRH-Bact.-2-300x225.jpg\" alt=\"\" width=\"327\" height=\"245\" srcset=\"https:\/\/www2.uepg.br\/labrecursoshidricos\/wp-content\/uploads\/sites\/9\/2019\/04\/LPRH-Bact.-2-300x225.jpg 300w, https:\/\/www2.uepg.br\/labrecursoshidricos\/wp-content\/uploads\/sites\/9\/2019\/04\/LPRH-Bact.-2-768x576.jpg 768w, https:\/\/www2.uepg.br\/labrecursoshidricos\/wp-content\/uploads\/sites\/9\/2019\/04\/LPRH-Bact.-2-1024x768.jpg 1024w, https:\/\/www2.uepg.br\/labrecursoshidricos\/wp-content\/uploads\/sites\/9\/2019\/04\/LPRH-Bact.-2-1232x924.jpg 1232w, https:\/\/www2.uepg.br\/labrecursoshidricos\/wp-content\/uploads\/sites\/9\/2019\/04\/LPRH-Bact.-2-1440x1080.jpg 1440w, https:\/\/www2.uepg.br\/labrecursoshidricos\/wp-content\/uploads\/sites\/9\/2019\/04\/LPRH-Bact.-2.jpg 1600w\" sizes=\"(max-width: 327px) 100vw, 327px\" \/><\/p>\n<\/div>\n<\/div><\/div><\/div><\/div><\/div><div id=\"pg-110-3\"  class=\"panel-grid panel-has-style\" ><div id=\"contagem-total-bacterias\" class=\"panel-row-style panel-row-style-for-110-3\" ><div id=\"pgc-110-3-0\"  class=\"panel-grid-cell\" ><div id=\"panel-110-3-0-0\" class=\"so-panel widget widget_sow-editor panel-first-child panel-last-child\" data-index=\"4\" ><div\n\t\t\t\n\t\t\tclass=\"so-widget-sow-editor so-widget-sow-editor-base\"\n\t\t\t\n\t\t><h3 class=\"widget-title\">Contagem Total de Bact\u00e9rias<\/h3>\n<div class=\"siteorigin-widget-tinymce textwidget\">\n\t<p>A contagem de bact\u00e9rias heterotr\u00f3ficas fornece informa\u00e7\u00f5es sobre a qualidade bacteriol\u00f3gica da \u00e1gua de uma forma gen\u00e9rica. O teste inclui a detec\u00e7\u00e3o, inespec\u00edfica, de bact\u00e9rias ou esporo de bact\u00e9rias de origem fecal, componentes da flora natural da \u00e1gua ou resultantes da forma\u00e7\u00e3o de biofilmes no sistema de distribui\u00e7\u00e3o, sendo que algumas podem ser patog\u00eanicas oportunistas, ou seja, dependendo da condi\u00e7\u00e3o imunol\u00f3gica do indiv\u00edduo, pode levar a sintomas ou doen\u00e7as. O extrato de levedura fornece fontes de Carbono e Nitrog\u00eanio necess\u00e1rios para o crescimento de ampla variedade de organismos, a Dextrose (Glicose) \u00e9 uma fonte de hidratos de carbono ferment\u00e1vel (fonte de energia) e o plaqueamento do meio de cultura Agar - PCA agente solidificante para contagem global de bact\u00e9rias heterotr\u00f3ficas na \u00e1gua pelo m\u00e9todo Pour-Plate (espalhamento). Seguindo as seguintes orienta\u00e7\u00f5es: SMEWW - M\u00e9todo 9215 B - Pour Plate Method - 9-34\/ 9-40<\/p>\n<p>&nbsp;<\/p>\n<p><img loading=\"lazy\" class=\"size-medium wp-image-641 aligncenter\" src=\"http:\/\/www2.uepg.br\/labrecursoshidricos\/wp-content\/uploads\/sites\/9\/2019\/04\/IMG_20181211_110128561-300x225.jpg\" alt=\"\" width=\"300\" height=\"225\" srcset=\"https:\/\/www2.uepg.br\/labrecursoshidricos\/wp-content\/uploads\/sites\/9\/2019\/04\/IMG_20181211_110128561-300x225.jpg 300w, https:\/\/www2.uepg.br\/labrecursoshidricos\/wp-content\/uploads\/sites\/9\/2019\/04\/IMG_20181211_110128561-768x576.jpg 768w, https:\/\/www2.uepg.br\/labrecursoshidricos\/wp-content\/uploads\/sites\/9\/2019\/04\/IMG_20181211_110128561-1024x768.jpg 1024w, https:\/\/www2.uepg.br\/labrecursoshidricos\/wp-content\/uploads\/sites\/9\/2019\/04\/IMG_20181211_110128561-1232x924.jpg 1232w, https:\/\/www2.uepg.br\/labrecursoshidricos\/wp-content\/uploads\/sites\/9\/2019\/04\/IMG_20181211_110128561-1440x1080.jpg 1440w, https:\/\/www2.uepg.br\/labrecursoshidricos\/wp-content\/uploads\/sites\/9\/2019\/04\/IMG_20181211_110128561.jpg 1600w\" sizes=\"(max-width: 300px) 100vw, 300px\" \/><\/p>\n<p>&nbsp;<\/p>\n<p>&nbsp;<\/p>\n<\/div>\n<\/div><\/div><\/div><\/div><\/div><div id=\"pg-110-4\"  class=\"panel-grid panel-no-style\" ><div id=\"pgc-110-4-0\"  class=\"panel-grid-cell\" ><div id=\"panel-110-4-0-0\" class=\"so-panel widget widget_sow-headline panel-first-child panel-last-child\" data-index=\"5\" ><div id=\"equipamentos\" class=\"panel-widget-style panel-widget-style-for-110-4-0-0\" ><div\n\t\t\t\n\t\t\tclass=\"so-widget-sow-headline so-widget-sow-headline-default-765444a62fe4-110\"\n\t\t\t\n\t\t><div class=\"sow-headline-container \">\n\t<h1 class='sow-headline'>Equipamentos<\/h1>\t\t\t\t\t<div class=\"decoration\">\n\t\t\t\t\t\t<div class=\"decoration-inside\"><\/div>\n\t\t\t\t\t<\/div>\n\t\t\t\t\t<\/div><\/div><\/div><\/div><\/div><\/div><div id=\"pg-110-5\"  class=\"panel-grid panel-has-style\" ><div id=\"cabine-biosseguraca\" class=\"panel-row-style panel-row-style-for-110-5\" ><div id=\"pgc-110-5-0\"  class=\"panel-grid-cell\" ><div id=\"panel-110-5-0-0\" class=\"so-panel widget widget_sow-editor panel-first-child panel-last-child\" data-index=\"6\" ><div\n\t\t\t\n\t\t\tclass=\"so-widget-sow-editor so-widget-sow-editor-base\"\n\t\t\t\n\t\t><h3 class=\"widget-title\">Cabine de Biosseguran\u00e7a <\/h3>\n<div class=\"siteorigin-widget-tinymce textwidget\">\n\t<p>Proporcionar a manipula\u00e7\u00e3o com seguran\u00e7a, visando a prote\u00e7\u00e3o da amostra, do operador e do ambiente de trabalho quanto a exposi\u00e7\u00e3o a riscos de contamina\u00e7\u00e3o durante manipula\u00e7\u00e3o no interior da cabine. Consiste em um fluxo de ar vertical filtrado, que flui na grade dianteira perto do operador e se desloca dentro da cabine, conhecido como fluxo descendente, que age limpando os agentes contaminantes do ar no seu interior, evitando a contamina\u00e7\u00e3o das amostras. Nenhum fluxo de ar n\u00e3o filtrado entra na zona de trabalho, de modo que a amostra n\u00e3o seja contaminado pelo ar exterior. Seguindo as seguintes orienta\u00e7\u00f5es: Guia para Biosseguran\u00e7a - Cabines de Seguran\u00e7a Biol\u00f3gica, Manual do equipamento - Cabine de Seguran\u00e7a Biol\u00f3gica de Classe II ESCO.<\/p>\n<p>&nbsp;<\/p>\n<p><img loading=\"lazy\" class=\" wp-image-583 aligncenter\" src=\"http:\/\/www2.uepg.br\/labrecursoshidricos\/wp-content\/uploads\/sites\/9\/2019\/04\/20181101_102903-300x169.jpg\" alt=\"\" width=\"434\" height=\"245\" srcset=\"https:\/\/www2.uepg.br\/labrecursoshidricos\/wp-content\/uploads\/sites\/9\/2019\/04\/20181101_102903-300x169.jpg 300w, https:\/\/www2.uepg.br\/labrecursoshidricos\/wp-content\/uploads\/sites\/9\/2019\/04\/20181101_102903-768x432.jpg 768w, https:\/\/www2.uepg.br\/labrecursoshidricos\/wp-content\/uploads\/sites\/9\/2019\/04\/20181101_102903-1024x576.jpg 1024w, https:\/\/www2.uepg.br\/labrecursoshidricos\/wp-content\/uploads\/sites\/9\/2019\/04\/20181101_102903-1232x693.jpg 1232w, https:\/\/www2.uepg.br\/labrecursoshidricos\/wp-content\/uploads\/sites\/9\/2019\/04\/20181101_102903-1920x1080.jpg 1920w\" sizes=\"(max-width: 434px) 100vw, 434px\" \/><\/p>\n<\/div>\n<\/div><\/div><\/div><\/div><\/div><div id=\"pg-110-6\"  class=\"panel-grid panel-has-style\" ><div id=\"estufa-encubacao\" class=\"panel-row-style panel-row-style-for-110-6\" ><div id=\"pgc-110-6-0\"  class=\"panel-grid-cell\" ><div id=\"panel-110-6-0-0\" class=\"so-panel widget widget_sow-editor panel-first-child panel-last-child\" data-index=\"7\" ><div\n\t\t\t\n\t\t\tclass=\"so-widget-sow-editor so-widget-sow-editor-base\"\n\t\t\t\n\t\t><h3 class=\"widget-title\">Estufa de Incuba\u00e7\u00e3o<\/h3>\n<div class=\"siteorigin-widget-tinymce textwidget\">\n\t<p>Usada para determina\u00e7\u00e3o de bact\u00e9rias heterotr\u00f3ficas, coliformes totais e <em>Escherichia coli.<\/em><\/p>\n<p>&nbsp;<\/p>\n<p><img loading=\"lazy\" class=\" wp-image-467 aligncenter\" src=\"http:\/\/www2.uepg.br\/labrecursoshidricos\/wp-content\/uploads\/sites\/9\/2019\/04\/20181101_103113-300x169.jpg\" alt=\"\" width=\"453\" height=\"255\" \/><\/p>\n<\/div>\n<\/div><\/div><\/div><\/div><\/div><\/div>","protected":false},"excerpt":{"rendered":"<p>A an\u00e1lise bacteriol\u00f3gica da \u00e1gua investiga a presen\u00e7a de microrganismos como coliformes totais, coliformes fecais (Escherichia coli) e contagem total de bact\u00e9rias (Bact\u00e9rias heterotr\u00f3ficas). Comp\u00f5em os grupos de bact\u00e9rias gram-negativas que podem ser aer\u00f3bicas ou anaer\u00f3bicas dependendo do ambiente e da bact\u00e9ria, s\u00e3o associadas \u00e0 decomposi\u00e7\u00e3o de mat\u00e9ria org\u00e2nica. A aus\u00eancia de coliformes totais na&nbsp;&hellip;<\/p>\n","protected":false},"author":24,"featured_media":0,"parent":0,"menu_order":0,"comment_status":"closed","ping_status":"closed","template":"","meta":[],"_links":{"self":[{"href":"https:\/\/www2.uepg.br\/labrecursoshidricos\/wp-json\/wp\/v2\/pages\/110"}],"collection":[{"href":"https:\/\/www2.uepg.br\/labrecursoshidricos\/wp-json\/wp\/v2\/pages"}],"about":[{"href":"https:\/\/www2.uepg.br\/labrecursoshidricos\/wp-json\/wp\/v2\/types\/page"}],"author":[{"embeddable":true,"href":"https:\/\/www2.uepg.br\/labrecursoshidricos\/wp-json\/wp\/v2\/users\/24"}],"replies":[{"embeddable":true,"href":"https:\/\/www2.uepg.br\/labrecursoshidricos\/wp-json\/wp\/v2\/comments?post=110"}],"version-history":[{"count":46,"href":"https:\/\/www2.uepg.br\/labrecursoshidricos\/wp-json\/wp\/v2\/pages\/110\/revisions"}],"predecessor-version":[{"id":761,"href":"https:\/\/www2.uepg.br\/labrecursoshidricos\/wp-json\/wp\/v2\/pages\/110\/revisions\/761"}],"wp:attachment":[{"href":"https:\/\/www2.uepg.br\/labrecursoshidricos\/wp-json\/wp\/v2\/media?parent=110"}],"curies":[{"name":"wp","href":"https:\/\/api.w.org\/{rel}","templated":true}]}}