{"id":21,"date":"2018-11-06T14:24:08","date_gmt":"2018-11-06T16:24:08","guid":{"rendered":"http:\/\/www2.uepg.br\/labrecursoshidricos\/?page_id=21"},"modified":"2019-05-02T11:01:26","modified_gmt":"2019-05-02T14:01:26","slug":"estrutura-administrativa","status":"publish","type":"page","link":"https:\/\/www2.uepg.br\/labrecursoshidricos\/estrutura-administrativa\/","title":{"rendered":"Estrutura Administrativa"},"content":{"rendered":"<h3>Coordenador do Laborat\u00f3rio<\/h3>\n<p>Prof. Dr. P\u00e9ricles Martin Reche<\/p>\n<h3>T\u00e9cnicos em Laborat\u00f3rio<\/h3>\n<ul>\n<li style=\"list-style-type: none\">\n<ul>\n<li>Aur\u00e9lio Rodrigues \u2013 Forma\u00e7\u00e3o T\u00e9cnica em Qu\u00edmica e Meio Ambiente, graduado em Licenciatura em Hist\u00f3ria, respons\u00e1vel pelo Laborat\u00f3rio de An\u00e1lises Bacteriol\u00f3gicas.<\/li>\n<li>Edelor Ingles da Luz \u2013 Forma\u00e7\u00e3o T\u00e9cnica em Qu\u00edmica e Meio Ambiente, Tecn\u00f3logo em Gest\u00e3o Log\u00edstica, Graduado em Administra\u00e7\u00e3o P\u00fablica e Especialista em Pol\u00edticas P\u00fablicas, respons\u00e1vel pelo setor administrativo e suporte aos laborat\u00f3rios.<\/li>\n<li>Wilson Alves de Moraes \u2013 Forma\u00e7\u00e3o T\u00e9cnico em Qu\u00edmica e Tecn\u00f3logo em Gest\u00e3o de Produ\u00e7\u00e3o Industrial, respons\u00e1vel pelo Laborat\u00f3rio de An\u00e1lises F\u00edsico-Qu\u00edmicas.<\/li>\n<\/ul>\n<\/li>\n<\/ul>\n<h3>Estagi\u00e1rios<\/h3>\n<p>Est\u00e1gio administrativo oferecido a v\u00e1rios cursos voltado para a \u00e1rea laboratorial em quest\u00e3o e est\u00e1gio curricular ofertado ao curso de Farm\u00e1cia e Biologia. Exercendo atividades no Laborat\u00f3rios F\u00edsico-Qu\u00edmico e Bacteriol\u00f3gico.<\/p>\n","protected":false},"excerpt":{"rendered":"<p>Coordenador do Laborat\u00f3rio Prof. Dr. P\u00e9ricles Martin Reche T\u00e9cnicos em Laborat\u00f3rio Aur\u00e9lio Rodrigues \u2013 Forma\u00e7\u00e3o T\u00e9cnica em Qu\u00edmica e Meio Ambiente, graduado em Licenciatura em Hist\u00f3ria, respons\u00e1vel pelo Laborat\u00f3rio de An\u00e1lises Bacteriol\u00f3gicas. Edelor Ingles da Luz \u2013 Forma\u00e7\u00e3o T\u00e9cnica em Qu\u00edmica e Meio Ambiente, Tecn\u00f3logo em Gest\u00e3o Log\u00edstica, Graduado em Administra\u00e7\u00e3o P\u00fablica e Especialista em&nbsp;&hellip;<\/p>\n","protected":false},"author":24,"featured_media":0,"parent":0,"menu_order":0,"comment_status":"closed","ping_status":"closed","template":"","meta":[],"_links":{"self":[{"href":"https:\/\/www2.uepg.br\/labrecursoshidricos\/wp-json\/wp\/v2\/pages\/21"}],"collection":[{"href":"https:\/\/www2.uepg.br\/labrecursoshidricos\/wp-json\/wp\/v2\/pages"}],"about":[{"href":"https:\/\/www2.uepg.br\/labrecursoshidricos\/wp-json\/wp\/v2\/types\/page"}],"author":[{"embeddable":true,"href":"https:\/\/www2.uepg.br\/labrecursoshidricos\/wp-json\/wp\/v2\/users\/24"}],"replies":[{"embeddable":true,"href":"https:\/\/www2.uepg.br\/labrecursoshidricos\/wp-json\/wp\/v2\/comments?post=21"}],"version-history":[{"count":7,"href":"https:\/\/www2.uepg.br\/labrecursoshidricos\/wp-json\/wp\/v2\/pages\/21\/revisions"}],"predecessor-version":[{"id":661,"href":"https:\/\/www2.uepg.br\/labrecursoshidricos\/wp-json\/wp\/v2\/pages\/21\/revisions\/661"}],"wp:attachment":[{"href":"https:\/\/www2.uepg.br\/labrecursoshidricos\/wp-json\/wp\/v2\/media?parent=21"}],"curies":[{"name":"wp","href":"https:\/\/api.w.org\/{rel}","templated":true}]}}

<h3>Coordenador do Laboratório</h3>
<p>Prof. Dr. Péricles Martin Reche</p>
<h3>Técnicos em Laboratório</h3>
<ul>
<li style="list-style-type: none">
<ul>
<li>Aurélio Rodrigues – Formação Técnica em Química e Meio Ambiente, graduado em Licenciatura em História, responsável pelo Laboratório de Análises Bacteriológicas.</li>
<li>Edelor Ingles da Luz – Formação Técnica em Química e Meio Ambiente, Tecnólogo em Gestão Logística, Graduado em Administração Pública e Especialista em Políticas Públicas, responsável pelo setor administrativo e suporte aos laboratórios.</li>
<li>Wilson Alves de Moraes – Formação Técnico em Química e Tecnólogo em Gestão de Produção Industrial, responsável pelo Laboratório de Análises Físico-Químicas.</li>
</ul>
</li>
</ul>
<h3>Estagiários</h3>
<p>Estágio administrativo oferecido a vários cursos voltado para a área laboratorial em questão e estágio curricular ofertado ao curso de Farmácia e Biologia. Exercendo atividades no Laboratórios Físico-Químico e Bacteriológico.</p>

<p>Coordenador do Laboratório Prof. Dr. Péricles Martin Reche Técnicos em Laboratório Aurélio Rodrigues – Formação Técnica em Química e Meio Ambiente, graduado em Licenciatura em História, responsável pelo Laboratório de Análises Bacteriológicas. Edelor Ingles da Luz – Formação Técnica em Química e Meio Ambiente, Tecnólogo em Gestão Logística, Graduado em Administração Pública e Especialista em&nbsp;&hellip;</p>
