{"id":51,"date":"2018-11-06T15:57:19","date_gmt":"2018-11-06T17:57:19","guid":{"rendered":"http:\/\/www2.uepg.br\/labrecursoshidricos\/?page_id=51"},"modified":"2019-05-02T15:51:50","modified_gmt":"2019-05-02T18:51:50","slug":"descarte-de-residuos","status":"publish","type":"page","link":"https:\/\/www2.uepg.br\/labrecursoshidricos\/descarte-de-residuos\/","title":{"rendered":"Descarte de res\u00edduos"},"content":{"rendered":"<p>Os res\u00edduos qu\u00edmicos do laborat\u00f3rio s\u00e3o direcionados \u00e0 <a href=\"http:\/\/www3.uepg.br\/crrq\/seguranca-quimica\/\" target=\"_blank\" rel=\"noopener noreferrer\">Central de Reagentes e Res\u00edduos Qu\u00edmicos CRRQ &#8211; UEPG<\/a>, onde recebem destino apropriado. J\u00e1 o res\u00edduo biol\u00f3gico \u00e9 autoclavado e armazenado em local apropriado onde posteriormente \u00e9 retirado por empresa terceirizada.<\/p>\n<p>&nbsp;<\/p>\n<p><img loading=\"lazy\" class=\"wp-image-266 aligncenter\" src=\"http:\/\/www2.uepg.br\/labrecursoshidricos\/wp-content\/uploads\/sites\/9\/2019\/04\/laboratorio_recursos_hidricos_descarte.jpg\" alt=\"\" width=\"206\" height=\"206\" srcset=\"https:\/\/www2.uepg.br\/labrecursoshidricos\/wp-content\/uploads\/sites\/9\/2019\/04\/laboratorio_recursos_hidricos_descarte.jpg 300w, https:\/\/www2.uepg.br\/labrecursoshidricos\/wp-content\/uploads\/sites\/9\/2019\/04\/laboratorio_recursos_hidricos_descarte-150x150.jpg 150w\" sizes=\"(max-width: 206px) 100vw, 206px\" \/><\/p>\n","protected":false},"excerpt":{"rendered":"<p>Os res\u00edduos qu\u00edmicos do laborat\u00f3rio s\u00e3o direcionados \u00e0 Central de Reagentes e Res\u00edduos Qu\u00edmicos CRRQ &#8211; UEPG, onde recebem destino apropriado. J\u00e1 o res\u00edduo biol\u00f3gico \u00e9 autoclavado e armazenado em local apropriado onde posteriormente \u00e9 retirado por empresa terceirizada. &nbsp;<\/p>\n","protected":false},"author":24,"featured_media":0,"parent":0,"menu_order":0,"comment_status":"closed","ping_status":"closed","template":"","meta":[],"_links":{"self":[{"href":"https:\/\/www2.uepg.br\/labrecursoshidricos\/wp-json\/wp\/v2\/pages\/51"}],"collection":[{"href":"https:\/\/www2.uepg.br\/labrecursoshidricos\/wp-json\/wp\/v2\/pages"}],"about":[{"href":"https:\/\/www2.uepg.br\/labrecursoshidricos\/wp-json\/wp\/v2\/types\/page"}],"author":[{"embeddable":true,"href":"https:\/\/www2.uepg.br\/labrecursoshidricos\/wp-json\/wp\/v2\/users\/24"}],"replies":[{"embeddable":true,"href":"https:\/\/www2.uepg.br\/labrecursoshidricos\/wp-json\/wp\/v2\/comments?post=51"}],"version-history":[{"count":13,"href":"https:\/\/www2.uepg.br\/labrecursoshidricos\/wp-json\/wp\/v2\/pages\/51\/revisions"}],"predecessor-version":[{"id":688,"href":"https:\/\/www2.uepg.br\/labrecursoshidricos\/wp-json\/wp\/v2\/pages\/51\/revisions\/688"}],"wp:attachment":[{"href":"https:\/\/www2.uepg.br\/labrecursoshidricos\/wp-json\/wp\/v2\/media?parent=51"}],"curies":[{"name":"wp","href":"https:\/\/api.w.org\/{rel}","templated":true}]}}