{"id":6,"date":"2018-11-06T14:02:10","date_gmt":"2018-11-06T16:02:10","guid":{"rendered":"http:\/\/www2.uepg.br\/labrecursoshidricos\/?page_id=6"},"modified":"2019-05-03T10:44:02","modified_gmt":"2019-05-03T13:44:02","slug":"sobre-o-lrh","status":"publish","type":"page","link":"https:\/\/www2.uepg.br\/labrecursoshidricos\/sobre-o-lrh\/","title":{"rendered":"Sobre o LRH"},"content":{"rendered":"<div id=\"pl-6\"  class=\"panel-layout\" ><div id=\"pg-6-0\"  class=\"panel-grid panel-no-style\" ><div id=\"pgc-6-0-0\"  class=\"panel-grid-cell\" ><div id=\"panel-6-0-0-0\" class=\"so-panel widget widget_sow-editor panel-first-child panel-last-child\" data-index=\"0\" ><div\n\t\t\t\n\t\t\tclass=\"so-widget-sow-editor so-widget-sow-editor-base\"\n\t\t\t\n\t\t>\n<div class=\"siteorigin-widget-tinymce textwidget\">\n\t<h2 id=\"historico\">Hist\u00f3rico<\/h2>\n<p>O Laborat\u00f3rio de Pesquisa em Recursos H\u00eddricos (LRH) foi criado em 1993 pelo Prof. Dr. Alberto Estefano Guilherme Kloth a partir da disciplina de Higiene Social do Curso de Farm\u00e1cia e Bioqu\u00edmica, inicialmente realizando an\u00e1lises das amostras de \u00e1gua coletadas pelos acad\u00eamicos em diversos pontos da cidade, com isso aumentou o interesse e a demanda da comunidade em avaliar a qualidade da \u00e1gua,\u00a0 havendo assim a necessidade de um espa\u00e7o exclusivo.<\/p>\n<\/div>\n<\/div><\/div><\/div><\/div><div id=\"pg-6-1\"  class=\"panel-grid panel-no-style\" ><div id=\"pgc-6-1-0\"  class=\"panel-grid-cell panel-grid-cell-mobile-last\" ><div id=\"panel-6-1-0-0\" class=\"so-panel widget widget_sow-editor panel-first-child panel-last-child\" data-index=\"1\" ><div\n\t\t\t\n\t\t\tclass=\"so-widget-sow-editor so-widget-sow-editor-base\"\n\t\t\t\n\t\t>\n<div class=\"siteorigin-widget-tinymce textwidget\">\n\t<p>O espa\u00e7o f\u00edsico, ora existente, foi inaugurado em novembro de 2006, originando o Laborat\u00f3rio de Pesquisa em Recursos H\u00eddricos, com recursos oriundos de Emenda Parlamentar de autoria do Deputado Federal Afonso Alves de Camargo Neto. Sua cria\u00e7\u00e3o se deu pela resolu\u00e7\u00e3o UNIV n\u00ba 46 e 47 de 11 de novembro de 2011, pela qual aprovou o regimento interno do laborat\u00f3rio na estrutura organizacional da Universidade Estadual de Ponta Grossa (UEPG).<br \/>\nNeste mesmo espa\u00e7o f\u00edsico s\u00e3o atendidas in\u00fameras entidades localizadas na regi\u00e3o dos Campos Gerais. S\u00e3o realizadas presta\u00e7\u00f5es de servi\u00e7os como:<\/p>\n<\/div>\n<\/div><\/div><\/div><div id=\"pgc-6-1-1\"  class=\"panel-grid-cell panel-grid-cell-empty\" ><\/div><\/div><div id=\"pg-6-2\"  class=\"panel-grid panel-no-style\" ><div id=\"pgc-6-2-0\"  class=\"panel-grid-cell\" ><div id=\"panel-6-2-0-0\" class=\"so-panel widget widget_sow-editor panel-first-child panel-last-child\" data-index=\"2\" ><div\n\t\t\t\n\t\t\tclass=\"so-widget-sow-editor so-widget-sow-editor-base\"\n\t\t\t\n\t\t>\n<div class=\"siteorigin-widget-tinymce textwidget\">\n\t<ul>\n<li>Atendimento de Conv\u00eanio firmado entre a UEPG e \u00f3rg\u00e3os estatais, como a Secretaria de Estado da Sa\u00fade\/Instituto de Sa\u00fade do Paran\u00e1 - SESA \/ ISEPR, atrav\u00e9s do qual s\u00e3o atendidos 19 munic\u00edpios de duas Regionais de Sa\u00fade;<\/li>\n<li>Atendimento a Hospitais localizados na regi\u00e3o dos campos gerais para dar cumprimento \u00e0 legisla\u00e7\u00e3o que estabelece a obrigatoriedade da avalia\u00e7\u00e3o rotineira da \u00e1gua empregada nos respectivos estabelecimentos;<\/li>\n<li>Igualmente em aten\u00e7\u00e3o aos dispositivos sanit\u00e1rios existentes o laborat\u00f3rio desenvolve assist\u00eancia t\u00e9cnico-laboratorial a in\u00fameros estabelecimentos que, por for\u00e7a de legisla\u00e7\u00e3o, s\u00e3o obrigados a manter o controle sanit\u00e1rio da \u00e1gua;<\/li>\n<li>Ainda em cumprimento a dispositivos legais existentes s\u00e3o desenvolvidas atividades, em forma de pronto atendimento, que visam dar suporte ao p\u00fablico e institui\u00e7\u00f5es interessadas no tocante \u00e0 qualidade da \u00e1gua de consumo.<\/li>\n<\/ul>\n<p>As atividades desenvolvidas no laborat\u00f3rio de Pesquisa em Recursos H\u00eddricos seguem a rotina de an\u00e1lises existentes em legisla\u00e7\u00f5es internacionais e nacionais. Envolvem, basicamente, an\u00e1lises bacteriol\u00f3gicas e f\u00edsico-qu\u00edmicas em amostras de \u00e1guas oriundas de empresas, piscinas de recrea\u00e7\u00e3o, hospitais, rios e fontes que possam apresentar comprometimento em sua qualidade.<\/p>\n<\/div>\n<\/div><\/div><\/div><\/div><div id=\"pg-6-3\"  class=\"panel-grid panel-no-style\" ><div id=\"pgc-6-3-0\"  class=\"panel-grid-cell\" ><div id=\"panel-6-3-0-0\" class=\"so-panel widget widget_sow-editor panel-first-child panel-last-child\" data-index=\"3\" ><div\n\t\t\t\n\t\t\tclass=\"so-widget-sow-editor so-widget-sow-editor-base\"\n\t\t\t\n\t\t>\n<div class=\"siteorigin-widget-tinymce textwidget\">\n\t<h2 id=\"missao\">Miss\u00e3o<\/h2>\n<p>Fornecer resultados de an\u00e1lises de \u00e1gua com qualidade e confiabilidade contribuindo na preven\u00e7\u00e3o de doen\u00e7as de veicula\u00e7\u00e3o h\u00eddrica.<\/p>\n<h2 id=\"visao\">Vis\u00e3o<\/h2>\n<p>Ser um laborat\u00f3rio de refer\u00eancia em an\u00e1lise de \u00e1gua nos Campos Gerais.<\/p>\n<h2 id=\"valores\">Valores<\/h2>\n<p>Comprometimento, confian\u00e7a, honestidade e a excel\u00eancia na presta\u00e7\u00e3o do servi\u00e7o.<\/p>\n<p>&nbsp;<\/p>\n<\/div>\n<\/div><\/div><\/div><div id=\"pgc-6-3-1\"  class=\"panel-grid-cell\" ><div id=\"panel-6-3-1-0\" class=\"so-panel widget widget_sow-image panel-first-child panel-last-child\" data-index=\"4\" ><div\n\t\t\t\n\t\t\tclass=\"so-widget-sow-image so-widget-sow-image-default-fb8141de146a-6\"\n\t\t\t\n\t\t>\n\n<div class=\"sow-image-container\">\n\t\t<img src=\"https:\/\/www2.uepg.br\/labrecursoshidricos\/wp-content\/uploads\/sites\/9\/2019\/04\/missao_visao_valores_objetivos.gif\" width=\"289\" height=\"283\" sizes=\"(max-width: 289px) 100vw, 289px\" alt=\"\" loading=\"lazy\" \t\tclass=\"so-widget-image\"\/>\n\t<\/div>\n\n<\/div><\/div><\/div><\/div><div id=\"pg-6-4\"  class=\"panel-grid panel-no-style\" ><div id=\"pgc-6-4-0\"  class=\"panel-grid-cell\" ><div id=\"panel-6-4-0-0\" class=\"so-panel widget widget_sow-editor panel-first-child panel-last-child\" data-index=\"5\" ><div\n\t\t\t\n\t\t\tclass=\"so-widget-sow-editor so-widget-sow-editor-base\"\n\t\t\t\n\t\t>\n<div class=\"siteorigin-widget-tinymce textwidget\">\n\t<h2 id=\"objetios\">Objetivos<\/h2>\n<p>Ser refer\u00eancia em an\u00e1lise de qualidade em \u00e1gua, contribuindo com as atividades de ensino, pesquisa e extens\u00e3o da Universidade Estadual de Ponta Grossa.<\/p>\n<ul>\n<li>Realizar presta\u00e7\u00e3o de servi\u00e7os em an\u00e1lise de \u00e1gua para a pr\u00f3pria Institui\u00e7\u00e3o, hospitais, farm\u00e1cias, servi\u00e7os de sa\u00fade sejam privados ou p\u00fablicos, setores comerciais, resid\u00eancias, entre outros;<\/li>\n<li>Executar an\u00e1lises f\u00edsico-qu\u00edmicas e bacteriol\u00f3gicas das amostras recebidas e emitir laudo de qualidade;<\/li>\n<li>Estabelecer conv\u00eanios com diferentes \u00f3rg\u00e3os que tratam da qualidade da \u00e1gua;<\/li>\n<li>Contribuir com a pesquisa na \u00e1rea de an\u00e1lise da qualidade da \u00e1gua;<\/li>\n<li>Servir de campo de ensino e treinamento para os estudantes de gradua\u00e7\u00e3o e p\u00f3s-gradua\u00e7\u00e3o do Setor de Ci\u00eancias Biol\u00f3gicas e da Sa\u00fade ou outro que assim interessar, qualificando-os na \u00e1rea de an\u00e1lise da \u00e1gua bem como na melhoria da qualidade da \u00e1gua utilizada para diversos fins;<\/li>\n<li>Colaborar com a pr\u00e1tica de sa\u00fade coletiva, juntamente com os \u00f3rg\u00e3os estaduais, municipais e entidades afins;<\/li>\n<li>Promover o interc\u00e2mbio de profissionais e acad\u00eamicos entre as Institui\u00e7\u00f5es de Ensino Superior (IES) do Paran\u00e1, com o intuito de firmar parcerias que possam fortalecer as atividades relacionadas a an\u00e1lise da qualidade da \u00e1gua.<\/li>\n<\/ul>\n<p>&nbsp;<\/p>\n<p>&nbsp;<\/p>\n<\/div>\n<\/div><\/div><\/div><\/div><div id=\"pg-6-5\"  class=\"panel-grid panel-no-style\" ><div id=\"pgc-6-5-0\"  class=\"panel-grid-cell panel-grid-cell-mobile-last\" ><div id=\"panel-6-5-0-0\" class=\"so-panel widget widget_sow-editor panel-first-child panel-last-child\" data-index=\"6\" ><div\n\t\t\t\n\t\t\tclass=\"so-widget-sow-editor so-widget-sow-editor-base\"\n\t\t\t\n\t\t>\n<div class=\"siteorigin-widget-tinymce textwidget\">\n\t<h2 id=\"politica-de-qualidade\">Pol\u00edtica de Qualidade<\/h2>\n<p>O compromisso do Laborat\u00f3rio de Pesquisa em Recursos H\u00eddricos \u00e9 buscar a excel\u00eancia em an\u00e1lise de \u00e1gua para fins de potabilidade, garantindo a confiabilidade e agilidade dos resultados e satisfa\u00e7\u00e3o dos clientes.<\/p>\n<ul>\n<li>Manter a motiva\u00e7\u00e3o da equipe e o compromisso com os resultados do laborat\u00f3rio.<\/li>\n<li>Sistema de gest\u00e3o da qualidade no sentido da melhoria cont\u00ednua dos procedimentos e servi\u00e7os.<\/li>\n<li>Estabelecer rela\u00e7\u00e3o de confian\u00e7a e promovendo a melhor solu\u00e7\u00e3o para o cliente.<\/li>\n<\/ul>\n<p align=\"justify\">\n<\/div>\n<\/div><\/div><\/div><div id=\"pgc-6-5-1\"  class=\"panel-grid-cell panel-grid-cell-empty\" ><\/div><\/div><div id=\"pg-6-6\"  class=\"panel-grid panel-no-style\" ><div id=\"pgc-6-6-0\"  class=\"panel-grid-cell\" ><div id=\"panel-6-6-0-0\" class=\"so-panel widget widget_sow-editor panel-first-child panel-last-child\" data-index=\"7\" ><div\n\t\t\t\n\t\t\tclass=\"so-widget-sow-editor so-widget-sow-editor-base\"\n\t\t\t\n\t\t>\n<div class=\"siteorigin-widget-tinymce textwidget\">\n\t<h2 id=\"espaco-fisico\">Espa\u00e7o F\u00edsico<\/h2>\n<p align=\"justify\">O laborat\u00f3rio est\u00e1 instalado em uma \u00e1rea de 300 m<sup>2<\/sup>, divido em dois ambientes:<br \/>\nLaborat\u00f3rio de An\u00e1lises F\u00edsico - Qu\u00edmicas com ambientes de Pesagem, Controle de qualidade, Espectrofotometria e Dep\u00f3sito de materiais.<br \/>\nLaborat\u00f3rio de An\u00e1lises Bacteriol\u00f3gicas com ambientes de Inocula\u00e7\u00e3o, Estufa, Sala de preparo, Esteriliza\u00e7\u00e3o, Limpeza e descarte de material contaminado.<\/p>\n<h2 id=\"localizacao\">Localiza\u00e7\u00e3o<\/h2>\n<\/div>\n<\/div><\/div><\/div><\/div><div id=\"pg-6-7\"  class=\"panel-grid panel-no-style\" ><div id=\"pgc-6-7-0\"  class=\"panel-grid-cell\" ><div id=\"panel-6-7-0-0\" class=\"so-panel widget widget_sow-image panel-first-child panel-last-child\" data-index=\"8\" ><div\n\t\t\t\n\t\t\tclass=\"so-widget-sow-image so-widget-sow-image-default-72463164d13f-6\"\n\t\t\t\n\t\t>\n\n<div class=\"sow-image-container\">\n\t\t\t<a href=\"https:\/\/www.google.com\/maps\/dir\/\/Laborat%C3%B3rio+de+Recursos+H%C3%ADdricos+-+UEPG+-+Uvaranas,+Ponta+Grossa+-+PR\/@-25.0947021,-50.0989686,4039m\/data=!3m1!1e3!4m8!4m7!1m0!1m5!1m1!1s0x94e81b681634c739:0xe5d5ccf8a7e7cdb4!2m2!1d-50.1031382!2d-25.0947071\"\n\t\t\ttarget=\"_blank\" rel=\"noopener noreferrer\" \t\t>\n\t\t\t<img src=\"https:\/\/www2.uepg.br\/labrecursoshidricos\/wp-content\/uploads\/sites\/9\/2019\/04\/mapa_recursos_hidricos-e1554212882726.png\" width=\"1310\" height=\"655\" srcset=\"https:\/\/www2.uepg.br\/labrecursoshidricos\/wp-content\/uploads\/sites\/9\/2019\/04\/mapa_recursos_hidricos-e1554212882726.png 1310w, https:\/\/www2.uepg.br\/labrecursoshidricos\/wp-content\/uploads\/sites\/9\/2019\/04\/mapa_recursos_hidricos-e1554212882726-300x150.png 300w, https:\/\/www2.uepg.br\/labrecursoshidricos\/wp-content\/uploads\/sites\/9\/2019\/04\/mapa_recursos_hidricos-e1554212882726-768x384.png 768w, https:\/\/www2.uepg.br\/labrecursoshidricos\/wp-content\/uploads\/sites\/9\/2019\/04\/mapa_recursos_hidricos-e1554212882726-1024x512.png 1024w, https:\/\/www2.uepg.br\/labrecursoshidricos\/wp-content\/uploads\/sites\/9\/2019\/04\/mapa_recursos_hidricos-e1554212882726-1232x616.png 1232w\" sizes=\"(max-width: 1310px) 100vw, 1310px\" title=\"clique no mapa e obtenha uma rota at\u00e9 o Laborat\u00f3rio!\" alt=\"\" loading=\"lazy\" \t\tclass=\"so-widget-image\"\/>\n\t<\/a><\/div>\n\n<h3 class=\"widget-title\">clique no mapa e obtenha uma rota at\u00e9 o Laborat\u00f3rio!<\/h3><\/div><\/div><\/div><\/div><\/div>","protected":false},"excerpt":{"rendered":"<p>Hist\u00f3rico O Laborat\u00f3rio de Pesquisa em Recursos H\u00eddricos (LRH) foi criado em 1993 pelo Prof. Dr. Alberto Estefano Guilherme Kloth a partir da disciplina de Higiene Social do Curso de Farm\u00e1cia e Bioqu\u00edmica, inicialmente realizando an\u00e1lises das amostras de \u00e1gua coletadas pelos acad\u00eamicos em diversos pontos da cidade, com isso aumentou o interesse e a&nbsp;&hellip;<\/p>\n","protected":false},"author":24,"featured_media":0,"parent":0,"menu_order":0,"comment_status":"closed","ping_status":"closed","template":"","meta":[],"_links":{"self":[{"href":"https:\/\/www2.uepg.br\/labrecursoshidricos\/wp-json\/wp\/v2\/pages\/6"}],"collection":[{"href":"https:\/\/www2.uepg.br\/labrecursoshidricos\/wp-json\/wp\/v2\/pages"}],"about":[{"href":"https:\/\/www2.uepg.br\/labrecursoshidricos\/wp-json\/wp\/v2\/types\/page"}],"author":[{"embeddable":true,"href":"https:\/\/www2.uepg.br\/labrecursoshidricos\/wp-json\/wp\/v2\/users\/24"}],"replies":[{"embeddable":true,"href":"https:\/\/www2.uepg.br\/labrecursoshidricos\/wp-json\/wp\/v2\/comments?post=6"}],"version-history":[{"count":49,"href":"https:\/\/www2.uepg.br\/labrecursoshidricos\/wp-json\/wp\/v2\/pages\/6\/revisions"}],"predecessor-version":[{"id":739,"href":"https:\/\/www2.uepg.br\/labrecursoshidricos\/wp-json\/wp\/v2\/pages\/6\/revisions\/739"}],"wp:attachment":[{"href":"https:\/\/www2.uepg.br\/labrecursoshidricos\/wp-json\/wp\/v2\/media?parent=6"}],"curies":[{"name":"wp","href":"https:\/\/api.w.org\/{rel}","templated":true}]}}