{"id":377,"date":"2024-02-29T11:25:56","date_gmt":"2024-02-29T14:25:56","guid":{"rendered":"http:\/\/www2.uepg.br\/lama\/wp-content\/uploads\/sites\/7\/2024\/02\/Foto-9.png"},"modified":"2024-03-19T14:11:41","modified_gmt":"2024-03-19T17:11:41","slug":"foto-9","status":"inherit","type":"attachment","link":"https:\/\/www2.uepg.br\/lama\/lama-uepg-comemora-24-anos-do-primeiro-trote-solidario-da-uepg\/foto-9\/","title":{"rendered":"Foto 9"},"author":264,"comment_status":"closed","ping_status":"closed","template":"","meta":[],"description":{"rendered":"<p class=\"attachment\"><a href='https:\/\/www2.uepg.br\/lama\/wp-content\/uploads\/sites\/7\/2024\/02\/Foto-9.png'><img width=\"300\" height=\"204\" src=\"https:\/\/www2.uepg.br\/lama\/wp-content\/uploads\/sites\/7\/2024\/02\/Foto-9.png\" class=\"attachment-medium size-medium\" alt=\"\" loading=\"lazy\" \/><\/a><\/p>\n"},"caption":{"rendered":"<p>Fotos 6,7 e 8. Prepara\u00e7\u00e3o e apresenta\u00e7\u00e3o da pe\u00e7a de teatro pelo Lama\/UEPG para as crian\u00e7as e adolescentes da Cidade dos Meninos.<\/p>\n"},"alt_text":"","media_type":"image","mime_type":"image\/png","media_details":{"width":642,"height":436,"file":"2024\/02\/Foto-9.png","filesize":648510,"sizes":{},"image_meta":{"aperture":"0","credit":"","camera":"","caption":"","created_timestamp":"0","copyright":"","focal_length":"0","iso":"0","shutter_speed":"0","title":"","orientation":"0","keywords":[]}},"post":372,"source_url":"https:\/\/www2.uepg.br\/lama\/wp-content\/uploads\/sites\/7\/2024\/02\/Foto-9.png","_links":{"self":[{"href":"https:\/\/www2.uepg.br\/lama\/wp-json\/wp\/v2\/media\/377"}],"collection":[{"href":"https:\/\/www2.uepg.br\/lama\/wp-json\/wp\/v2\/media"}],"about":[{"href":"https:\/\/www2.uepg.br\/lama\/wp-json\/wp\/v2\/types\/attachment"}],"author":[{"embeddable":true,"href":"https:\/\/www2.uepg.br\/lama\/wp-json\/wp\/v2\/users\/264"}],"replies":[{"embeddable":true,"href":"https:\/\/www2.uepg.br\/lama\/wp-json\/wp\/v2\/comments?post=377"}]}}

<p>Fotos 6,7 e 8. Preparação e apresentação da peça de teatro pelo Lama/UEPG para as crianças e adolescentes da Cidade dos Meninos.</p>
