{"id":388,"date":"2024-03-05T17:19:48","date_gmt":"2024-03-05T20:19:48","guid":{"rendered":"http:\/\/www2.uepg.br\/lama\/wp-content\/uploads\/sites\/7\/2024\/03\/Foto-3.jpg"},"modified":"2024-03-05T17:22:14","modified_gmt":"2024-03-05T20:22:14","slug":"foto-3-2","status":"inherit","type":"attachment","link":"https:\/\/www2.uepg.br\/lama\/lama-uepg-recebe-12-milhoes-de-verba-parlamentar\/foto-3-2\/","title":{"rendered":"Foto 3"},"author":264,"comment_status":"closed","ping_status":"closed","template":"","meta":[],"description":{"rendered":"<p class=\"attachment\"><a href='https:\/\/www2.uepg.br\/lama\/wp-content\/uploads\/sites\/7\/2024\/03\/Foto-3.jpg'><img width=\"300\" height=\"204\" src=\"https:\/\/www2.uepg.br\/lama\/wp-content\/uploads\/sites\/7\/2024\/03\/Foto-3.jpg\" class=\"attachment-medium size-medium\" alt=\"\" loading=\"lazy\" \/><\/a><\/p>\n"},"caption":{"rendered":"<p>Reuni\u00e3o, tamb\u00e9m, contou com a presen\u00e7a do Prof. Edson (Hist\u00f3ria\/UEPG) um dos articuladores da proposta e o Vice-Reitor Prof. Ivo Demiate.<\/p>\n"},"alt_text":"","media_type":"image","mime_type":"image\/jpeg","media_details":{"width":1097,"height":745,"file":"2024\/03\/Foto-3.jpg","filesize":153694,"sizes":{},"image_meta":{"aperture":"0","credit":"","camera":"","caption":"","created_timestamp":"0","copyright":"","focal_length":"0","iso":"0","shutter_speed":"0","title":"","orientation":"0","keywords":[]}},"post":385,"source_url":"https:\/\/www2.uepg.br\/lama\/wp-content\/uploads\/sites\/7\/2024\/03\/Foto-3.jpg","_links":{"self":[{"href":"https:\/\/www2.uepg.br\/lama\/wp-json\/wp\/v2\/media\/388"}],"collection":[{"href":"https:\/\/www2.uepg.br\/lama\/wp-json\/wp\/v2\/media"}],"about":[{"href":"https:\/\/www2.uepg.br\/lama\/wp-json\/wp\/v2\/types\/attachment"}],"author":[{"embeddable":true,"href":"https:\/\/www2.uepg.br\/lama\/wp-json\/wp\/v2\/users\/264"}],"replies":[{"embeddable":true,"href":"https:\/\/www2.uepg.br\/lama\/wp-json\/wp\/v2\/comments?post=388"}]}}

<p>Reunião, também, contou com a presença do Prof. Edson (História/UEPG) um dos articuladores da proposta e o Vice-Reitor Prof. Ivo Demiate.</p>
