{"id":634,"date":"2024-06-26T14:29:03","date_gmt":"2024-06-26T17:29:03","guid":{"rendered":"http:\/\/www2.uepg.br\/lama\/wp-content\/uploads\/sites\/7\/2024\/06\/Imagem-3-2.jpg"},"modified":"2024-06-26T14:31:30","modified_gmt":"2024-06-26T17:31:30","slug":"imagem-3-7","status":"inherit","type":"attachment","link":"https:\/\/www2.uepg.br\/lama\/lama-uepg-fala-sobre-sistemas-agricolas-sustentaveis-em-curso-de-agronegocio\/imagem-3-7\/","title":{"rendered":"Imagem 3"},"author":264,"comment_status":"closed","ping_status":"closed","template":"","meta":[],"description":{"rendered":"<p class=\"attachment\"><a href='https:\/\/www2.uepg.br\/lama\/wp-content\/uploads\/sites\/7\/2024\/06\/Imagem-3-2.jpg'><img width=\"300\" height=\"155\" src=\"https:\/\/www2.uepg.br\/lama\/wp-content\/uploads\/sites\/7\/2024\/06\/Imagem-3-2.jpg\" class=\"attachment-medium size-medium\" alt=\"\" loading=\"lazy\" \/><\/a><\/p>\n"},"caption":{"rendered":"<p>Meninas e meninos do Curso T\u00e9cnico em Agroneg\u00f3cio em Carambe\u00ed, PR.<\/p>\n"},"alt_text":"","media_type":"image","mime_type":"image\/jpeg","media_details":{"width":446,"height":230,"file":"2024\/06\/Imagem-3-2.jpg","filesize":36370,"sizes":{},"image_meta":{"aperture":"0","credit":"","camera":"","caption":"","created_timestamp":"0","copyright":"","focal_length":"0","iso":"0","shutter_speed":"0","title":"","orientation":"0","keywords":[]}},"post":630,"source_url":"https:\/\/www2.uepg.br\/lama\/wp-content\/uploads\/sites\/7\/2024\/06\/Imagem-3-2.jpg","_links":{"self":[{"href":"https:\/\/www2.uepg.br\/lama\/wp-json\/wp\/v2\/media\/634"}],"collection":[{"href":"https:\/\/www2.uepg.br\/lama\/wp-json\/wp\/v2\/media"}],"about":[{"href":"https:\/\/www2.uepg.br\/lama\/wp-json\/wp\/v2\/types\/attachment"}],"author":[{"embeddable":true,"href":"https:\/\/www2.uepg.br\/lama\/wp-json\/wp\/v2\/users\/264"}],"replies":[{"embeddable":true,"href":"https:\/\/www2.uepg.br\/lama\/wp-json\/wp\/v2\/comments?post=634"}]}}

<p>Meninas e meninos do Curso Técnico em Agronegócio em Carambeí, PR.</p>
