{"id":971,"date":"2026-04-14T15:50:14","date_gmt":"2026-04-14T18:50:14","guid":{"rendered":"http:\/\/www2.uepg.br\/lama\/wp-content\/uploads\/sites\/7\/2026\/04\/Imagem-6.jpg"},"modified":"2026-04-14T15:58:57","modified_gmt":"2026-04-14T18:58:57","slug":"imagem-6-7","status":"inherit","type":"attachment","link":"https:\/\/www2.uepg.br\/lama\/lama-uepg-apoia-evento-sobre-bioenergia-do-2o-ano-de-agronomia\/imagem-6-7\/","title":{"rendered":"Imagem 6"},"author":264,"comment_status":"closed","ping_status":"closed","template":"","meta":[],"description":{"rendered":"<p class=\"attachment\"><a href='https:\/\/www2.uepg.br\/lama\/wp-content\/uploads\/sites\/7\/2026\/04\/Imagem-6.jpg'><img width=\"300\" height=\"221\" src=\"https:\/\/www2.uepg.br\/lama\/wp-content\/uploads\/sites\/7\/2026\/04\/Imagem-6-300x221.jpg\" class=\"attachment-medium size-medium\" alt=\"\" loading=\"lazy\" srcset=\"https:\/\/www2.uepg.br\/lama\/wp-content\/uploads\/sites\/7\/2026\/04\/Imagem-6-300x221.jpg 300w, https:\/\/www2.uepg.br\/lama\/wp-content\/uploads\/sites\/7\/2026\/04\/Imagem-6.jpg 680w\" sizes=\"(max-width: 300px) 100vw, 300px\" \/><\/a><\/p>\n"},"caption":{"rendered":"<p>Melhoramento gen\u00e9tico do milho para produ\u00e7\u00e3o de etanol (Jos\u00e9 Lindercio Matias Junior \u2013 Limagrain).<\/p>\n"},"alt_text":"","media_type":"image","mime_type":"image\/jpeg","media_details":{"width":680,"height":500,"file":"2026\/04\/Imagem-6.jpg","filesize":51339,"sizes":{"medium":{"file":"Imagem-6-300x221.jpg","width":300,"height":221,"filesize":11017,"mime_type":"image\/jpeg","source_url":"https:\/\/www2.uepg.br\/lama\/wp-content\/uploads\/sites\/7\/2026\/04\/Imagem-6-300x221.jpg"},"thumbnail":{"file":"Imagem-6-150x150.jpg","width":150,"height":150,"filesize":4742,"mime_type":"image\/jpeg","source_url":"https:\/\/www2.uepg.br\/lama\/wp-content\/uploads\/sites\/7\/2026\/04\/Imagem-6-150x150.jpg"},"sow-carousel-default":{"file":"Imagem-6-272x182.jpg","width":272,"height":182,"filesize":8872,"mime_type":"image\/jpeg","source_url":"https:\/\/www2.uepg.br\/lama\/wp-content\/uploads\/sites\/7\/2026\/04\/Imagem-6-272x182.jpg"},"full":{"file":"Imagem-6.jpg","width":680,"height":500,"mime_type":"image\/jpeg","source_url":"https:\/\/www2.uepg.br\/lama\/wp-content\/uploads\/sites\/7\/2026\/04\/Imagem-6.jpg"}},"image_meta":{"aperture":"0","credit":"","camera":"","caption":"","created_timestamp":"0","copyright":"","focal_length":"0","iso":"0","shutter_speed":"0","title":"","orientation":"0","keywords":[]}},"post":962,"source_url":"https:\/\/www2.uepg.br\/lama\/wp-content\/uploads\/sites\/7\/2026\/04\/Imagem-6.jpg","_links":{"self":[{"href":"https:\/\/www2.uepg.br\/lama\/wp-json\/wp\/v2\/media\/971"}],"collection":[{"href":"https:\/\/www2.uepg.br\/lama\/wp-json\/wp\/v2\/media"}],"about":[{"href":"https:\/\/www2.uepg.br\/lama\/wp-json\/wp\/v2\/types\/attachment"}],"author":[{"embeddable":true,"href":"https:\/\/www2.uepg.br\/lama\/wp-json\/wp\/v2\/users\/264"}],"replies":[{"embeddable":true,"href":"https:\/\/www2.uepg.br\/lama\/wp-json\/wp\/v2\/comments?post=971"}]}}

<p>Melhoramento genético do milho para produção de etanol (José Lindercio Matias Junior – Limagrain).</p>
