{"id":119,"date":"2020-11-11T09:30:26","date_gmt":"2020-11-11T12:30:26","guid":{"rendered":"http:\/\/www2.uepg.br\/lama\/?page_id=119"},"modified":"2024-05-28T11:22:54","modified_gmt":"2024-05-28T14:22:54","slug":"sobre-o-laboratorio","status":"publish","type":"page","link":"https:\/\/www2.uepg.br\/lama\/sobre-o-laboratorio\/","title":{"rendered":"Sobre o Laborat\u00f3rio"},"content":{"rendered":"<p style=\"text-align: center\">O laborat\u00f3rio de Mecaniza\u00e7\u00e3o Agr\u00edcola (Lama) da Universidade Estadual de Ponta Grossa (UEPG) pratica, desde 1992, a\u00e7\u00f5es de ensino, pesquisa, assist\u00eancia t\u00e9cnica e extens\u00e3o rural com \u00eanfase e tecnologias produtivas apropriadas que atendam as demandas do setor. Estas t\u00eam por objetivo melhorar a qualidade de vida dos produtores de base familiar, considerando a conserva\u00e7\u00e3o de recursos naturais, culturais e sociais.<\/p>\n","protected":false},"excerpt":{"rendered":"<p>O laborat\u00f3rio de Mecaniza\u00e7\u00e3o Agr\u00edcola (Lama) da Universidade Estadual de Ponta Grossa (UEPG) pratica, desde 1992, a\u00e7\u00f5es de ensino, pesquisa, assist\u00eancia t\u00e9cnica e extens\u00e3o rural com \u00eanfase e tecnologias produtivas apropriadas que atendam as demandas do setor. Estas t\u00eam por objetivo melhorar a qualidade de vida dos produtores de base familiar, considerando a conserva\u00e7\u00e3o de&nbsp;&hellip;<\/p>\n","protected":false},"author":24,"featured_media":360,"parent":0,"menu_order":0,"comment_status":"closed","ping_status":"closed","template":"","meta":[],"_links":{"self":[{"href":"https:\/\/www2.uepg.br\/lama\/wp-json\/wp\/v2\/pages\/119"}],"collection":[{"href":"https:\/\/www2.uepg.br\/lama\/wp-json\/wp\/v2\/pages"}],"about":[{"href":"https:\/\/www2.uepg.br\/lama\/wp-json\/wp\/v2\/types\/page"}],"author":[{"embeddable":true,"href":"https:\/\/www2.uepg.br\/lama\/wp-json\/wp\/v2\/users\/24"}],"replies":[{"embeddable":true,"href":"https:\/\/www2.uepg.br\/lama\/wp-json\/wp\/v2\/comments?post=119"}],"version-history":[{"count":5,"href":"https:\/\/www2.uepg.br\/lama\/wp-json\/wp\/v2\/pages\/119\/revisions"}],"predecessor-version":[{"id":605,"href":"https:\/\/www2.uepg.br\/lama\/wp-json\/wp\/v2\/pages\/119\/revisions\/605"}],"wp:featuredmedia":[{"embeddable":true,"href":"https:\/\/www2.uepg.br\/lama\/wp-json\/wp\/v2\/media\/360"}],"wp:attachment":[{"href":"https:\/\/www2.uepg.br\/lama\/wp-json\/wp\/v2\/media?parent=119"}],"curies":[{"name":"wp","href":"https:\/\/api.w.org\/{rel}","templated":true}]}}