{"id":310,"date":"2020-03-06T08:23:50","date_gmt":"2020-03-06T11:23:50","guid":{"rendered":"http:\/\/www2.uepg.br\/testes\/?page_id=310"},"modified":"2024-02-07T11:26:40","modified_gmt":"2024-02-07T14:26:40","slug":"contato","status":"publish","type":"page","link":"https:\/\/www2.uepg.br\/licenciatura-matematica\/contato\/","title":{"rendered":"Contato"},"content":{"rendered":"<h4 style=\"text-align: center\"><strong>Local de Funcionamento e V\u00ednculo Administrativo do Curso:<\/strong><\/h4>\n<p>Endere\u00e7o: Campus Uvaranas &#8211; Av. General Carlos Cavalcanti, 4748, CEP 84030-900, Ponta Grossa &#8211; Paran\u00e1.<br \/>\nSetor: Ci\u00eancias Exatas e Naturais.<br \/>\nDepartamento: Matem\u00e1tica e Estat\u00edstica.<br \/>\nContato: Telefone: 32203050, <em>e-mail<\/em>: colmat@uepg.br, <em>instagram<\/em>: @matematicauepglic e <em>homepage:<\/em> www2.uepg.br\/licenciatura-matematica\/<\/p>\n<p>&nbsp;<\/p>\n<h5 style=\"text-align: center\"><strong>Coordena\u00e7\u00e3o:<\/strong><\/h5>\n<p style=\"text-align: center\">Prof. Marcos Teixeira Alves (mtalves@uepg.br)<\/p>\n<p style=\"text-align: center\">Contato do Colegiado: colmat@uepg.br<\/p>\n","protected":false},"excerpt":{"rendered":"<p>Local de Funcionamento e V\u00ednculo Administrativo do Curso: Endere\u00e7o: Campus Uvaranas &#8211; Av. General Carlos Cavalcanti, 4748, CEP 84030-900, Ponta Grossa &#8211; Paran\u00e1. Setor: Ci\u00eancias Exatas e Naturais. Departamento: Matem\u00e1tica e Estat\u00edstica. Contato: Telefone: 32203050, e-mail: colmat@uepg.br, instagram: @matematicauepglic e homepage: www2.uepg.br\/licenciatura-matematica\/ &nbsp; Coordena\u00e7\u00e3o: Prof. Marcos Teixeira Alves (mtalves@uepg.br) Contato do Colegiado: colmat@uepg.br<\/p>\n","protected":false},"author":24,"featured_media":0,"parent":0,"menu_order":0,"comment_status":"closed","ping_status":"closed","template":"","meta":[],"_links":{"self":[{"href":"https:\/\/www2.uepg.br\/licenciatura-matematica\/wp-json\/wp\/v2\/pages\/310"}],"collection":[{"href":"https:\/\/www2.uepg.br\/licenciatura-matematica\/wp-json\/wp\/v2\/pages"}],"about":[{"href":"https:\/\/www2.uepg.br\/licenciatura-matematica\/wp-json\/wp\/v2\/types\/page"}],"author":[{"embeddable":true,"href":"https:\/\/www2.uepg.br\/licenciatura-matematica\/wp-json\/wp\/v2\/users\/24"}],"replies":[{"embeddable":true,"href":"https:\/\/www2.uepg.br\/licenciatura-matematica\/wp-json\/wp\/v2\/comments?post=310"}],"version-history":[{"count":13,"href":"https:\/\/www2.uepg.br\/licenciatura-matematica\/wp-json\/wp\/v2\/pages\/310\/revisions"}],"predecessor-version":[{"id":1068,"href":"https:\/\/www2.uepg.br\/licenciatura-matematica\/wp-json\/wp\/v2\/pages\/310\/revisions\/1068"}],"wp:attachment":[{"href":"https:\/\/www2.uepg.br\/licenciatura-matematica\/wp-json\/wp\/v2\/media?parent=310"}],"curies":[{"name":"wp","href":"https:\/\/api.w.org\/{rel}","templated":true}]}}