{"id":493,"date":"2022-03-07T16:07:06","date_gmt":"2022-03-07T19:07:06","guid":{"rendered":"https:\/\/www2.uepg.br\/licenciatura-pedagogia\/?page_id=493"},"modified":"2022-03-08T13:53:14","modified_gmt":"2022-03-08T16:53:14","slug":"semana-da-educacao","status":"publish","type":"page","link":"https:\/\/www2.uepg.br\/licenciatura-pedagogia\/semana-da-educacao\/","title":{"rendered":"Semana da Educa\u00e7\u00e3o"},"content":{"rendered":"<p>A\u00a0<strong>Semana da Educa\u00e7\u00e3o<\/strong>\u00a0\u00e9 um evento anual organizado pelo Colegiado de Pedagogia, em parceria com Grupos de Pesquisa, Corpo Docente e Programa de P\u00f3s-gradua\u00e7\u00e3o em Educa\u00e7\u00e3o, da Universidade Estadual de Ponta Grossa. O objetivo \u00e9 tratar de temas atuais na \u00e1rea de Educa\u00e7\u00e3o, Pedagogia e Forma\u00e7\u00e3o de Professores que refletem interesse da comunidade acad\u00eamica. Por meio de palestras, mesas redondas, publica\u00e7\u00f5es, oficinas, sess\u00e3o de comunica\u00e7\u00f5es, os acad\u00eamicos, professores e pesquisadores da Educa\u00e7\u00e3o, das mais diversas localidades do pa\u00eds se re\u00fanem nesse evento para problematizar tem\u00e1ticas afins.<\/p>\n<p>Seguem os links e informa\u00e7\u00f5es sobre as edi\u00e7\u00f5es da Semana da Educa\u00e7\u00e3o:<\/p>\n<p>&nbsp;<\/p>\n<p>I Semana da Educa\u00e7\u00e3o<\/p>\n<p>IISemana da Educa\u00e7\u00e3o<\/p>\n<p>III\u00a0Semana da Educa\u00e7\u00e3o<\/p>\n<p>IV Semana da Educa\u00e7\u00e3o<\/p>\n<p>V Semana da Educa\u00e7\u00e3o<\/p>\n<p>VI Semana da Educa\u00e7\u00e3o<\/p>\n<p>VII Semana da Educa\u00e7\u00e3o<\/p>\n<p>VIII Semana da Educa\u00e7\u00e3o<\/p>\n<p>IX Semana da Educa\u00e7\u00e3o<\/p>\n<p>X Semana da Educa\u00e7\u00e3o<\/p>\n<p>XI Semana da Educa\u00e7\u00e3o<\/p>\n<p>XII Semana da Educa\u00e7\u00e3o<\/p>\n<p>XIII Semana da Educa\u00e7\u00e3o<\/p>\n<p>XIV Semana da Educa\u00e7\u00e3o<\/p>\n<p>XV Semana da Educa\u00e7\u00e3o<\/p>\n<p>XVI Semana da Educa\u00e7\u00e3o<\/p>\n<p>XVII Semana da Educa\u00e7\u00e3o<\/p>\n<p>XVIII Semana da Educa\u00e7\u00e3o<\/p>\n<p>XIX Semana da Educa\u00e7\u00e3o<\/p>\n<p>XX Semana da Educa\u00e7\u00e3o<\/p>\n<p>XXI Semana da Educa\u00e7\u00e3o<\/p>\n<p>XXII Semana da Educa\u00e7\u00e3o<\/p>\n<p>XXIII Semana da Educa\u00e7\u00e3o<\/p>\n<p>XXIV Semana da Educa\u00e7\u00e3o<\/p>\n<p>XXV Semana da Educa\u00e7\u00e3o<\/p>\n","protected":false},"excerpt":{"rendered":"<p>A\u00a0Semana da Educa\u00e7\u00e3o\u00a0\u00e9 um evento anual organizado pelo Colegiado de Pedagogia, em parceria com Grupos de Pesquisa, Corpo Docente e Programa de P\u00f3s-gradua\u00e7\u00e3o em Educa\u00e7\u00e3o, da Universidade Estadual de Ponta Grossa. O objetivo \u00e9 tratar de temas atuais na \u00e1rea de Educa\u00e7\u00e3o, Pedagogia e Forma\u00e7\u00e3o de Professores que refletem interesse da comunidade acad\u00eamica. Por meio&nbsp;&hellip;<\/p>\n","protected":false},"author":378,"featured_media":0,"parent":0,"menu_order":0,"comment_status":"closed","ping_status":"closed","template":"","meta":[],"_links":{"self":[{"href":"https:\/\/www2.uepg.br\/licenciatura-pedagogia\/wp-json\/wp\/v2\/pages\/493"}],"collection":[{"href":"https:\/\/www2.uepg.br\/licenciatura-pedagogia\/wp-json\/wp\/v2\/pages"}],"about":[{"href":"https:\/\/www2.uepg.br\/licenciatura-pedagogia\/wp-json\/wp\/v2\/types\/page"}],"author":[{"embeddable":true,"href":"https:\/\/www2.uepg.br\/licenciatura-pedagogia\/wp-json\/wp\/v2\/users\/378"}],"replies":[{"embeddable":true,"href":"https:\/\/www2.uepg.br\/licenciatura-pedagogia\/wp-json\/wp\/v2\/comments?post=493"}],"version-history":[{"count":3,"href":"https:\/\/www2.uepg.br\/licenciatura-pedagogia\/wp-json\/wp\/v2\/pages\/493\/revisions"}],"predecessor-version":[{"id":596,"href":"https:\/\/www2.uepg.br\/licenciatura-pedagogia\/wp-json\/wp\/v2\/pages\/493\/revisions\/596"}],"wp:attachment":[{"href":"https:\/\/www2.uepg.br\/licenciatura-pedagogia\/wp-json\/wp\/v2\/media?parent=493"}],"curies":[{"name":"wp","href":"https:\/\/api.w.org\/{rel}","templated":true}]}}