{"id":7,"date":"2019-11-25T09:40:34","date_gmt":"2019-11-25T12:40:34","guid":{"rendered":"http:\/\/www2.uepg.br\/radiologia-liga-diagnostico-imagem\/?page_id=7"},"modified":"2026-03-11T16:18:57","modified_gmt":"2026-03-11T19:18:57","slug":"home","status":"publish","type":"page","link":"https:\/\/www2.uepg.br\/lodi\/","title":{"rendered":"Home"},"content":{"rendered":"<div id=\"pl-7\"  class=\"panel-layout\" ><div id=\"pg-7-0\"  class=\"panel-grid panel-no-style\" ><div id=\"pgc-7-0-0\"  class=\"panel-grid-cell\" ><div id=\"panel-7-0-0-0\" class=\"so-panel widget widget_sow-editor panel-first-child\" data-index=\"0\" ><div class=\"panel-widget-style panel-widget-style-for-7-0-0-0\" ><div\n\t\t\t\n\t\t\tclass=\"so-widget-sow-editor so-widget-sow-editor-base\"\n\t\t\t\n\t\t>\n<div class=\"siteorigin-widget-tinymce textwidget\">\n\t<h2 style=\"text-align: center\"><strong>Sobre n\u00f3s<\/strong><\/h2>\n<p style=\"text-align: center\">A Liga Odontol\u00f3gica de Diagn\u00f3stico por Imagem, fundada em 13 de mar\u00e7o de 2019, tem como objetivo a atualiza\u00e7\u00e3o e aperfei\u00e7oamento de seus membros na \u00e1rea da Radiologia Odontol\u00f3gica e Imaginologia. Os integrantes trabalham com tomadas radiogr\u00e1ficas intra e extra-orais, elabora\u00e7\u00e3o de laudos, materiais did\u00e1ticos, v\u00eddeo aulas, grupos de estudos, e organiza\u00e7\u00e3o de eventos relacionados a \u00e1rea. As m\u00eddias sociais s\u00e3o utilizadas para informa\u00e7\u00f5es referentes a liga, e tamb\u00e9m para conte\u00fados educativos. Atualmente atuamos na Gradua\u00e7\u00e3o, Especializa\u00e7\u00e3o, Mestrado, Doutorado e Resid\u00eancia. Ent\u00e3o, se voc\u00ea \u00e9 um amante da Radiologia Odontol\u00f3gica e Imaginologia, fique ligado em nossas p\u00e1ginas! E seja bem-vindo a LODI-UEPG!<\/p>\n<\/div>\n<\/div><\/div><\/div><div id=\"panel-7-0-0-1\" class=\"so-panel widget widget_sow-editor\" data-index=\"1\" ><div\n\t\t\t\n\t\t\tclass=\"so-widget-sow-editor so-widget-sow-editor-base\"\n\t\t\t\n\t\t>\n<div class=\"siteorigin-widget-tinymce textwidget\">\n\t<h1 style=\"text-align: center\">Nossa Equipe<\/h1>\n<p><img loading=\"lazy\" class=\"aligncenter size-large wp-image-521\" src=\"http:\/\/www2.uepg.br\/lodi\/wp-content\/uploads\/sites\/47\/2026\/01\/Espe-Radio-site-1024x576.png\" alt=\"\" width=\"1024\" height=\"576\" srcset=\"https:\/\/www2.uepg.br\/lodi\/wp-content\/uploads\/sites\/47\/2026\/01\/Espe-Radio-site-1024x576.png 1024w, https:\/\/www2.uepg.br\/lodi\/wp-content\/uploads\/sites\/47\/2026\/01\/Espe-Radio-site-300x169.png 300w, https:\/\/www2.uepg.br\/lodi\/wp-content\/uploads\/sites\/47\/2026\/01\/Espe-Radio-site-768x432.png 768w, https:\/\/www2.uepg.br\/lodi\/wp-content\/uploads\/sites\/47\/2026\/01\/Espe-Radio-site-1536x864.png 1536w, https:\/\/www2.uepg.br\/lodi\/wp-content\/uploads\/sites\/47\/2026\/01\/Espe-Radio-site-2048x1152.png 2048w, https:\/\/www2.uepg.br\/lodi\/wp-content\/uploads\/sites\/47\/2026\/01\/Espe-Radio-site-1232x693.png 1232w, https:\/\/www2.uepg.br\/lodi\/wp-content\/uploads\/sites\/47\/2026\/01\/Espe-Radio-site-1920x1080.png 1920w\" sizes=\"(max-width: 1024px) 100vw, 1024px\" \/><\/p>\n<p><strong>GILSON CESAR NOBRE FRANCO - Coordenador Geral<br \/>\n<\/strong><\/p>\n<p>Graduado em Odontologia pela PUC-Campinas. Doutor em Odontologia pela FOP-UNICAMP e Forsyth Institute (Harvard Medical\/Dental School- Boston\/MA-USA). Especialista em Radiologia Odontol\u00f3gica e Imaginologia pela SLMANDIC. Capacitado em Tomografia Computadorizada pela FUNDECTO-USP. Atualiza\u00e7\u00e3o em Radiologia Odontol\u00f3gica pela UNESP-Araraquara. Professor do curso de Odontologia da UEPG. Professor no Programa de P\u00f3s-Gradua\u00e7\u00e3o Stricto Sensu em Odontologia da UEPG. Professor de diagn\u00f3stico por Imagem no HU-UEPG (Resid\u00eancia Uni e Multiprofissional do Hospital Universit\u00e1rio dos Campos Gerais). Coordenador da Especializa\u00e7\u00e3o em Radiologia e Imaginologia da UEPG. Membro da ABRO \u2013 Associa\u00e7\u00e3o Brasileira de Radiologia Odontol\u00f3gica e Diagn\u00f3stico por Imagem.<\/p>\n<p>&nbsp;<\/p>\n<p><strong>AMANDA REGINA FISCHBORN - Coordenadora Geral e Diretora Cient\u00edfica<br \/>\n<\/strong><\/p>\n<p>Graduada em Odontologia pela UEPG. Mestre e Doutora em Odontologia pela UEPG. Especialista em Radiologia Odontol\u00f3gica e Imaginologia pela UEPG. Professora colaboradora no curso de Odontologia da UEPG. Vice coordenadora da Especializa\u00e7\u00e3o em Radiologia e Imaginologia da UEPG.<\/p>\n<p>&nbsp;<\/p>\n<p><strong>MARCELA CLAUDINO - Coordenadora Adjunta e Diretora Cient\u00edfica<br \/>\n<\/strong><\/p>\n<p>Graduada em Odontologia pela PUC-PR. Mestre e Doutora em Biologia Oral pela FOB-USP. Especialista em Radiologia Odontol\u00f3gica e Imaginologia pela UEPG.\u00a0 Professora do curso de Odontologia da UEPG. Professora no Programa de P\u00f3s-Gradua\u00e7\u00e3o Stricto Sensu em Ci\u00eancias da Sa\u00fade da UEPG. Professora de Diagn\u00f3stico por Imagem no HU-UEPG (Resid\u00eancia Multiprofissional do Hospital Universit\u00e1rio dos Campos Gerais).<\/p>\n<p>&nbsp;<\/p>\n<p><b>NAT\u00c1LIA MARIANE RIGO - <strong>Presidente da LODI e Diretora de M\u00eddias<\/strong><br \/>\n<\/b><\/p>\n<p>Graduada em Odontologia pela UEPG. Mestre em Ci\u00eancias da Sa\u00fade pela UEPG. Especialista em Radiologia e Imaginologia pela UEPG. Professora de diagn\u00f3stico por Imagem no HU-UEPG (Resid\u00eancia CTBMF e Estomatologia do Hospital Universit\u00e1rio dos Campos Gerais).\u00a0Doutoranda em Odontologia pela UEPG.<\/p>\n<p>&nbsp;<\/p>\n<p><strong>THA\u00cdS ALBACH - Diretora de extens\u00e3o<\/strong><\/p>\n<p>Graduada em Odontologia pela UEPG. Mestre em Odontologia pela UEPG. Especializa\u00e7\u00e3o em Resid\u00eancia Multiprofissional em Sa\u00fade do Idoso HU-UEPG. Especialista em Radiologia e Imaginologia pela UEPG. Doutoranda em Odontologia pela UEPG.<\/p>\n<p>&nbsp;<\/p>\n<p><strong>FABIO BRASIL DE OLIVEIRA - Diretor de Tecnologia da Informa\u00e7\u00e3o da LODI<br \/>\n<\/strong><\/p>\n<p>Graduado em Odontologia pela UEPG. Especialista em Odontologia Digital pela ATITUS. Mestre em Odontologia pela UEPG. Especialista em Implantodontia pelo Cescage. Especialista em Radiologia e Imaginologia pela UEPG. Doutorando em Odontologia pela UEPG.<\/p>\n<p>&nbsp;<\/p>\n<p><b>GABRIELLA SCHMITZ OLIVEIRA - <strong>Diretora de Odontologia Digital<\/strong><br \/>\n<\/b><\/p>\n<p>Graduada em Odontologia pela UEPG. Especialista em Radiologia Odontol\u00f3gica e Imaginologia pela UEPG. Mestre em Odontologia pela UEPG. Doutoranda em Odontologia pela UEPG.<\/p>\n<p>&nbsp;<\/p>\n<p><strong>IRNA PINHEIRO DIAS\u00a0<\/strong><\/p>\n<p>Graduada em Odontologia pelo Cescage. Mestre em Odontologia pela UEPG. Especialista em Endodontia pelo IOA Boutique Curitiba. Especialista em Radiologia e Imaginologia pela UEPG. Doutoranda em Odontologia pela UEPG.<\/p>\n<p>&nbsp;<\/p>\n<p><b>ADRIELLI GUIMAR\u00c3ES<\/b><\/p>\n<p>Graduada em Odontologia pela UEPG. Especialista em Radiologia e Imaginologia pela UEPG. Mestre em Odontologia pela UEPG. Doutoranda em Odontologia pela UEPG.<\/p>\n<p>&nbsp;<\/p>\n<p><b>JENIFER FERREIRA\u00a0<\/b><\/p>\n<p>Graduada em Odontologia pela UEPG. Mestre em Odontologia pela UEPG. Doutoranda em Odontologia pela UEPG.<\/p>\n<p>&nbsp;<\/p>\n<p><b>BEATRIZ OLIVEIRA DIAS - Diretora de Odontologia Digital<\/b><\/p>\n<p>Graduada em Odontologia pela UEPG. Especialista em Radiologia e Imaginologia pela UEPG. Bolsista pelo Centro de Diagn\u00f3stico por Imagem LODI-UEPG. Mestranda em Ci\u00eancias da Sa\u00fade pela UEPG.<\/p>\n<p>&nbsp;<\/p>\n<p><b>JESSICA GRANATO\u00a0<\/b><\/p>\n<p>Graduada em Odontologia pela UEPG. Especialista em Radiologia e Imaginologia pela UEM. Mestre em Ci\u00eancias da Sa\u00fade pela UEPG. Doutoranda em Odontologia pela UEPG.<\/p>\n<p>&nbsp;<\/p>\n<p><b>ANNA ISIS FORNAZARI\u00a0<\/b><\/p>\n<p>Graduada em Odontologia pela UEPG. Especializa\u00e7\u00e3o em Resid\u00eancia Multiprofissional em Intensivismo HU-UEPG. Mestranda em Ci\u00eancias da Sa\u00fade pela UEPG.<\/p>\n<p>&nbsp;<\/p>\n<p><b>BRENDA RAIBIDA PASETTO - Diretora Acad\u00eamica<\/b><\/p>\n<p>Graduada em Odontologia pela UEPG. Mestranda em Odontologia pela UEPG.<\/p>\n<p>&nbsp;<\/p>\n<p><b>KELLEN RUTTES\u00a0<\/b><\/p>\n<p>Graduada em Odontologia pela UEPG. Mestranda em Odontologia pela UEPG.<\/p>\n<p>&nbsp;<\/p>\n<p><b>MARIANNE GROLLMANN<\/b><\/p>\n<p>Graduada em Odontologia pela UEPG. Especializa\u00e7\u00e3o em Resid\u00eancia Multiprofissional em Sa\u00fade do Idoso HU-UEPG. Mestranda em Odontologia pela UEPG.<\/p>\n<\/div>\n<\/div><\/div><div id=\"panel-7-0-0-2\" class=\"so-panel widget widget_sow-editor\" data-index=\"2\" ><div\n\t\t\t\n\t\t\tclass=\"so-widget-sow-editor so-widget-sow-editor-base\"\n\t\t\t\n\t\t>\n<div class=\"siteorigin-widget-tinymce textwidget\">\n\t<\/div>\n<\/div><\/div><div id=\"panel-7-0-0-3\" class=\"so-panel widget widget_sow-editor\" data-index=\"3\" ><div\n\t\t\t\n\t\t\tclass=\"so-widget-sow-editor so-widget-sow-editor-base\"\n\t\t\t\n\t\t>\n<div class=\"siteorigin-widget-tinymce textwidget\">\n\t<hr \/>\n<h1 style=\"text-align: center\">Contatos<\/h1>\n<p style=\"text-align: center\"><strong>E-mail:<\/strong> <a href=\"mailto:lodi@uepg.br\" target=\"_blank\" rel=\"noopener noreferrer\">lodi@uepg.br<\/a><\/p>\n<p style=\"text-align: center\"><strong>Instagram:<\/strong> <a href=\"https:\/\/www.instagram.com\/lodiuepg\/?hl=pt-br\" target=\"_blank\" rel=\"noopener noreferrer\">https:\/\/www.instagram.com\/lodiuepg\/?hl=pt-br<\/a><\/p>\n<hr \/>\n<p>&nbsp;<\/p>\n<\/div>\n<\/div><\/div><div id=\"panel-7-0-0-4\" class=\"so-panel widget widget_sow-editor panel-last-child\" data-index=\"4\" ><div\n\t\t\t\n\t\t\tclass=\"so-widget-sow-editor so-widget-sow-editor-base\"\n\t\t\t\n\t\t>\n<div class=\"siteorigin-widget-tinymce textwidget\">\n\t<h1 style=\"text-align: center\">Confira nosso canal do YouTube<\/h1>\n<p><img loading=\"lazy\" class=\"wp-image-228 size-full aligncenter\" src=\"http:\/\/www2.uepg.br\/lodi\/wp-content\/uploads\/sites\/47\/2020\/10\/BANNER-DO-CANAL.jpg\" alt=\"\" width=\"1138\" height=\"188\" srcset=\"https:\/\/www2.uepg.br\/lodi\/wp-content\/uploads\/sites\/47\/2020\/10\/BANNER-DO-CANAL.jpg 1138w, https:\/\/www2.uepg.br\/lodi\/wp-content\/uploads\/sites\/47\/2020\/10\/BANNER-DO-CANAL-300x50.jpg 300w, https:\/\/www2.uepg.br\/lodi\/wp-content\/uploads\/sites\/47\/2020\/10\/BANNER-DO-CANAL-1024x169.jpg 1024w, https:\/\/www2.uepg.br\/lodi\/wp-content\/uploads\/sites\/47\/2020\/10\/BANNER-DO-CANAL-768x127.jpg 768w\" sizes=\"(max-width: 1138px) 100vw, 1138px\" \/><\/p>\n<p style=\"text-align: center\">Clique no link para acessar nosso canal: <a href=\"https:\/\/www.youtube.com\/channel\/UCt1AGfFDg94jNfYVJEknl0w\">https:\/\/www.youtube.com\/channel\/UCt1AGfFDg94jNfYVJEknl0w<\/a><\/p>\n<p>&nbsp;<\/p>\n<\/div>\n<\/div><\/div><\/div><\/div><\/div>","protected":false},"excerpt":{"rendered":"<p>Sobre n\u00f3s A Liga Odontol\u00f3gica de Diagn\u00f3stico por Imagem, fundada em 13 de mar\u00e7o de 2019, tem como objetivo a atualiza\u00e7\u00e3o e aperfei\u00e7oamento de seus membros na \u00e1rea da Radiologia Odontol\u00f3gica e Imaginologia. Os integrantes trabalham com tomadas radiogr\u00e1ficas intra e extra-orais, elabora\u00e7\u00e3o de laudos, materiais did\u00e1ticos, v\u00eddeo aulas, grupos de estudos, e organiza\u00e7\u00e3o de&nbsp;&hellip;<\/p>\n","protected":false},"author":24,"featured_media":54,"parent":0,"menu_order":0,"comment_status":"closed","ping_status":"closed","template":"page-templates\/homepage.php","meta":[],"_links":{"self":[{"href":"https:\/\/www2.uepg.br\/lodi\/wp-json\/wp\/v2\/pages\/7"}],"collection":[{"href":"https:\/\/www2.uepg.br\/lodi\/wp-json\/wp\/v2\/pages"}],"about":[{"href":"https:\/\/www2.uepg.br\/lodi\/wp-json\/wp\/v2\/types\/page"}],"author":[{"embeddable":true,"href":"https:\/\/www2.uepg.br\/lodi\/wp-json\/wp\/v2\/users\/24"}],"replies":[{"embeddable":true,"href":"https:\/\/www2.uepg.br\/lodi\/wp-json\/wp\/v2\/comments?post=7"}],"version-history":[{"count":52,"href":"https:\/\/www2.uepg.br\/lodi\/wp-json\/wp\/v2\/pages\/7\/revisions"}],"predecessor-version":[{"id":533,"href":"https:\/\/www2.uepg.br\/lodi\/wp-json\/wp\/v2\/pages\/7\/revisions\/533"}],"wp:featuredmedia":[{"embeddable":true,"href":"https:\/\/www2.uepg.br\/lodi\/wp-json\/wp\/v2\/media\/54"}],"wp:attachment":[{"href":"https:\/\/www2.uepg.br\/lodi\/wp-json\/wp\/v2\/media?parent=7"}],"curies":[{"name":"wp","href":"https:\/\/api.w.org\/{rel}","templated":true}]}}