{"id":139,"date":"2022-07-13T09:02:03","date_gmt":"2022-07-13T12:02:03","guid":{"rendered":"https:\/\/www2.uepg.br\/mcn\/?page_id=139"},"modified":"2026-04-16T10:02:17","modified_gmt":"2026-04-16T13:02:17","slug":"equipe","status":"publish","type":"page","link":"https:\/\/www2.uepg.br\/mcn\/equipe\/","title":{"rendered":"Equipe"},"content":{"rendered":"<p style=\"text-align: center\">COORDENA\u00c7\u00c3O<\/p>\n<p style=\"text-align: center\">Prof. Dr. Antonio Liccardo &#8211; aliccardo@uepg.br<\/p>\n<p style=\"text-align: center\">SETOR ADMINISTRATIVO<\/p>\n<p style=\"text-align: center\">Siderlei Nascimento &#8211; sidenascimento@uepg.br<\/p>\n<p style=\"text-align: center\">Jana\u00edna Kiszka Pinto &#8211; jkpinto@uepg.br<\/p>\n<p style=\"text-align: center\">D\u00e9bora Pitela Kraus Haas &#8211; \u00a0dpkraushaas@uepg.br<\/p>\n<p style=\"text-align: center\">Viviana Fernandes Reis Wainaroski &#8211; vifres@uepg.br<\/p>\n<p style=\"text-align: center\">CURADORIA<\/p>\n<p style=\"text-align: center\">Prof. Dr. Antonio Liccardo &#8211; Mineralogia e Meteor\u00edtica<\/p>\n<p style=\"text-align: center\">Prof. Dr. Gilson Burigo Guimar\u00e3es &#8211; Petrologia<\/p>\n<p style=\"text-align: center\">Prof. Dr. Denilton Vidolin &#8211; Zoologia de Vertebrados<\/p>\n<p style=\"text-align: center\">Profa. Dra. Susete Wambier Christo &#8211; Zoologia de invertebrados<\/p>\n<p style=\"text-align: center\">Prof. Dr. \u00c9lvio Pinto Bosetti &#8211; Paleontologia<\/p>\n<p style=\"text-align: center\">Profa. Dra. Melissa Koch Fernandes de Souza &#8211; Bot\u00e2nica<\/p>\n<p style=\"text-align: center\">Prof. Dr. Moacir Elias Santos &#8211; Arqueologia<\/p>\n<p style=\"text-align: center\">Prof. Dr. Marcelo Emilio &#8211; Astronomia<\/p>\n<p style=\"text-align: center\">COORDENA\u00c7\u00c3O DE A\u00c7\u00d5ES EDUCATIVAS<\/p>\n<p style=\"text-align: center\">Profa. Dra. Carla Silvia Pimentel &#8211; Departamento de Geoci\u00eancias<\/p>\n<p style=\"text-align: center\">PESQUISADORES DO PROGRAMA DE P\u00d3S-GRADUA\u00c7\u00c3O EM GEOGRAFIA<\/p>\n<p style=\"text-align: center\">Christopher Vin\u00edcius Santos<\/p>\n<p style=\"text-align: center\">Alison Leajanski<\/p>\n<p style=\"text-align: center\">Carlos Alexandre Rogoski<\/p>\n<p style=\"text-align: center\">Ana Paula Gon\u00e7alves Meira<\/p>\n<p style=\"text-align: center\">Carlos Fernando Psibiovski<\/p>\n<p style=\"text-align: center\">Luana Oliveira<\/p>\n<p style=\"text-align: center\">Ana Rafaela Pupo de Morais<\/p>\n<p style=\"text-align: center\">ALUNOS DE GRADUA\u00c7\u00c3O COMO MONITORES<\/p>\n<p style=\"text-align: center\">Arthur Vinicius Nadal &#8211; Geografia<\/p>\n<p style=\"text-align: center\">Layane Michalowski Teixeira &#8211; Geografia<\/p>\n<p style=\"text-align: center\">Jeniffer Caroline Kalisz &#8211; Geografia<\/p>\n<p style=\"text-align: center\">Julia Aparecida Pereira dos Santos &#8211; Geografia<\/p>\n<p style=\"text-align: center\">Anthony Gabriel de Lima &#8211; Geografia<\/p>\n<p style=\"text-align: center\">Clarielly Carneiro Volfe Moreira &#8211; Ci\u00eancias Biol\u00f3gicas<\/p>\n<p style=\"text-align: center\">Rebeca Larocca Alves &#8211; Ci\u00eancias Biol\u00f3gicas<\/p>\n<p style=\"text-align: center\">Nicolly Viana Maximiano &#8211; Ci\u00eancias Biol\u00f3gicas<\/p>\n<h5><\/h5>\n<h5><\/h5>\n","protected":false},"excerpt":{"rendered":"<p>COORDENA\u00c7\u00c3O Prof. Dr. Antonio Liccardo &#8211; aliccardo@uepg.br SETOR ADMINISTRATIVO Siderlei Nascimento &#8211; sidenascimento@uepg.br Jana\u00edna Kiszka Pinto &#8211; jkpinto@uepg.br D\u00e9bora Pitela Kraus Haas &#8211; \u00a0dpkraushaas@uepg.br Viviana Fernandes Reis Wainaroski &#8211; vifres@uepg.br CURADORIA Prof. Dr. Antonio Liccardo &#8211; Mineralogia e Meteor\u00edtica Prof. Dr. Gilson Burigo Guimar\u00e3es &#8211; Petrologia Prof. Dr. Denilton Vidolin &#8211; Zoologia de Vertebrados Profa.&nbsp;&hellip;<\/p>\n","protected":false},"author":483,"featured_media":0,"parent":0,"menu_order":0,"comment_status":"closed","ping_status":"closed","template":"","meta":[],"_links":{"self":[{"href":"https:\/\/www2.uepg.br\/mcn\/wp-json\/wp\/v2\/pages\/139"}],"collection":[{"href":"https:\/\/www2.uepg.br\/mcn\/wp-json\/wp\/v2\/pages"}],"about":[{"href":"https:\/\/www2.uepg.br\/mcn\/wp-json\/wp\/v2\/types\/page"}],"author":[{"embeddable":true,"href":"https:\/\/www2.uepg.br\/mcn\/wp-json\/wp\/v2\/users\/483"}],"replies":[{"embeddable":true,"href":"https:\/\/www2.uepg.br\/mcn\/wp-json\/wp\/v2\/comments?post=139"}],"version-history":[{"count":47,"href":"https:\/\/www2.uepg.br\/mcn\/wp-json\/wp\/v2\/pages\/139\/revisions"}],"predecessor-version":[{"id":597,"href":"https:\/\/www2.uepg.br\/mcn\/wp-json\/wp\/v2\/pages\/139\/revisions\/597"}],"wp:attachment":[{"href":"https:\/\/www2.uepg.br\/mcn\/wp-json\/wp\/v2\/media?parent=139"}],"curies":[{"name":"wp","href":"https:\/\/api.w.org\/{rel}","templated":true}]}}