{"id":142,"date":"2022-07-13T09:02:04","date_gmt":"2022-07-13T12:02:04","guid":{"rendered":"https:\/\/www2.uepg.br\/mcn\/?page_id=142"},"modified":"2025-06-11T16:00:10","modified_gmt":"2025-06-11T19:00:10","slug":"videos","status":"publish","type":"page","link":"https:\/\/www2.uepg.br\/mcn\/videos\/","title":{"rendered":"V\u00eddeos"},"content":{"rendered":"<table style=\"height: 138px\" width=\"489\">\n<tbody>\n<tr>\n<td style=\"text-align: center\" width=\"265\"><strong>APRESENTA\u00c7\u00c3O DO MUSEU<\/strong><\/td>\n<\/tr>\n<tr>\n<td style=\"text-align: center\" width=\"265\"><a href=\"https:\/\/www.youtube.com\/watch?v=QqfbUqBCnSE&amp;t=379s\">2022-2025<\/a><\/td>\n<\/tr>\n<\/tbody>\n<\/table>\n<p>&nbsp;<\/p>\n<table style=\"height: 138px\" width=\"489\">\n<tbody>\n<tr>\n<td style=\"text-align: center\" width=\"265\"><strong>CANAL NO YOUTUBE<\/strong><\/td>\n<\/tr>\n<tr>\n<td style=\"text-align: center\" width=\"265\"><a href=\"https:\/\/www.youtube.com\/channel\/UCc1gf6y6I_BExtTvoVgridw\">MCN &#8211; Museu de Ci\u00eancias Naturais da UEPG<\/a><\/td>\n<\/tr>\n<\/tbody>\n<\/table>\n<p>&nbsp;<\/p>\n<table style=\"height: 138px\" width=\"489\">\n<tbody>\n<tr>\n<td style=\"text-align: center\" width=\"265\"><strong>\u00c1UDIO GUIA<\/strong><\/td>\n<\/tr>\n<tr>\n<td style=\"text-align: center\" width=\"265\"><\/td>\n<\/tr>\n<\/tbody>\n<\/table>\n<p>&nbsp;<\/p>\n","protected":false},"excerpt":{"rendered":"<p>APRESENTA\u00c7\u00c3O DO MUSEU 2022-2025 &nbsp; CANAL NO YOUTUBE MCN &#8211; Museu de Ci\u00eancias Naturais da UEPG &nbsp; \u00c1UDIO GUIA &nbsp;<\/p>\n","protected":false},"author":483,"featured_media":0,"parent":0,"menu_order":0,"comment_status":"closed","ping_status":"closed","template":"","meta":[],"_links":{"self":[{"href":"https:\/\/www2.uepg.br\/mcn\/wp-json\/wp\/v2\/pages\/142"}],"collection":[{"href":"https:\/\/www2.uepg.br\/mcn\/wp-json\/wp\/v2\/pages"}],"about":[{"href":"https:\/\/www2.uepg.br\/mcn\/wp-json\/wp\/v2\/types\/page"}],"author":[{"embeddable":true,"href":"https:\/\/www2.uepg.br\/mcn\/wp-json\/wp\/v2\/users\/483"}],"replies":[{"embeddable":true,"href":"https:\/\/www2.uepg.br\/mcn\/wp-json\/wp\/v2\/comments?post=142"}],"version-history":[{"count":14,"href":"https:\/\/www2.uepg.br\/mcn\/wp-json\/wp\/v2\/pages\/142\/revisions"}],"predecessor-version":[{"id":355,"href":"https:\/\/www2.uepg.br\/mcn\/wp-json\/wp\/v2\/pages\/142\/revisions\/355"}],"wp:attachment":[{"href":"https:\/\/www2.uepg.br\/mcn\/wp-json\/wp\/v2\/media?parent=142"}],"curies":[{"name":"wp","href":"https:\/\/api.w.org\/{rel}","templated":true}]}}