{"id":57,"date":"2020-02-12T14:22:00","date_gmt":"2020-02-12T17:22:00","guid":{"rendered":"http:\/\/www2.uepg.br\/nep\/?page_id=57"},"modified":"2024-04-04T23:02:08","modified_gmt":"2024-04-05T02:02:08","slug":"documentos","status":"publish","type":"page","link":"https:\/\/www2.uepg.br\/nep\/documentos\/","title":{"rendered":"Documentos"},"content":{"rendered":"<div class=\"texto\">\n<p style=\"text-align: center\"><strong>***ATEN\u00c7\u00c3O*** Estamos atualizando esta \u00e1rea para melhor atender voc\u00eas!<\/strong><\/p>\n<p style=\"text-align: center\"><a href=\"http:\/\/www.unesco.org\/new\/fileadmin\/MULTIMEDIA\/FIELD\/Brasilia\/pdf\/brz_ed_global_citizenchip_brochure_pt_2015.pdf\" target=\"_blank\" rel=\"noopener noreferrer\">ONU \u2013 Educa\u00e7\u00e3o para a Cidadania Global (Bases &#8211; 2015)<\/a><\/p>\n<p style=\"text-align: center\"><a href=\"http:\/\/unesdoc.unesco.org\/images\/0023\/002343\/234311por.pdf\" target=\"_blank\" rel=\"noopener noreferrer\">Educa\u00e7\u00e3o para a Cidadania Global (Fundamentos \u2013 2015)<\/a><\/p>\n<p style=\"text-align: center\"><a href=\"http:\/\/201.31.162.81\/cache\/nacoesunidas.org\/wp-content\/uploads\/2015\/09\/agenda2030-pt-br.pdf?ich_args=41e7a8da89b5a7129c05f137fc8dabef_1_0_0_8_6518ec39edee2d3808771ae2852b7348c2cb293b61efd32bd455f6f333630f6d_0_1_0\" target=\"_blank\" rel=\"noopener noreferrer\">ONU \u2013 Agenda p\u00f3s-2015 \u2013 Objetivos do Desenvolvimento Sustent\u00e1vel<\/a><\/p>\n<p style=\"text-align: center\"><a href=\"https:\/\/memoria.apps.uepg.br\/nep\/documentos\/SEMANA DA PAZ.pdf\" target=\"_blank\" rel=\"noopener noreferrer\">Lei Estadual da Semana da Paz no Paran\u00e1<\/a><\/p>\n<p style=\"text-align: center\"><a href=\"https:\/\/memoria.apps.uepg.br\/nep\/documentos\/1LEI.SEMANAPAZPG.pdf\" target=\"_blank\" rel=\"noopener noreferrer\">Lei da Semana da Paz em Ponta Grossa <\/a><\/p>\n<p style=\"text-align: center\"><a href=\"https:\/\/memoria.apps.uepg.br\/nep\/documentos\/CULTURADAPAZ.pdf\" target=\"_blank\" rel=\"noopener noreferrer\">Lei do Dia Municipal da Cultura e da Paz<\/a><\/p>\n<p style=\"text-align: center\"><a href=\"https:\/\/memoria.apps.uepg.br\/nep\/documentos\/Carta de Bel\u00e9m.doc\" target=\"_blank\" rel=\"noopener noreferrer\">Carta de Bel\u00e9m<\/a><\/p>\n<p style=\"text-align: center\"><a href=\"https:\/\/memoria.apps.uepg.br\/nep\/documentos\/Carta de Brasilia.doc\" target=\"_blank\" rel=\"noopener noreferrer\">Carta de Bras\u00edlia<\/a><\/p>\n<p style=\"text-align: center\"><a href=\"https:\/\/memoria.apps.uepg.br\/nep\/documentos\/Cartadascidadeseducadoras.pdf\" target=\"_blank\" rel=\"noopener noreferrer\">Carta das Cidades Educadoras<\/a><\/p>\n<p style=\"text-align: center\"><a href=\"https:\/\/memoria.apps.uepg.br\/nep\/documentos\/Declaracao - Direitos Humanos.pdf\" target=\"_blank\" rel=\"noopener noreferrer\">Declara\u00e7\u00e3o dos Direitos Humanos<\/a><\/p>\n<p style=\"text-align: center\"><a href=\"https:\/\/memoria.apps.uepg.br\/nep\/documentos\/Declaracao - jomtien - tailandia.pdf\" target=\"_blank\" rel=\"noopener noreferrer\">Declara\u00e7\u00e3o de Jomtien<\/a><\/p>\n<p style=\"text-align: center\"><a href=\"https:\/\/memoria.apps.uepg.br\/nep\/documentos\/Declaracao - nagasaki.pdf\" target=\"_blank\" rel=\"noopener noreferrer\">Declara\u00e7\u00e3o de Nagasaki<\/a><\/p>\n<p style=\"text-align: center\"><a href=\"https:\/\/memoria.apps.uepg.br\/nep\/documentos\/Declara\u00e7\u00e3o - salamanca.pdf\" target=\"_blank\" rel=\"noopener noreferrer\">Declara\u00e7\u00e3o de Salamanca<\/a><\/p>\n<p style=\"text-align: center\"><a href=\"https:\/\/memoria.apps.uepg.br\/nep\/documentos\/Declara\u00e7\u00e3o de Maipu.pdf\" target=\"_blank\" rel=\"noopener noreferrer\">Declara\u00e7\u00e3o de Maip\u00fa<\/a><\/p>\n<p style=\"text-align: center\"><a href=\"https:\/\/memoria.apps.uepg.br\/nep\/documentos\/ESPORTE E PAZ.pdf\" target=\"_blank\" rel=\"noopener noreferrer\">Documento ONU \u2013 Esporte e Paz<\/a><\/p>\n<\/div>\n","protected":false},"excerpt":{"rendered":"<p>***ATEN\u00c7\u00c3O*** Estamos atualizando esta \u00e1rea para melhor atender voc\u00eas! ONU \u2013 Educa\u00e7\u00e3o para a Cidadania Global (Bases &#8211; 2015) Educa\u00e7\u00e3o para a Cidadania Global (Fundamentos \u2013 2015) ONU \u2013 Agenda p\u00f3s-2015 \u2013 Objetivos do Desenvolvimento Sustent\u00e1vel Lei Estadual da Semana da Paz no Paran\u00e1 Lei da Semana da Paz em Ponta Grossa Lei do Dia&nbsp;&hellip;<\/p>\n","protected":false},"author":24,"featured_media":0,"parent":0,"menu_order":0,"comment_status":"closed","ping_status":"closed","template":"","meta":[],"_links":{"self":[{"href":"https:\/\/www2.uepg.br\/nep\/wp-json\/wp\/v2\/pages\/57"}],"collection":[{"href":"https:\/\/www2.uepg.br\/nep\/wp-json\/wp\/v2\/pages"}],"about":[{"href":"https:\/\/www2.uepg.br\/nep\/wp-json\/wp\/v2\/types\/page"}],"author":[{"embeddable":true,"href":"https:\/\/www2.uepg.br\/nep\/wp-json\/wp\/v2\/users\/24"}],"replies":[{"embeddable":true,"href":"https:\/\/www2.uepg.br\/nep\/wp-json\/wp\/v2\/comments?post=57"}],"version-history":[{"count":10,"href":"https:\/\/www2.uepg.br\/nep\/wp-json\/wp\/v2\/pages\/57\/revisions"}],"predecessor-version":[{"id":389,"href":"https:\/\/www2.uepg.br\/nep\/wp-json\/wp\/v2\/pages\/57\/revisions\/389"}],"wp:attachment":[{"href":"https:\/\/www2.uepg.br\/nep\/wp-json\/wp\/v2\/media?parent=57"}],"curies":[{"name":"wp","href":"https:\/\/api.w.org\/{rel}","templated":true}]}}