{"id":59,"date":"2020-02-12T14:33:58","date_gmt":"2020-02-12T17:33:58","guid":{"rendered":"http:\/\/www2.uepg.br\/nep\/?page_id=59"},"modified":"2024-04-04T23:02:45","modified_gmt":"2024-04-05T02:02:45","slug":"links-uteis","status":"publish","type":"page","link":"https:\/\/www2.uepg.br\/nep\/links-uteis\/","title":{"rendered":"Links \u00dateis"},"content":{"rendered":"<p style=\"text-align: center\"><strong>***ATEN\u00c7\u00c3O*** Estamos atualizando esta \u00e1rea para melhor atender voc\u00eas!<\/strong><\/p>\n<p style=\"text-align: center\"><a href=\"https:\/\/tede2.uepg.br\/jspui\/handle\/prefix\/1211\">Cultura de Paz (Tese): Nei Alberto Salles Filho<\/a><\/p>\n<p style=\"text-align: center\"><a href=\"https:\/\/tede2.uepg.br\/jspui\/handle\/prefix\/3057\">Epistemologias Feministas e Viol\u00eancia contra a Mulher (Disserta\u00e7\u00e3o): Bruna W. de Miranda<\/a><\/p>\n<p style=\"text-align: center\"><a href=\"https:\/\/tede2.uepg.br\/jspui\/handle\/prefix\/2745\">Justi\u00e7a Restaurativa e Direitos Humanos (Disserta\u00e7\u00e3o): Daniele Cristina B. Mendes<\/a><\/p>\n<p style=\"text-align: center\"><a href=\"https:\/\/tede2.uepg.br\/jspui\/handle\/prefix\/2866\">Direitos Humanos e Educa\u00e7\u00e3o (Disserta\u00e7\u00e3o): Tha\u00eds Cristina dos Santos<\/a><\/p>\n<p style=\"text-align: center\"><a href=\"http:\/\/repositorio.utfpr.edu.br\/jspui\/handle\/1\/2463\">Ecoforma\u00e7\u00e3o e Educa\u00e7\u00e3o para a Paz (Disserta\u00e7\u00e3o): Virg\u00ednia Ostroski Salles<\/a><\/p>\n<p style=\"text-align: center\"><a href=\"https:\/\/saude.gov.br\/hospitais-federais\/922-saude-de-a-a-z\/acidentes-e-violencias\/17232-cultura-de-paz\">Cultura de Paz &#8211; Minist\u00e9rio da Sa\u00fade<\/a><\/p>\n<p style=\"text-align: center\"><a href=\"http:\/\/nacoesunidas.org\/\" target=\"_blank\" rel=\"noopener noreferrer\">ONU &#8211; Brasil<\/a><\/p>\n<p style=\"text-align: center\"><a href=\"http:\/\/www.unesco.org\/new\/pt\/brasilia\/\" target=\"_blank\" rel=\"noopener noreferrer\">UNESCO &#8211; Brasil<\/a><\/p>\n<p style=\"text-align: center\">\n","protected":false},"excerpt":{"rendered":"<p>***ATEN\u00c7\u00c3O*** Estamos atualizando esta \u00e1rea para melhor atender voc\u00eas! Cultura de Paz (Tese): Nei Alberto Salles Filho Epistemologias Feministas e Viol\u00eancia contra a Mulher (Disserta\u00e7\u00e3o): Bruna W. de Miranda Justi\u00e7a Restaurativa e Direitos Humanos (Disserta\u00e7\u00e3o): Daniele Cristina B. Mendes Direitos Humanos e Educa\u00e7\u00e3o (Disserta\u00e7\u00e3o): Tha\u00eds Cristina dos Santos Ecoforma\u00e7\u00e3o e Educa\u00e7\u00e3o para a Paz (Disserta\u00e7\u00e3o):&nbsp;&hellip;<\/p>\n","protected":false},"author":24,"featured_media":0,"parent":0,"menu_order":0,"comment_status":"closed","ping_status":"closed","template":"","meta":[],"_links":{"self":[{"href":"https:\/\/www2.uepg.br\/nep\/wp-json\/wp\/v2\/pages\/59"}],"collection":[{"href":"https:\/\/www2.uepg.br\/nep\/wp-json\/wp\/v2\/pages"}],"about":[{"href":"https:\/\/www2.uepg.br\/nep\/wp-json\/wp\/v2\/types\/page"}],"author":[{"embeddable":true,"href":"https:\/\/www2.uepg.br\/nep\/wp-json\/wp\/v2\/users\/24"}],"replies":[{"embeddable":true,"href":"https:\/\/www2.uepg.br\/nep\/wp-json\/wp\/v2\/comments?post=59"}],"version-history":[{"count":7,"href":"https:\/\/www2.uepg.br\/nep\/wp-json\/wp\/v2\/pages\/59\/revisions"}],"predecessor-version":[{"id":390,"href":"https:\/\/www2.uepg.br\/nep\/wp-json\/wp\/v2\/pages\/59\/revisions\/390"}],"wp:attachment":[{"href":"https:\/\/www2.uepg.br\/nep\/wp-json\/wp\/v2\/media?parent=59"}],"curies":[{"name":"wp","href":"https:\/\/api.w.org\/{rel}","templated":true}]}}