{"id":8,"date":"2018-08-20T14:46:19","date_gmt":"2018-08-20T14:46:19","guid":{"rendered":"http:\/\/www2.uepg.br\/nerepp\/?page_id=8"},"modified":"2018-09-20T13:32:34","modified_gmt":"2018-09-20T13:32:34","slug":"projetos","status":"publish","type":"page","link":"https:\/\/www2.uepg.br\/nerepp\/projetos\/","title":{"rendered":"PROJETOS"},"content":{"rendered":"<h4 style=\"text-align: justify\"><strong>AGLOMERADOS PRODUTIVOS DO PARAN\u00c1: UMA AN\u00c1LISE SETORIAL E ESPACIAL<\/strong><\/h4>\n<p style=\"text-align: justify\">Descri\u00e7\u00e3o: Descri\u00e7\u00e3o: As aglomera\u00e7\u00f5es produtivas tornam-se importantes para a din\u00e2mica econ\u00f4mica de toda a regi\u00e3o onde est\u00e1 instalada. Desta forma, identificar as aglomera\u00e7\u00f5es existente e os fatores determinantes dessas aglomera\u00e7\u00f5es se torna crucial para que pol\u00edticas dirigidas possam ser efetivadas, na busca da intensifica\u00e7\u00e3o do desenvolvimento ao longo do Paran\u00e1.Assim, o objetivo desta pesquisa \u00e9 de analisar a distribui\u00e7\u00e3o dos aglomerados industriais nos munic\u00edpios paranaenses, nos anos 2000, al\u00e9m de identificar seus fatores determinantes.<\/p>\n<p style=\"text-align: justify\">Financiamento: Funda\u00e7\u00e3o Arauc\u00e1ria.<\/p>\n<h4 style=\"text-align: justify\"><strong>O EFEITO DAS EXPORTA\u00c7\u00d5ES NO CRESCIMENTO ECON\u00d4MICO DAS MICRORREGI\u00d5ES DO BRASIL: UMA AN\u00c1LISE ESPACIAL COM DADOS EM PAINEL<\/strong><\/h4>\n<p style=\"text-align: justify\">Descri\u00e7\u00e3o: A base da teoria econ\u00f4mica, por alega\u00e7\u00f5es diversas, chega ao mesmo ponto quanto \u00e0 necessidade de ampliar o mercado (indo al\u00e9m do interno) para que se mantenha o dinamismo econ\u00f4mico. Em especial, na teoria keynesiana, a import\u00e2ncia do com\u00e9rcio externo \u00e9 vista tanto pelo lado do efeito multiplicador das exporta\u00e7\u00f5es sobre a produ\u00e7\u00e3o e o emprego, como pelo lado monet\u00e1rio, em que o aumento dos meios de pagamentos provocados pelo afluxo de renda do exterior reduz a taxa de juro e estimula, ao mesmo tempo, os investimentos. Mais do que isso, alguns autores argumentam que as diferen\u00e7as quanto \u00e0 composi\u00e7\u00e3o das exporta\u00e7\u00f5es podem interferir diretamente do crescimento econ\u00f4mico de cada regi\u00e3o. Neste contexto que se justifica tal pesquisa, cujo intuito \u00e9 analisar esse poss\u00edvel efeito das exporta\u00e7\u00f5es (diferenciadas em n\u00edveis tecnol\u00f3gicos) sobre o dinamismo econ\u00f4mico das microrregi\u00f5es brasileiras..<br \/>\nFinanciamento: Conselho Nacional de Desenvolvimento Cient\u00edfico e Tecnol\u00f3gico.<\/p>\n<h4 style=\"text-align: justify\"><strong>AN\u00c1LISE DA INTENSIDADE AGR\u00cdCOLA DOS MUNIC\u00cdPIOS DE ALGUNS ESTADOS BRASILEIROS NOS ANOS DE 2000 E 2010<\/strong><\/h4>\n<p style=\"text-align: justify\">Descri\u00e7\u00e3o: Nas \u00faltimas quatro d\u00e9cadas, em especial, o meio rural brasileiro vem sofrendo mudan\u00e7as. Outras atividades n\u00e3o agropecu\u00e1rias no meio rural v\u00eam aumentando com o passar dos anos, e n\u00e3o se pode mais dizer que o meio rural brasileiro \u00e9 apenas agr\u00edcola, pois, outras atividades v\u00eam fazendo parte do dia a dia desse meio rural. Tamb\u00e9m observa-se que o meio rural tem diminu\u00eddo sua import\u00e2ncia econ\u00f4mica e populacional em certas regi\u00f5es, no entanto, esses processos (de altera\u00e7\u00e3o da import\u00e2ncia populacional do meio rural das regi\u00f5es e das atividades agr\u00edcolas no meio rural) n\u00e3o s\u00e3o homog\u00eaneos, variando entre e dentro dos estados brasileiros. Dentro do contexto acima, a presente pesquisa tem como objetivo geral analisar a distribui\u00e7\u00e3o e os determinantes da intensidade agr\u00edcola no meio rural dos munic\u00edpios dos estados de S\u00e3o Paulo, Paran\u00e1, Mato Grosso do Sul, Mato Grosso e Goi\u00e1s para os anos de 2000 e 2010.<\/p>\n<h4 style=\"text-align: justify\"><strong>LEVANTAMENTO DO OR\u00c7AMENTO FAMILIAR PARA O MUNIC\u00cdPIO DE PONTA GROSSA<\/strong><\/h4>\n<p style=\"text-align: justify\">Descri\u00e7\u00e3o: Um dos grandes efeitos da grave crise econ\u00f4mica por qual atravessa a economia brasileira \u00e9 a diminui\u00e7\u00e3o da renda familiar e o aumento da propor\u00e7\u00e3o de fam\u00edlias inadimplentes. Uma das formas de mitigar esse problema \u00e9 identificar os h\u00e1bitos de consumo das fam\u00edlias e, a partir da\u00ed, tra\u00e7ar estrat\u00e9gias de conscientiza\u00e7\u00e3o sobre o gerenciamento do or\u00e7amento familiar. Com a Pesquisa de Or\u00e7amento Familiar (POF) \u00e9 poss\u00edvel obter informa\u00e7\u00f5es sobre a pauta de consumo e os gastos com produtos e servi\u00e7os das fam\u00edlias ponta grossenses por faixa de renda. Destaca-se que a identifica\u00e7\u00e3o de h\u00e1bitos de consumo \u00e9 de suma import\u00e2ncia, pois pode subsidiar estudos sobre mudan\u00e7as na estrutura das despesas familiares e custo de vida do or\u00e7amento dom\u00e9stico (habita\u00e7\u00e3o, sa\u00fade, educa\u00e7\u00e3o, transporte, etc.). A partir da identifica\u00e7\u00e3o dos h\u00e1bitos de consumo, ser\u00e3o realizados alguns eventos que visam conscientizar os cidad\u00e3os ponta grossenses sobre os h\u00e1bitos de consumo e planejamento do or\u00e7amento familiar, como consequ\u00eancia disso, espera-se melhorar a situa\u00e7\u00e3o financeira das fam\u00edlias. Nesse caso, ser\u00e3o realizados eventos sobre t\u00e9cnicas de gest\u00e3o do or\u00e7amento dom\u00e9stico, os quais ter\u00e3o como p\u00fablico alvo os acad\u00eamicos e os servidores da UEPG, bem como, a comunidade em geral.<\/p>\n<h4 style=\"text-align: justify\"><strong>O EFEITO DA VOLATILIDADE DA TAXA DE C\u00c2MBIO SOBRE O COM\u00c9RCIO INTERNACIONAL BRASILEIRO<\/strong><\/h4>\n<p style=\"text-align: justify\">Descri\u00e7\u00e3o: Muitas altera\u00e7\u00f5es nas pol\u00edticas internas dos pa\u00edses v\u00eam contribuindo para remodelar o sistema monet\u00e1rio internacional; seja com a pol\u00edtica cambial chinesa, seja com os diversos problemas enfrentados recentemente na Uni\u00e3o Europeia, nos Estados Unidos, ou at\u00e9 entre os pa\u00edses do Mercosul. De fato, tais acontecimentos aliados \u00e0 recente crise financeira internacional, v\u00eam revigorando o debate em torno da taxa de c\u00e2mbio. Alguns dos problemas com esta discuss\u00e3o diz respeito \u00e0 relev\u00e2ncia, ou n\u00e3o, da independ\u00eancia da pol\u00edtica monet\u00e1ria para n\u00e3o ser influenciada pelas flutua\u00e7\u00f5es dos ciclos dos neg\u00f3cios. Outro problema \u00e9 o efeito da volatilidade cambial sobre o mercado financeiro. E um \u00faltimo problema neste debate se refere \u00e0 import\u00e2ncia da taxa de c\u00e2mbio sobre os fluxos comerciais. Uma parte da literatura sustenta que os riscos associados \u00e0 variabilidade da taxa de c\u00e2mbio desencorajam exportadores de venderem os seus produtos no mercado internacional. O problema \u00e9 que muitos pa\u00edses tomam decis\u00f5es sobre suas pol\u00edticas internas baseadas nas suas necessidades de equil\u00edbrio macroecon\u00f4mico, as quais podem ter s\u00e9rias consequ\u00eancias internas e para os outros pa\u00edses. Por isso, a quest\u00e3o da magnitude do efeito da volatilidade cambial sobre o com\u00e9rcio \u00e9 uma quest\u00e3o emp\u00edrica que merece ser investigada. Inserindo-se no contexto apresentado anteriormente, o presente trabalho tem como objetivo principal investigar o impacto da volatilidade da taxa de c\u00e2mbio sobre o com\u00e9rcio setorial brasileiro.<\/p>\n<p>&nbsp;<\/p>\n<p>&nbsp;<\/p>\n","protected":false},"excerpt":{"rendered":"<p>AGLOMERADOS PRODUTIVOS DO PARAN\u00c1: UMA AN\u00c1LISE SETORIAL E ESPACIAL Descri\u00e7\u00e3o: Descri\u00e7\u00e3o: As aglomera\u00e7\u00f5es produtivas tornam-se importantes para a din\u00e2mica econ\u00f4mica de toda a regi\u00e3o onde est\u00e1 instalada. Desta forma, identificar as aglomera\u00e7\u00f5es existente e os fatores determinantes dessas aglomera\u00e7\u00f5es se torna crucial para que pol\u00edticas dirigidas possam ser efetivadas, na busca da intensifica\u00e7\u00e3o do desenvolvimento&nbsp;&hellip;<\/p>\n","protected":false},"author":2,"featured_media":0,"parent":0,"menu_order":0,"comment_status":"closed","ping_status":"closed","template":"","meta":[],"_links":{"self":[{"href":"https:\/\/www2.uepg.br\/nerepp\/wp-json\/wp\/v2\/pages\/8"}],"collection":[{"href":"https:\/\/www2.uepg.br\/nerepp\/wp-json\/wp\/v2\/pages"}],"about":[{"href":"https:\/\/www2.uepg.br\/nerepp\/wp-json\/wp\/v2\/types\/page"}],"author":[{"embeddable":true,"href":"https:\/\/www2.uepg.br\/nerepp\/wp-json\/wp\/v2\/users\/2"}],"replies":[{"embeddable":true,"href":"https:\/\/www2.uepg.br\/nerepp\/wp-json\/wp\/v2\/comments?post=8"}],"version-history":[{"count":5,"href":"https:\/\/www2.uepg.br\/nerepp\/wp-json\/wp\/v2\/pages\/8\/revisions"}],"predecessor-version":[{"id":84,"href":"https:\/\/www2.uepg.br\/nerepp\/wp-json\/wp\/v2\/pages\/8\/revisions\/84"}],"wp:attachment":[{"href":"https:\/\/www2.uepg.br\/nerepp\/wp-json\/wp\/v2\/media?parent=8"}],"curies":[{"name":"wp","href":"https:\/\/api.w.org\/{rel}","templated":true}]}}