{"id":251,"date":"2021-03-11T19:10:45","date_gmt":"2021-03-11T22:10:45","guid":{"rendered":"https:\/\/www2.uepg.br\/nti\/?page_id=251"},"modified":"2021-08-10T14:42:07","modified_gmt":"2021-08-10T17:42:07","slug":"wifi-e-eduroam","status":"publish","type":"page","link":"https:\/\/www2.uepg.br\/nti\/wifi-e-eduroam\/","title":{"rendered":"Wifi e Eduroam"},"content":{"rendered":"<div class=\"bs-docs-section\">\n<h1 class=\"page-header\">Rede sem fio UEPG<\/h1>\n<p>Implantada em 2018, utiliza a tecnologia 802.11ac Wave 1, operando em 5 GHz. Por quest\u00f5es de compatibilidade, a rede tamb\u00e9m suporta os padr\u00f5es 802.11n (5 GHz e 2,4 GHz) e 802.11g (2,4 GHz).<\/p>\n<h2 class=\"page-header\">As redes sem fio<\/h2>\n<p>eduroam &#8211; Desde 2014, a UEPG utiliza a rede sem fio denominada eduroam, que \u00e9 um servi\u00e7o de acesso sem fio seguro para o uso da comunidade internacional de ensino e pesquisa, com mais de dez mil pontos de acesso e presen\u00e7a em mais de 60 pa\u00edses. Para maiores informa\u00e7\u00f5es sobre o eduroam, clique aqui.<\/p>\n<p>eduroam5GHz &#8211; \u00c9 a mesma rede da eduroam, por\u00e9m funciona exclusivamente na frequ\u00eancia de 5GHz. Somente os dispositivos que possuem capacidade em 5 GHz ser\u00e3o capazes de conectar a essa rede.<\/p>\n<p>acessoLivreUEPG &#8211; Em alguns locais estar\u00e1 disponivel a rede visitantes, de acesso aberto, mediante cadastro, porem com limitacoes de quantidade de usuarios e de velocidade de navega\u00e7\u00e3o. Recomenda-se aos usuarios da UEPG a utilizarem a rede eduroam para uma melhor experiencia.<\/p>\n<p>admUEPG &#8211; Rede corporativa, com acesso a impressoras, sistemas e compartilhamentos de rede. Dispon\u00edvel apenas para agentes administrativos e docentes. N\u00e3o \u00e9 recomendado o uso de tablets e smartphones nessa rede.<\/p>\n<p>wirelessUEPG &#8211; Com a implanta\u00e7\u00e3o da nova rede sem fio, a rede wirelessUEPG ser\u00e1 desabilitada e os usu\u00e1rios que utilizam essa rede devem migrar para a rede eduroam.<\/p>\n<h2 class=\"page-header\">Como se conectar<\/h2>\n<p>Usu\u00e1rios da rede UEPG: configurador autom\u00e1tico:\u00a0<a href=\"https:\/\/cat.eduroam.org\/?idp=1050\">https:\/\/cat.eduroam.org\/?idp=1050<\/a><br \/>\nUsu\u00e1rios visitantes: utilizar a rede visitantes UEPG, mediante cadastro pr\u00e9vio e com limita\u00e7\u00e3o de quantidade de usu\u00e1rios e de link de internet.<\/p>\n<h2 class=\"page-header\">Transmiss\u00e3o de rede sem fio<\/h2>\n<p>Ao contrario das ondas de radio e TV que possuem um transmissor de alta potencia e um receptor simples onde a comunica\u00e7\u00e3o ocorrem em apenas uma via (do transmissor para o receptor), as redes sem fio precisam das duas vias para funcionar, ou seja, seu dispositivo \u00e9 ao mesmo tempo receptor e transmissor. Isso ocorre devido a natureza das redes de dados onde \u00e9 solicitada a informa\u00e7\u00e3o e um servidor da internet devolve a resposta.<\/p>\n<p>Outro ponto importante \u00e9 a frequ\u00eancia suportada pela seu dispositivo. As redes sem fio utilizam frequ\u00eancias liberadas para uso geral, ou seja, n\u00e3o possuem faixas reservadas pela ANATEL, como a comunica\u00e7\u00e3o de r\u00e1dios, tvs e operadoras de telefonia m\u00f3vel. Assim, podem existir interfer\u00eancias externas e de outros dispositivos. A frequ\u00eancia de 2,4 GHz normalmente possui maior interfer\u00eancia, devido ao seu maior uso e menor quantidade de canais dispon\u00edveis (11 canais, por\u00e9m \u00e9 poss\u00edvel utilizar apenas 3 sem sobreposi\u00e7\u00e3o). Assim, dispositivos que suportam apenas 2,4 GHz podem n\u00e3o funcionar de forma adequada.<\/p>\n<h2 class=\"page-header\">Sobre a tecnologia 802.11ac<\/h2>\n<p>Primeiramente \u00e9 importante ressaltar que o padr\u00e3o 802.11ac n\u00e3o tem nenhuma rela\u00e7\u00e3o com a sigla AC de corrente alternada, utilizada na \u00e1rea el\u00e9trica.<br \/>\nO padr\u00e3o 802.11ac utilizado na rede da UEPG \u00e9 o Wave 1, com velocidade m\u00e1xima de 1,3 GHz em 5GHz, o que corresponde a mais de 3x se comparada com a rede 802.11n.<\/p>\n<p>\u00c9 importante ressaltar a utiliza\u00e7\u00e3o. No padr\u00e3o 2,4ghz existem apenas 3 canais sem sobreposi\u00e7\u00e3o\/interfer\u00eancias. No padr\u00e3o 5 GHz existem 23 canais,<br \/>\nou seja, .. fazendo uma analogia, cada canal seria uma pista de uma rodovia&#8230;<\/p>\n<h2 class=\"page-header\">\u00c1rea de cobertura<\/h2>\n<p>Campus Centro<\/p>\n<p>Campus Uvaranas<\/p>\n<p>Cine-Teatro PAX<\/p>\n<div class=\"bs-docs-section\">\n<p>FAUEPG<\/p>\n<p>Fazenda Escola Cap\u00e3o da On\u00e7a<\/p>\n<\/div>\n<p>Hospital Universit\u00e1rio &#8211; HU<\/p>\n<p>Hospital Universit\u00e1rio Materno Infantil &#8211; HUMAI<\/p>\n<p>Museu Campos Gerais<\/p>\n<p>N\u00facleo de Pr\u00e1tica Jur\u00eddica &#8211; NPJ<\/p>\n<p>Pr\u00f3-Reitoria de Extens\u00e3o e Assuntos Culturais &#8211; PROEX<\/p>\n<\/div>\n<h1><\/h1>\n<h1 class=\"page-header\">FAQ<\/h1>\n<h2 class=\"page-header\">O que preciso saber sobre o meu dispositivo para obter uma melhor conex\u00e3o?<\/h2>\n<p>Voc\u00ea precisa saber qual \u00e9 o padr\u00e3o de rede sem fio suportado pelo seu dispositivo, seja ele smartphone, tablet ou notebook. Essa informa\u00e7\u00e3o deve constar no manual do equipamento ou no site do fabricante.<br \/>\nLembrando que o suporte aos padr\u00f5es implica no hardware do seu equipamento, ou seja, atualiza\u00e7\u00f5es de software n\u00e3o ir\u00e3o alterar o padr\u00e3o suportado.<br \/>\nTendo o padr\u00e3o suportado, basta identificar na tabela abaixo:<\/p>\n<table border=\"3\" width=\"80%\" align=\"center\">\n<tbody>\n<tr>\n<td align=\"center\" width=\"130px\">Padr\u00e3o<\/td>\n<td align=\"center\" width=\"80px\">Categoria<\/td>\n<td align=\"center\" width=\"70px\">Vel. Max.<\/td>\n<td align=\"center\" width=\"150px\">Canais Dispon\u00edveis<\/td>\n<td align=\"center\" width=\"150px\">Interfer\u00eancia<\/td>\n<\/tr>\n<tr>\n<td>802.11ac<\/td>\n<td>mais alta<\/td>\n<td>1,3 Gbps<\/td>\n<td>23<\/td>\n<td>baixa<\/td>\n<\/tr>\n<tr>\n<td>802.11n 5GHz<\/td>\n<td>alta<\/td>\n<td>300 Mbps<\/td>\n<td>23<\/td>\n<td>baixa<\/td>\n<\/tr>\n<tr>\n<td>802.11n 2,4GHz<\/td>\n<td>m\u00e9dia<\/td>\n<td>150 Mbps<\/td>\n<td>11<\/td>\n<td>alta<\/td>\n<\/tr>\n<tr>\n<td>802.11g<\/td>\n<td>baixa<\/td>\n<td>54 Mbps<\/td>\n<td>11<\/td>\n<td>alta<\/td>\n<\/tr>\n<\/tbody>\n<\/table>\n<h2 class=\"page-header\">Por que na mesma \u00e1rea outro dispositivo funciona e o meu n\u00e3o?<\/h2>\n<p>Isso pode ocorrer por diversos motivos. Listamos os mais comuns abaixo:<\/p>\n<ul>\n<li>Tipo do dispositivo<br \/>\nNormalmente notebooks possuem melhores antenas e maior pot\u00eancia para receber e enviar dados pela rede sem fio do que tables e smartphones. Por isso, num mesmo local \u00e9 poss\u00edvel que um notebook funcione e um smartphone n\u00e3o.<\/li>\n<li>Suporte a frequencia de 5 GHz<br \/>\nA frequencia de 5 GHz, suportada nos padr\u00e3oes 802.11ac e 802.11n, possui menor interfer\u00eancia de outros dispositivos, al\u00e9m de possuir mais canais sem sobreposi\u00e7\u00e3o. Se o seu dispositivo possui suporte a 5 GHZ, seja no padr\u00e3o 802.11ac ou 802.11n em 5 GHz, voc\u00ea ir\u00e1 obter uma melhor conectividade e maior velocidade do que dispositivos que suportam apenas frequ\u00eancias de 2,4 GHz.<\/li>\n<\/ul>\n<h2 class=\"page-header\">Por que a rede eduroam5GHz n\u00e3o aparece no meu dispositivo?<\/h2>\n<p>Se a rede eduroam5GHz n\u00e3o aparece na lista de redes no seu dispositivo, o seu dispositivo n\u00e3o possui suporte aos padr\u00f5es 802.11n 5GHz e 802.11ac.<\/p>\n<p>&nbsp;<\/p>\n<div class=\"bs-docs-section\">\n<h1 class=\"page-header\">EDUROAM<\/h1>\n<h1 class=\"page-header\">O que \u00e9 Eduroam?<\/h1>\n<p>O eduroam \u00e9 um servi\u00e7o de acesso sem fio seguro para o uso da comunidade internacional de ensino e pesquisa, com mais de dez mil pontos de acesso e presen\u00e7a em mais de 60 pa\u00edses.<br \/>\nNo Brasil, o servi\u00e7o \u00e9 gerenciado e operado pela RNP e atualmente conta com mais de 1000 pontos de acesso espalhados por todas as regi\u00f5es do Brasil.<br \/>\nAtrav\u00e9s da autentica\u00e7\u00e3o com uso de usu\u00e1rio e senha de sua institui\u00e7\u00e3o de origem, o usu\u00e1rio pode acessar a rede sem fio em qualquer uma das localidades, no Brasil e no mundo, onde houver pontos de acesso eduroam. Assim, os usu\u00e1rios da UEPG que estejam visitando institui\u00e7\u00f5es que possuam o eduroam podem conectar-se a rede sem fio utilizando o usu\u00e1rio e senha da UEPG sem a necessidade de criar novos logins e senhas. E usu\u00e1rios de outras institui\u00e7\u00f5es que estejam visitando a UEPG tamb\u00e9m podem usufruir da rede eduroam com suas credenciais de origem.<br \/>\n<img loading=\"lazy\" class=\"alignnone size-full wp-image-39\" src=\"http:\/\/rede.uepg.br\/wp-content\/uploads\/sites\/15\/2014\/07\/eduroam_300pix.png\" alt=\"Eduroam\" width=\"300\" height=\"130\" \/><\/p>\n<\/div>\n<div class=\"bs-docs-section\">\n<h1 class=\"page-header\">Como funciona?<\/h1>\n<p>Para ter acesso a rede e a Internet os dispositivos port\u00e1teis se conectam a um AP (Access Point, ou Ponto de Acesso). Os APs est\u00e3o posicionados em pontos centrais, e est\u00e3o conectados aos equipamentos que fornecem e controlam este acesso. Quando n\u00e3o existem obst\u00e1culos, os APs tem um raio de cobertura de aproximadamente 100 metros.<br \/>\nPara obter acesso a rede eduroam voc\u00ea necessita de um dispositivo de rede sem fio padr\u00e3o 802.11 b\/g com suporte a WPA2 e EAP-PEAP e estar dentro da \u00e1rea de cobertura da rede.<\/p>\n<p>Em compara\u00e7\u00e3o com a rede wirelessUEPG, a rede eduroam n\u00e3o necessita da configura\u00e7\u00e3o do servidor Proxy UEPG para permitir a navega\u00e7\u00e3o. Assim, a conex\u00e3o do usu\u00e1rio \u00e9 feita de forma mais simples e transparente.<\/p>\n<p>A rede eduroam possui o protocolo IPv6 habilitado. Para maiores informa\u00e7\u00f5es sobre o protocolo IPv6,\u00a0<a title=\"IPv6\" href=\"http:\/\/rede.uepg.br\/ipv6\/\">clique aqui<\/a>.<\/p>\n<div class=\"video-container\"><\/div>\n<\/div>\n<div class=\"bs-docs-section\">\n<h1 class=\"page-header\">Como acessar?<\/h1>\n<p><strong>Configurador autom\u00e1tico:<\/strong><br \/>\n<a href=\"https:\/\/cat.eduroam.org\/?idp=1050\">https:\/\/cat.eduroam.org\/?idp=1050<\/a><\/p>\n<p>QR Code<br \/>\n<img src=\"data:image\/png;base64,iVBORw0KGgoAAAANSUhEUgAAAG8AAABvAQMAAADYCwwjAAAABlBMVEUAAAD\/\/\/+l2Z\/dAAAAAnRSTlP\/\/8i138cAAAAJcEhZcwAACxIAAAsSAdLdfvwAAAElSURBVDiN1dS7jcQgEADQOTkgsxtAog0yWrIbMOcG1i2R0YYlGsDZBMhzg9ba1QXHkGxwyMlDGnk+ANCvBf+DGcDHgVADGJEnlVkdo9KeOhj0EsyGelZdXMFk1U0FYEsXqXDsju8kG+R6l6j5e5XfYF1I2Zl3Y\/\/mBYenIVuiIPMMdWe18HV3ssXLFY9pjwWARBKmLXC9nJMRmW0Bl7JNe+igGjLwUSmj6qAFj7AEHpPMi0Ni4tjZyaSgfdSrM9nKvNSwkTmj2SOJPOMBwDt6dDIJzbdNPKYlyLwcTJEefGhBJq\/sEmd1V9Rkvb9Bz1Y\/f9Rmvb+ujv6kDnIn8ZjinZXIpb4hVE94F\/mimcfroWiQs7JlqlWQyFov8kBhQpmfe3I\/xR9V+SPxndtiGAAAAABJRU5ErkJggg==\" alt=\"QR-code\" \/><\/p>\n<p><strong>Configura\u00e7\u00e3o manual<\/strong><br \/>\nO NTI disponibiliza manuais e suporte para diversos sistemas operacionais:<br \/>\n<a href=\"http:\/\/wiki.uepg.br\/index.php\/Configurar_Rede_sem_fio_Eduroam\">Clique aqui para ter acesso ao manual de configura\u00e7\u00e3o da rede eduroam na UEPG<\/a><\/p>\n<\/div>\n<div class=\"bs-docs-section\">\n<h1 class=\"page-header\">Pontos de acesso<\/h1>\n<p>Para saber o local mais pr\u00f3ximo com acesso eduroam, fa\u00e7a o download do aplicativo eduroam Companion para Android ou iOS nas respectivas lojas de aplicativos, ou verifique na lista abaixo.<\/p>\n<p>Lista dos pontos de acesso:<br \/>\n<a href=\"http:\/\/monitor.eduroam.org\/eduroam_map.php?type=all\">http:\/\/monitor.eduroam.org\/eduroam_map.php?type=all<\/a><\/p>\n<\/div>\n<div class=\"bs-docs-section\">\n<h1 class=\"page-header\">Perguntas frequentes<\/h1>\n<p>Site eduroam RNP: <a href=\"https:\/\/www.rnp.br\/servicos\/alunos-e-professores\/colaboracao-a-distancia\/eduroam\">https:\/\/www.rnp.br\/servicos\/alunos-e-professores\/colaboracao-a-distancia\/eduroam<\/a><\/p>\n<\/div>\n<p>&nbsp;<\/p>\n","protected":false},"excerpt":{"rendered":"<p>Rede sem fio UEPG Implantada em 2018, utiliza a tecnologia 802.11ac Wave 1, operando em 5 GHz. Por quest\u00f5es de compatibilidade, a rede tamb\u00e9m suporta os padr\u00f5es 802.11n (5 GHz e 2,4 GHz) e 802.11g (2,4 GHz). As redes sem fio eduroam &#8211; Desde 2014, a UEPG utiliza a rede sem fio denominada eduroam, que&nbsp;&hellip;<\/p>\n","protected":false},"author":204,"featured_media":0,"parent":0,"menu_order":0,"comment_status":"closed","ping_status":"closed","template":"","meta":[],"_links":{"self":[{"href":"https:\/\/www2.uepg.br\/nti\/wp-json\/wp\/v2\/pages\/251"}],"collection":[{"href":"https:\/\/www2.uepg.br\/nti\/wp-json\/wp\/v2\/pages"}],"about":[{"href":"https:\/\/www2.uepg.br\/nti\/wp-json\/wp\/v2\/types\/page"}],"author":[{"embeddable":true,"href":"https:\/\/www2.uepg.br\/nti\/wp-json\/wp\/v2\/users\/204"}],"replies":[{"embeddable":true,"href":"https:\/\/www2.uepg.br\/nti\/wp-json\/wp\/v2\/comments?post=251"}],"version-history":[{"count":7,"href":"https:\/\/www2.uepg.br\/nti\/wp-json\/wp\/v2\/pages\/251\/revisions"}],"predecessor-version":[{"id":414,"href":"https:\/\/www2.uepg.br\/nti\/wp-json\/wp\/v2\/pages\/251\/revisions\/414"}],"wp:attachment":[{"href":"https:\/\/www2.uepg.br\/nti\/wp-json\/wp\/v2\/media?parent=251"}],"curies":[{"name":"wp","href":"https:\/\/api.w.org\/{rel}","templated":true}]}}