{"id":324,"date":"2021-05-19T19:40:25","date_gmt":"2021-05-19T22:40:25","guid":{"rendered":"https:\/\/www2.uepg.br\/nti\/?page_id=324"},"modified":"2021-07-30T11:07:34","modified_gmt":"2021-07-30T14:07:34","slug":"referencias-desenvolvimento-software","status":"publish","type":"page","link":"https:\/\/www2.uepg.br\/nti\/referencias-desenvolvimento-software\/","title":{"rendered":"Refer\u00eancias para o desenvolvimento de software"},"content":{"rendered":"<div id=\"pl-324\"  class=\"panel-layout\" ><div id=\"pg-324-0\"  class=\"panel-grid panel-no-style\" ><div id=\"pgc-324-0-0\"  class=\"panel-grid-cell\" ><div id=\"panel-324-0-0-0\" class=\"so-panel widget widget_sow-editor panel-first-child panel-last-child\" data-index=\"0\" ><div\n\t\t\t\n\t\t\tclass=\"so-widget-sow-editor so-widget-sow-editor-base\"\n\t\t\t\n\t\t>\n<div class=\"siteorigin-widget-tinymce textwidget\">\n\t<p>Esta se\u00e7\u00e3o apresenta um conjunto valioso de refer\u00eancias t\u00e9cnicas, abrangendo conhecimento te\u00f3rico e pr\u00e1tico, com base nas diretrizes e especifica\u00e7\u00f5es t\u00e9cnicas do PDS-UEPG (Processo de Desenvolvimento de Software) [<em>em elabora\u00e7\u00e3o<\/em>].<\/p>\n<p>\u00a0<\/p>\n<p>\u00a0<\/p>\n<\/div>\n<\/div><\/div><\/div><\/div><div id=\"pg-324-1\"  class=\"panel-grid panel-no-style\" ><div id=\"pgc-324-1-0\"  class=\"panel-grid-cell\" ><div id=\"panel-324-1-0-0\" class=\"so-panel widget widget_nav_menu panel-first-child panel-last-child\" data-index=\"1\" ><h3 class=\"widget-title\">Refer\u00eancias t\u00e9cnicas de software<\/h3><div class=\"menu-referencias-tecnicas-de-software-container\"><ul id=\"menu-referencias-tecnicas-de-software\" class=\"menu\"><li id=\"menu-item-343\" class=\"menu-item menu-item-type-custom menu-item-object-custom menu-item-343\"><a href=\"#ferramentas\">IDEs e Ferramentas<\/a><\/li>\n<li id=\"menu-item-337\" class=\"menu-item menu-item-type-custom menu-item-object-custom menu-item-337\"><a href=\"#bd\">Bancos de dados<\/a><\/li>\n<li id=\"menu-item-331\" class=\"menu-item menu-item-type-custom menu-item-object-custom menu-item-331\"><a href=\"#gc\">Ger\u00eancia de Configura\u00e7\u00e3o<\/a><\/li>\n<\/ul><\/div><\/div><\/div><\/div><div id=\"pg-324-2\"  class=\"panel-grid panel-no-style\" ><div id=\"pgc-324-2-0\"  class=\"panel-grid-cell\" ><div id=\"panel-324-2-0-0\" class=\"so-panel widget widget_sow-editor panel-first-child panel-last-child\" data-index=\"2\" ><div id=\"ferramentas\" class=\"panel-widget-style panel-widget-style-for-324-2-0-0\" ><div\n\t\t\t\n\t\t\tclass=\"so-widget-sow-editor so-widget-sow-editor-base\"\n\t\t\t\n\t\t><h3 class=\"widget-title\">IDE e Ferramentas para o aux\u00edlio no desenvolvimento de sistemas<\/h3>\n<div class=\"siteorigin-widget-tinymce textwidget\">\n\t<p>Material de refer\u00eancia orientativo no uso de ferramentas (softwares) que auxiliam a atividade di\u00e1ria de desenvolver sistemas.<\/p>\n<ul>\n<li>Artigo com orienta\u00e7\u00f5es na base de conhecimento: <a href=\"https:\/\/suporte.uepg.br\/otrs\/public.pl?Action=PublicFAQZoom;ItemID=510\" target=\"_blank\" rel=\"noopener\">IDEs e Ferramentas para Desenvolvimento<\/a><\/li>\n<\/ul>\n<\/div>\n<\/div><\/div><\/div><\/div><\/div><div id=\"pg-324-3\"  class=\"panel-grid panel-no-style\" ><div id=\"pgc-324-3-0\"  class=\"panel-grid-cell\" ><div id=\"panel-324-3-0-0\" class=\"so-panel widget widget_sow-editor panel-first-child panel-last-child\" data-index=\"3\" ><div id=\"bd\" class=\"panel-widget-style panel-widget-style-for-324-3-0-0\" ><div\n\t\t\t\n\t\t\tclass=\"so-widget-sow-editor so-widget-sow-editor-base\"\n\t\t\t\n\t\t><h3 class=\"widget-title\">Bancos de dados<\/h3>\n<div class=\"siteorigin-widget-tinymce textwidget\">\n\t<p>Material de refer\u00eancia para modelagem, estrutura\u00e7\u00e3o, programa\u00e7\u00e3o e t\u00e9cnicas de gest\u00e3o de bancos de dados e Sistemas Gerenciadores de Bancos de Dados SGBD<\/p>\n<\/div>\n<\/div><\/div><\/div><\/div><\/div><div id=\"pg-324-4\"  class=\"panel-grid panel-no-style\" ><div id=\"pgc-324-4-0\"  class=\"panel-grid-cell\" ><div id=\"panel-324-4-0-0\" class=\"so-panel widget widget_sow-editor panel-first-child panel-last-child\" data-index=\"4\" ><div id=\"gc\" class=\"panel-widget-style panel-widget-style-for-324-4-0-0\" ><div\n\t\t\t\n\t\t\tclass=\"so-widget-sow-editor so-widget-sow-editor-base\"\n\t\t\t\n\t\t><h3 class=\"widget-title\">Ger\u00eancia de Configura\u00e7\u00e3o - GC<\/h3>\n<div class=\"siteorigin-widget-tinymce textwidget\">\n\t<p>Material de refer\u00eancia para Ger\u00eancia de Configura\u00e7\u00e3o - GC, e Ger\u00eancia de Configura\u00e7\u00e3o de Software - GCS<\/p>\n<\/div>\n<\/div><\/div><\/div><\/div><\/div><\/div>","protected":false},"excerpt":{"rendered":"<p>Esta se\u00e7\u00e3o apresenta um conjunto valioso de refer\u00eancias t\u00e9cnicas, abrangendo conhecimento te\u00f3rico e pr\u00e1tico, com base nas diretrizes e especifica\u00e7\u00f5es t\u00e9cnicas do PDS-UEPG (Processo de Desenvolvimento de Software) [em elabora\u00e7\u00e3o]. \u00a0 \u00a0<\/p>\n","protected":false},"author":10,"featured_media":0,"parent":0,"menu_order":0,"comment_status":"closed","ping_status":"closed","template":"","meta":[],"_links":{"self":[{"href":"https:\/\/www2.uepg.br\/nti\/wp-json\/wp\/v2\/pages\/324"}],"collection":[{"href":"https:\/\/www2.uepg.br\/nti\/wp-json\/wp\/v2\/pages"}],"about":[{"href":"https:\/\/www2.uepg.br\/nti\/wp-json\/wp\/v2\/types\/page"}],"author":[{"embeddable":true,"href":"https:\/\/www2.uepg.br\/nti\/wp-json\/wp\/v2\/users\/10"}],"replies":[{"embeddable":true,"href":"https:\/\/www2.uepg.br\/nti\/wp-json\/wp\/v2\/comments?post=324"}],"version-history":[{"count":16,"href":"https:\/\/www2.uepg.br\/nti\/wp-json\/wp\/v2\/pages\/324\/revisions"}],"predecessor-version":[{"id":346,"href":"https:\/\/www2.uepg.br\/nti\/wp-json\/wp\/v2\/pages\/324\/revisions\/346"}],"wp:attachment":[{"href":"https:\/\/www2.uepg.br\/nti\/wp-json\/wp\/v2\/media?parent=324"}],"curies":[{"name":"wp","href":"https:\/\/api.w.org\/{rel}","templated":true}]}}