{"id":17,"date":"2022-04-06T11:25:20","date_gmt":"2022-04-06T14:25:20","guid":{"rendered":"http:\/\/www2.uepg.br\/opmat\/?page_id=17"},"modified":"2026-03-23T13:42:34","modified_gmt":"2026-03-23T16:42:34","slug":"inscricoes","status":"publish","type":"page","link":"https:\/\/www2.uepg.br\/opmat\/inscricoes\/","title":{"rendered":"Inscri\u00e7\u00f5es"},"content":{"rendered":"<p style=\"text-align: center\"><strong>INSCRI\u00c7\u00d5ES PARA A 12\u00aa OLIMP\u00cdADA PONTAGROSSENSE DE MATEM\u00c1TICA<\/strong><\/p>\n<p>Como todo ano, o n\u00famero de alunos que podem ser inscritos na Olimp\u00edada ser\u00e1 enviado ao e-mail cadastrado da escola. Abaixo seguem o formul\u00e1rio de inscri\u00e7\u00e3o e planilha modelo para o envio das inscri\u00e7\u00f5es dos alunos dos n\u00edveis 1, 2, 3 e 4 na 12\u00aa OPMat.<\/p>\n<p>Formul\u00e1rio de inscri\u00e7\u00e3o:\u00a0<a href=\"https:\/\/forms.gle\/HPExkcydrbswSLQFA\" target=\"_blank\" rel=\"noopener\">clique aqui.<\/a><\/p>\n<p>Planilha modelo: <a href=\"https:\/\/docs.google.com\/spreadsheets\/d\/1-pFMnuU3SUBq6JAqIIr9yQIMvyRYfKO3\/edit?usp=sharing&amp;ouid=106182556961655543484&amp;rtpof=true&amp;sd=true\">clique aqui<\/a>.<\/p>\n","protected":false},"excerpt":{"rendered":"<p>INSCRI\u00c7\u00d5ES PARA A 12\u00aa OLIMP\u00cdADA PONTAGROSSENSE DE MATEM\u00c1TICA Como todo ano, o n\u00famero de alunos que podem ser inscritos na Olimp\u00edada ser\u00e1 enviado ao e-mail cadastrado da escola. Abaixo seguem o formul\u00e1rio de inscri\u00e7\u00e3o e planilha modelo para o envio das inscri\u00e7\u00f5es dos alunos dos n\u00edveis 1, 2, 3 e 4 na 12\u00aa OPMat. Formul\u00e1rio&nbsp;&hellip;<\/p>\n","protected":false},"author":24,"featured_media":0,"parent":0,"menu_order":0,"comment_status":"closed","ping_status":"closed","template":"","meta":[],"_links":{"self":[{"href":"https:\/\/www2.uepg.br\/opmat\/wp-json\/wp\/v2\/pages\/17"}],"collection":[{"href":"https:\/\/www2.uepg.br\/opmat\/wp-json\/wp\/v2\/pages"}],"about":[{"href":"https:\/\/www2.uepg.br\/opmat\/wp-json\/wp\/v2\/types\/page"}],"author":[{"embeddable":true,"href":"https:\/\/www2.uepg.br\/opmat\/wp-json\/wp\/v2\/users\/24"}],"replies":[{"embeddable":true,"href":"https:\/\/www2.uepg.br\/opmat\/wp-json\/wp\/v2\/comments?post=17"}],"version-history":[{"count":50,"href":"https:\/\/www2.uepg.br\/opmat\/wp-json\/wp\/v2\/pages\/17\/revisions"}],"predecessor-version":[{"id":12000,"href":"https:\/\/www2.uepg.br\/opmat\/wp-json\/wp\/v2\/pages\/17\/revisions\/12000"}],"wp:attachment":[{"href":"https:\/\/www2.uepg.br\/opmat\/wp-json\/wp\/v2\/media?parent=17"}],"curies":[{"name":"wp","href":"https:\/\/api.w.org\/{rel}","templated":true}]}}