{"id":6529,"date":"2023-01-20T11:02:14","date_gmt":"2023-01-20T14:02:14","guid":{"rendered":"https:\/\/www2.uepg.br\/opmat\/?page_id=6529"},"modified":"2024-03-12T14:40:17","modified_gmt":"2024-03-12T17:40:17","slug":"pic-pr03","status":"publish","type":"page","link":"https:\/\/www2.uepg.br\/opmat\/pic-pr03\/","title":{"rendered":"PIC PR03"},"content":{"rendered":"<div id=\"pl-6529\"  class=\"panel-layout\" ><div id=\"pg-6529-0\"  class=\"panel-grid panel-no-style\" ><div id=\"pgc-6529-0-0\"  class=\"panel-grid-cell\" ><div id=\"panel-6529-0-0-0\" class=\"so-panel widget widget_sow-editor panel-first-child panel-last-child\" data-index=\"0\" ><div\n\t\t\t\n\t\t\tclass=\"so-widget-sow-editor so-widget-sow-editor-base\"\n\t\t\t\n\t\t>\n<div class=\"siteorigin-widget-tinymce textwidget\">\n\t<p><img loading=\"lazy\" class=\"alignnone wp-image-5063 aligncenter\" src=\"http:\/\/www2.uepg.br\/opmat\/wp-content\/uploads\/sites\/49\/2021\/02\/Icone-PIC-2021-300x59.png\" alt=\"\" width=\"442\" height=\"87\" srcset=\"https:\/\/www2.uepg.br\/opmat\/wp-content\/uploads\/sites\/49\/2021\/02\/Icone-PIC-2021-300x59.png 300w, https:\/\/www2.uepg.br\/opmat\/wp-content\/uploads\/sites\/49\/2021\/02\/Icone-PIC-2021-1024x200.png 1024w, https:\/\/www2.uepg.br\/opmat\/wp-content\/uploads\/sites\/49\/2021\/02\/Icone-PIC-2021-768x150.png 768w, https:\/\/www2.uepg.br\/opmat\/wp-content\/uploads\/sites\/49\/2021\/02\/Icone-PIC-2021-1232x241.png 1232w, https:\/\/www2.uepg.br\/opmat\/wp-content\/uploads\/sites\/49\/2021\/02\/Icone-PIC-2021.png 1259w\" sizes=\"(max-width: 442px) 100vw, 442px\" \/><\/p>\n<p style=\"text-align: justify\"><span style=\"font-weight: 400\">O p\u00fablico alvo deste curso s\u00e3o alunos de escolas p\u00fablicas e privadas, medalhistas da OBMEP que se destacam na\u00a0 edi\u00e7\u00e3o da OBMEP do ano anterior e alunos convidados da Regional do PIC PR03 que abrange 62 munic\u00edpios do estado do Paran\u00e1. Os ministrantes deste curso s\u00e3o professores da educa\u00e7\u00e3o b\u00e1sica e acad\u00eamicos da Licenciatura em Matem\u00e1tica da Universidade Estadual de Ponta Grossa (UEPG), Universidade Tecnol\u00f3gica Federal do Paran\u00e1 (UTFPR) no Campus de Pato Branco, Universidade Estadual de Londrina (UEL) e Universidade Estadual do Centro Oeste (UNICENTRO) no Campus de Guarapuava, que participam do curso <\/span><span style=\"font-weight: 400\">\u201cForma\u00e7\u00e3o de Professores por Meio da Metodologia de Resolu\u00e7\u00e3o De Problemas \u2013 Programa de Inicia\u00e7\u00e3o Cient\u00edfica JR OBMEP''.<\/span><span style=\"font-weight: 400\"> A metodologia <\/span><span style=\"font-weight: 400\">usada \u00e9 a Metodologia de Resolu\u00e7\u00e3o de Problemas. A estrutura do curso se d\u00e1 da seguinte forma: o curso tem dura\u00e7\u00e3o de aproximadamente 9 (nove) meses, sendo que, entre abril e outubro s\u00e3o realizados os encontros de forma\u00e7\u00e3o aos s\u00e1bados, e nos meses de mar\u00e7o e novembro, s\u00e3o realizados encontros de abertura e encerramento, respectivamente. Os encontros ocorrem de forma presencial para as turmas presenciais e de forma online para as turmas virtuais, normalmente a cada duas semanas, sendo que cada encontro tem 4 (quatro) horas de dura\u00e7\u00e3o. Nessas atividades incluiu-se a resolu\u00e7\u00e3o de problemas de \u00e1lgebra, geometria, teoria dos n\u00fameros, l\u00f3gica e contagem e as referidas tarefas realizadas no site do PIC e avalia\u00e7\u00f5es. Os encontros, das turmas virtuais, dos professores da educa\u00e7\u00e3o b\u00e1sica (PEBs) e dos acad\u00eamicos da Licenciatura em Matem\u00e1tica (ALs) com os alunos do PIC s\u00e3o via <\/span><i><span style=\"font-weight: 400\">Google Meet<\/span><\/i><span style=\"font-weight: 400\"> durante a semana. S\u00e3o criadas salas no <\/span><i><span style=\"font-weight: 400\">Google Classroom<\/span><\/i><span style=\"font-weight: 400\"> para cada turma onde eram disponibilizados os materiais e as aulas gravadas para os alunos. As tarefas s\u00e3o realizadas no site pr\u00f3prio do PIC (<\/span><a href=\"https:\/\/pic.obmep.org.br\/\"><span style=\"font-weight: 400\">https:\/\/pic.obmep.org.br\/<\/span><\/a><span style=\"font-weight: 400\">) e avalia\u00e7\u00f5es, para os alunos das turmas virtuais s\u00e3o realizadas no site pr\u00f3prio do PIC (https:\/\/pic.obmep.org.br\/) e para as turmas presenciais s\u00e3o realizadas de forma presencial.<\/span><\/p>\n<p>Voc\u00ea encontra os materiais utilizados no PIC <a href=\"http:\/\/www.obmep.org.br\/apostilas.htm\" target=\"_blank\" rel=\"noopener\">clicando aqui<\/a>.<\/p>\n<p>Fale conosco atrav\u00e9s do e-mail:<\/p>\n<p><img loading=\"lazy\" class=\"alignnone wp-image-416\" src=\"http:\/\/www2.uepg.br\/opmat\/wp-content\/uploads\/sites\/49\/2020\/03\/81055-1.png\" alt=\"\" width=\"19\" height=\"19\" \/> cric_pr03@impa.br<\/p>\n<\/div>\n<\/div><\/div><\/div><\/div><\/div>","protected":false},"excerpt":{"rendered":"<p>O p\u00fablico alvo deste curso s\u00e3o alunos de escolas p\u00fablicas e privadas, medalhistas da OBMEP que se destacam na\u00a0 edi\u00e7\u00e3o da OBMEP do ano anterior e alunos convidados da Regional do PIC PR03 que abrange 62 munic\u00edpios do estado do Paran\u00e1. Os ministrantes deste curso s\u00e3o professores da educa\u00e7\u00e3o b\u00e1sica e acad\u00eamicos da Licenciatura em&nbsp;&hellip;<\/p>\n","protected":false},"author":582,"featured_media":0,"parent":0,"menu_order":0,"comment_status":"closed","ping_status":"closed","template":"","meta":[],"_links":{"self":[{"href":"https:\/\/www2.uepg.br\/opmat\/wp-json\/wp\/v2\/pages\/6529"}],"collection":[{"href":"https:\/\/www2.uepg.br\/opmat\/wp-json\/wp\/v2\/pages"}],"about":[{"href":"https:\/\/www2.uepg.br\/opmat\/wp-json\/wp\/v2\/types\/page"}],"author":[{"embeddable":true,"href":"https:\/\/www2.uepg.br\/opmat\/wp-json\/wp\/v2\/users\/582"}],"replies":[{"embeddable":true,"href":"https:\/\/www2.uepg.br\/opmat\/wp-json\/wp\/v2\/comments?post=6529"}],"version-history":[{"count":11,"href":"https:\/\/www2.uepg.br\/opmat\/wp-json\/wp\/v2\/pages\/6529\/revisions"}],"predecessor-version":[{"id":9709,"href":"https:\/\/www2.uepg.br\/opmat\/wp-json\/wp\/v2\/pages\/6529\/revisions\/9709"}],"wp:attachment":[{"href":"https:\/\/www2.uepg.br\/opmat\/wp-json\/wp\/v2\/media?parent=6529"}],"curies":[{"name":"wp","href":"https:\/\/api.w.org\/{rel}","templated":true}]}}