{"id":6532,"date":"2023-01-20T11:02:14","date_gmt":"2023-01-20T14:02:14","guid":{"rendered":"https:\/\/www2.uepg.br\/opmat\/?page_id=6532"},"modified":"2024-03-12T14:39:09","modified_gmt":"2024-03-12T17:39:09","slug":"opmat-na-escola","status":"publish","type":"page","link":"https:\/\/www2.uepg.br\/opmat\/opmat-na-escola\/","title":{"rendered":"OPMat na Escola"},"content":{"rendered":"<div id=\"pl-6532\" class=\"panel-layout\">\n<div id=\"pg-6532-0\" class=\"panel-grid panel-no-style\">\n<div id=\"pgc-6532-0-0\" class=\"panel-grid-cell\" data-weight=\"1\">\n<div id=\"panel-6532-0-0-0\" class=\"so-panel widget widget_sow-editor panel-first-child panel-last-child\" data-index=\"0\">\n<div class=\"so-widget-sow-editor so-widget-sow-editor-base\">\n<div class=\"siteorigin-widget-tinymce textwidget\">\n<p><img loading=\"lazy\" class=\"wp-image-7381 aligncenter\" src=\"http:\/\/www2.uepg.br\/opmat\/wp-content\/uploads\/sites\/49\/2023\/02\/logo-com-transparente-1.png\" alt=\"\" width=\"409\" height=\"234\" srcset=\"https:\/\/www2.uepg.br\/opmat\/wp-content\/uploads\/sites\/49\/2023\/02\/logo-com-transparente-1.png 1307w, https:\/\/www2.uepg.br\/opmat\/wp-content\/uploads\/sites\/49\/2023\/02\/logo-com-transparente-1-300x172.png 300w, https:\/\/www2.uepg.br\/opmat\/wp-content\/uploads\/sites\/49\/2023\/02\/logo-com-transparente-1-1024x587.png 1024w, https:\/\/www2.uepg.br\/opmat\/wp-content\/uploads\/sites\/49\/2023\/02\/logo-com-transparente-1-768x440.png 768w, https:\/\/www2.uepg.br\/opmat\/wp-content\/uploads\/sites\/49\/2023\/02\/logo-com-transparente-1-1232x706.png 1232w\" sizes=\"(max-width: 409px) 100vw, 409px\" \/><\/p>\n<p>&nbsp;<\/p>\n<p style=\"text-align: justify\">O curso OPMat na Escola \u00e9 destinado aos professores de Matem\u00e1tica e\/ou Ensino Fundamental II e Ensino M\u00e9dio das escolas p\u00fablicas ou privadas do munic\u00edpio de Ponta Grossa. O seu objetivo \u00e9 contribuir para a forma\u00e7\u00e3o de professores de Matem\u00e1tica estimulando-os a estudos mais aprofundados a a ado\u00e7\u00e3o de novas pr\u00e1ticas did\u00e1ticas em suas salas de aula. <span style=\"font-weight: 400\">Esse curso apresenta como eixo norteador a abordagem de t\u00f3picos matem\u00e1ticos por meio da resolu\u00e7\u00e3o de problemas, propiciando aos professores de matem\u00e1tica a viv\u00eancia com essa metodologia, a fim de buscar o aperfei\u00e7oamento do processo de ensino-aprendizagem em matem\u00e1tica, melhorar a qualidade do ensino da matem\u00e1tica na educa\u00e7\u00e3o b\u00e1sica, estimular a ado\u00e7\u00e3o em sala de aula de novas pr\u00e1ticas pedag\u00f3gicas, incentivar a cria\u00e7\u00e3o de atividades extraclasse e buscar a evolu\u00e7\u00e3o do desempenho dos alunos em olimp\u00edadas de matem\u00e1tica como a OPMat, a OPRM e a OBMEP.<\/span><\/p>\n<p><span style=\"font-weight: 400\">Neste curso, o professor de matem\u00e1tica pode optar em participar de uma das seguintes formas:<\/span><\/p>\n<p><span style=\"font-weight: 400\">1\u00aa) Participar apenas do curso de forma\u00e7\u00e3o.<\/span><\/p>\n<p><span style=\"font-weight: 400\">2\u00aa) Participar do curso de forma\u00e7\u00e3o e do curso de treinamento ministrando aulas para os alunos do educand\u00e1rio onde trabalha.<\/span><\/p>\n<p>No caso de escolher a modalidade &#8220;apena curso de forma\u00e7\u00e3o&#8221;, ao final do curso, o professor recebe um certificado com nota, frequ\u00eancia e carga hor\u00e1ria de 60 (sessenta) horas. J\u00e1 na modalidade &#8220;curso de forma\u00e7\u00e3o e treinamento&#8221;, ao final do curso, al\u00e9m do certificado anteriormente citado, o professor tamb\u00e9m recebe um certificado de ministrante, com nota, frequ\u00eancia e carga hor\u00e1ria de 130 (cento e trita) horas. <span style=\"font-weight: 400\">No curso de treinamento os alunos ser\u00e3o os participantes e receber\u00e3o certificados com nota, frequ\u00eancia e carga hor\u00e1ria.<\/span><\/p>\n<p>A estrutura do curso se d\u00e1 da seguinte forma: o curso tem a dura\u00e7\u00e3o de aproximadamente 9 (nove) meses, sendo que, entre abril e outubro s\u00e3o realizados os encontros de forma\u00e7\u00e3o aos s\u00e1bados, com dura\u00e7\u00e3o de 4 (quatro) horas, das 8h \u00e0s 12h, e nos meses de mar\u00e7o e novembro, s\u00e3o realizados encontros de abertura e encerramento, respectivamente.<\/p>\n<p>Inscri\u00e7\u00f5es OPMat na Escola 2024 e mais sobre o curso: https:\/\/www2.uepg.br\/opmat\/estao-abertas-as-inscricoes-para-o-curso-de-extensao-opmat-na-escola-4a-edicao-2024\/<\/p>\n<p>Voc\u00ea encontra os materiais utilizados no OPMat na Escola <a href=\"http:\/\/www.obmep.org.br\/apostilas.htm\" target=\"_blank\" rel=\"noopener\">clicando aqui<\/a>.<\/p>\n<p>Fale conosco atrav\u00e9s do e-mail:<\/p>\n<p><img loading=\"lazy\" class=\"alignnone wp-image-416\" src=\"http:\/\/www2.uepg.br\/opmat\/wp-content\/uploads\/sites\/49\/2020\/03\/81055-1.png\" alt=\"\" width=\"19\" height=\"19\" \/>olimpgmat@gmail.com<\/p>\n<\/div>\n<\/div>\n<\/div>\n<\/div>\n<\/div>\n<\/div>\n","protected":false},"excerpt":{"rendered":"<p>&nbsp; O curso OPMat na Escola \u00e9 destinado aos professores de Matem\u00e1tica e\/ou Ensino Fundamental II e Ensino M\u00e9dio das escolas p\u00fablicas ou privadas do munic\u00edpio de Ponta Grossa. O seu objetivo \u00e9 contribuir para a forma\u00e7\u00e3o de professores de Matem\u00e1tica estimulando-os a estudos mais aprofundados a a ado\u00e7\u00e3o de novas pr\u00e1ticas did\u00e1ticas em suas&nbsp;&hellip;<\/p>\n","protected":false},"author":582,"featured_media":0,"parent":0,"menu_order":0,"comment_status":"closed","ping_status":"closed","template":"","meta":[],"_links":{"self":[{"href":"https:\/\/www2.uepg.br\/opmat\/wp-json\/wp\/v2\/pages\/6532"}],"collection":[{"href":"https:\/\/www2.uepg.br\/opmat\/wp-json\/wp\/v2\/pages"}],"about":[{"href":"https:\/\/www2.uepg.br\/opmat\/wp-json\/wp\/v2\/types\/page"}],"author":[{"embeddable":true,"href":"https:\/\/www2.uepg.br\/opmat\/wp-json\/wp\/v2\/users\/582"}],"replies":[{"embeddable":true,"href":"https:\/\/www2.uepg.br\/opmat\/wp-json\/wp\/v2\/comments?post=6532"}],"version-history":[{"count":21,"href":"https:\/\/www2.uepg.br\/opmat\/wp-json\/wp\/v2\/pages\/6532\/revisions"}],"predecessor-version":[{"id":12009,"href":"https:\/\/www2.uepg.br\/opmat\/wp-json\/wp\/v2\/pages\/6532\/revisions\/12009"}],"wp:attachment":[{"href":"https:\/\/www2.uepg.br\/opmat\/wp-json\/wp\/v2\/media?parent=6532"}],"curies":[{"name":"wp","href":"https:\/\/api.w.org\/{rel}","templated":true}]}}