{"id":133,"date":"2021-12-10T11:10:40","date_gmt":"2021-12-10T14:10:40","guid":{"rendered":"https:\/\/www2.uepg.br\/pet-engalimentos\/?page_id=133"},"modified":"2024-10-23T10:02:26","modified_gmt":"2024-10-23T13:02:26","slug":"sobre","status":"publish","type":"page","link":"https:\/\/www2.uepg.br\/pet-engalimentos\/sobre\/","title":{"rendered":"SOBRE N\u00d3S"},"content":{"rendered":"<div id=\"pl-133\"  class=\"panel-layout\" ><div id=\"pg-133-0\"  class=\"panel-grid panel-no-style\" ><div id=\"pgc-133-0-0\"  class=\"panel-grid-cell\" ><div id=\"panel-133-0-0-0\" class=\"so-panel widget widget_sow-editor panel-first-child\" data-index=\"0\" ><div\n\t\t\t\n\t\t\tclass=\"so-widget-sow-editor so-widget-sow-editor-base\"\n\t\t\t\n\t\t>\n<div class=\"siteorigin-widget-tinymce textwidget\">\n\t<p><strong>O QUE \u00c9 O PET?\u00a0<\/strong><\/p>\n<p>O PET \u00e9 um Programa de Educa\u00e7\u00e3o Tutorial que possui como ferramenta de trabalho a tr\u00edade de universidade, a qual \u00e9 o ensino, a pesquisa e a extens\u00e3o.<\/p>\n<p>O programa de Educa\u00e7\u00e3o Tutorial caracteriza-se como uma metodologia de ensino com compromissos pedag\u00f3gicos, \u00e9ticos e sociais, que se trabalha por meio de grupos de aprendizagem, formados por estudantes, sob a orienta\u00e7\u00e3o de professores tutores. As atividades realizadas no \u00e2mbito da educa\u00e7\u00e3o tutorial se identificam como extracurriculares e s\u00e3o, complementares \u00e0 forma\u00e7\u00e3o acad\u00eamica.<\/p>\n<p>Na Universidade Estadual de Ponta Grossa existem atualmente 3 grupos PET: PET Qu\u00edmica, PET Hist\u00f3ria e PET Engenharia de Alimentos, que trabalham tamb\u00e9m juntamente com o PET Engenharia Qu\u00edmica da UTFPR, formando o InterPET de Ponta Grossa.<\/p>\n<p><strong>IMPORT\u00c2NCIA <\/strong><\/p>\n<p>O Programa de Ensino Tutorial \u00e9 uma maneira de ampliar a viv\u00eancia do universit\u00e1rio dentro da universidade e estreitar v\u00ednculos com a comunidade externa. A Universidade vai muito al\u00e9m de somente uma sala de aula ou campus, o PET \u00e9 um dos programas que consegue expandir essas barreiras, pois, mesmo que inconscientemente, existe um ciclo acad\u00eamico que acaba fazendo com que muitas vezes os conhecimentos adquiridos e trabalhos realizados n\u00e3o sejam transmitidos para o p\u00fablico externo. Al\u00e9m de ampliar o conhecimento e a forma\u00e7\u00e3o acad\u00eamica com projetos de extens\u00e3o e pesquisa, essa diversidade de atividades trabalhadas pelo grupo auxilia na forma\u00e7\u00e3o acad\u00eamica e cidad\u00e3 dos petianos, promove maior integra\u00e7\u00e3o entre os acad\u00eamicos e visibilidade do curso, do departamento e da institui\u00e7\u00e3o. Por se tratar de um programa que estimula a indissociabilidade do ensino, pesquisa e extens\u00e3o, e que proporciona n\u00e3o apenas a capacita\u00e7\u00e3o dos alunos envolvidos no programa (bolsista e volunt\u00e1rios), mas que auxilia na melhoria da qualidade do curso de gradua\u00e7\u00e3o como um todo. Programas como PET s\u00e3o fundamentais para manter uma qualidade de ensino no \u00e2mbito de uma universidade p\u00fablica gratuita.<\/p>\n<p><strong>OBJETIVOS\u00a0\u00a0\u00a0\u00a0\u00a0\u00a0\u00a0\u00a0\u00a0 <\/strong><\/p>\n<ul>\n<li>Buscar ensinar e preparar os alunos para o mercado de trabalho;<\/li>\n<li>Aperfei\u00e7oar o pensamento cr\u00edtico bem como a atua\u00e7\u00e3o profissional pautada pela \u00e9tica, pela cidadania e pela fun\u00e7\u00e3o social da educa\u00e7\u00e3o superior;<\/li>\n<li>Realizar atividades acad\u00eamicas que busquem contribuir com a eleva\u00e7\u00e3o da qualidade da forma\u00e7\u00e3o acad\u00eamica dos alunos de gradua\u00e7\u00e3o;<\/li>\n<li>Desenvolver as habilidades individuais de cada integrante, como lideran\u00e7a, responsabilidade, organiza\u00e7\u00e3o, comprometimento, entre outros; visando formar um profissional confiante e capacitado para tomar futuras decis\u00f5es;<\/li>\n<\/ul>\n<p>Oferecer projetos para a comunidade externa afim de contribuir com o aprendizado e conhecimento sobre assuntos relacionados ao curso de Engenharia de Alimentos.<\/p>\n<p>&nbsp;<\/p>\n<\/div>\n<\/div><\/div><div id=\"panel-133-0-0-1\" class=\"so-panel widget widget_text\" data-index=\"1\" >\t\t\t<div class=\"textwidget\"><p><strong>GRUPO PET 2023<\/strong><\/p>\n<p>Atualmente o grupo PET &#8211; Engenharia de Alimentos da UEPG conta com 2 tutores: Deise Rosana Silva Sim\u00f5es e Marco Aur\u00e9lio Praxedes; e 15 petianos:<\/p>\n<ul>\n<li>Alessandra de Oliveira Pacheco<\/li>\n<li>Ana Paula Barabach<\/li>\n<li>Anna Julia Meretika Hampf<\/li>\n<li>Caroline Gubert Martins<\/li>\n<li>Erika Aparecida Pczeiurska<\/li>\n<li>Fabiane Pscheidt<\/li>\n<li>Gabriela Borato<\/li>\n<li>Gabriela Tkaczuk Silva<\/li>\n<li>Kiara Paes de Castro<\/li>\n<li>Leticia Oliari Lopes<\/li>\n<li>Mariana de Andrade dos Santos<\/li>\n<li>Missane Antiszko Guzzoni<\/li>\n<li>Rayssa Gabrielli Teixeira dos Santos<\/li>\n<li>Thaliny Soares de Oliveira<\/li>\n<li>Vinicius Camargo Ribeiro<\/li>\n<\/ul>\n<\/div>\n\t\t<\/div><div id=\"panel-133-0-0-2\" class=\"so-panel widget widget_media_image\" data-index=\"2\" ><img width=\"1440\" height=\"1080\" src=\"https:\/\/www2.uepg.br\/pet-engalimentos\/wp-content\/uploads\/sites\/208\/2023\/06\/6438c60c-9ef4-4d40-85ad-28129308ead3-1-e1687560019377-1440x1080.jpg\" class=\"image wp-image-617  attachment-materialis-full-hd size-materialis-full-hd\" alt=\"\" loading=\"lazy\" style=\"max-width: 100%; height: auto;\" srcset=\"https:\/\/www2.uepg.br\/pet-engalimentos\/wp-content\/uploads\/sites\/208\/2023\/06\/6438c60c-9ef4-4d40-85ad-28129308ead3-1-e1687560019377-1440x1080.jpg 1440w, https:\/\/www2.uepg.br\/pet-engalimentos\/wp-content\/uploads\/sites\/208\/2023\/06\/6438c60c-9ef4-4d40-85ad-28129308ead3-1-e1687560019377-300x225.jpg 300w, https:\/\/www2.uepg.br\/pet-engalimentos\/wp-content\/uploads\/sites\/208\/2023\/06\/6438c60c-9ef4-4d40-85ad-28129308ead3-1-e1687560019377-1024x768.jpg 1024w, https:\/\/www2.uepg.br\/pet-engalimentos\/wp-content\/uploads\/sites\/208\/2023\/06\/6438c60c-9ef4-4d40-85ad-28129308ead3-1-e1687560019377-768x576.jpg 768w, https:\/\/www2.uepg.br\/pet-engalimentos\/wp-content\/uploads\/sites\/208\/2023\/06\/6438c60c-9ef4-4d40-85ad-28129308ead3-1-e1687560019377-1536x1152.jpg 1536w, https:\/\/www2.uepg.br\/pet-engalimentos\/wp-content\/uploads\/sites\/208\/2023\/06\/6438c60c-9ef4-4d40-85ad-28129308ead3-1-e1687560019377-1232x924.jpg 1232w, https:\/\/www2.uepg.br\/pet-engalimentos\/wp-content\/uploads\/sites\/208\/2023\/06\/6438c60c-9ef4-4d40-85ad-28129308ead3-1-e1687560019377.jpg 1600w\" sizes=\"(max-width: 1440px) 100vw, 1440px\" \/><\/div><div id=\"panel-133-0-0-3\" class=\"so-panel widget widget_text\" data-index=\"3\" >\t\t\t<div class=\"textwidget\"><p><strong>GRUPO PET 2022<\/strong><\/p>\n<p>O grupo PET &#8211; Engenharia de Alimentos da UEPG conta com 2 tutores: Deise Rosana Silva Sim\u00f5es e Marco Aur\u00e9lio Praxedes; e 13 petianos:<\/p>\n<ul>\n<li>Ana Paula Barabach<\/li>\n<li>Caroline Gubert Martins<\/li>\n<li>Fabiane Pscheidt<\/li>\n<li>Gabriela Borato<\/li>\n<li>Gabriella de Fatima Ostapechem<\/li>\n<li>Kiara Paes de Castro<\/li>\n<li>Leticia Oliari Lopes<\/li>\n<li>Mariana de Andrade dos Santos<\/li>\n<li>Maysa Canteri<\/li>\n<li>Missane Antiszko Guzzoni<\/li>\n<li>Rayssa Gabrielli Teixeira dos Santos<\/li>\n<li>Thaliny Soares de Oliveira<\/li>\n<li>Vinicius Camargo Ribeiro<\/li>\n<\/ul>\n<p>&nbsp;<\/p>\n<\/div>\n\t\t<\/div><div id=\"panel-133-0-0-4\" class=\"so-panel widget widget_media_image panel-last-child\" data-index=\"4\" ><img width=\"640\" height=\"360\" src=\"https:\/\/www2.uepg.br\/pet-engalimentos\/wp-content\/uploads\/sites\/208\/2023\/04\/294967220_1114789282780681_5464439489515928190_n.jpg\" class=\"image wp-image-455  attachment-full size-full\" alt=\"\" loading=\"lazy\" style=\"max-width: 100%; height: auto;\" srcset=\"https:\/\/www2.uepg.br\/pet-engalimentos\/wp-content\/uploads\/sites\/208\/2023\/04\/294967220_1114789282780681_5464439489515928190_n.jpg 640w, https:\/\/www2.uepg.br\/pet-engalimentos\/wp-content\/uploads\/sites\/208\/2023\/04\/294967220_1114789282780681_5464439489515928190_n-300x169.jpg 300w\" sizes=\"(max-width: 640px) 100vw, 640px\" \/><\/div><\/div><\/div><\/div>","protected":false},"excerpt":{"rendered":"<p>O QUE \u00c9 O PET?\u00a0 O PET \u00e9 um Programa de Educa\u00e7\u00e3o Tutorial que possui como ferramenta de trabalho a tr\u00edade de universidade, a qual \u00e9 o ensino, a pesquisa e a extens\u00e3o. O programa de Educa\u00e7\u00e3o Tutorial caracteriza-se como uma metodologia de ensino com compromissos pedag\u00f3gicos, \u00e9ticos e sociais, que se trabalha por meio&nbsp;&hellip;<\/p>\n","protected":false},"author":378,"featured_media":0,"parent":0,"menu_order":0,"comment_status":"closed","ping_status":"closed","template":"","meta":[],"_links":{"self":[{"href":"https:\/\/www2.uepg.br\/pet-engalimentos\/wp-json\/wp\/v2\/pages\/133"}],"collection":[{"href":"https:\/\/www2.uepg.br\/pet-engalimentos\/wp-json\/wp\/v2\/pages"}],"about":[{"href":"https:\/\/www2.uepg.br\/pet-engalimentos\/wp-json\/wp\/v2\/types\/page"}],"author":[{"embeddable":true,"href":"https:\/\/www2.uepg.br\/pet-engalimentos\/wp-json\/wp\/v2\/users\/378"}],"replies":[{"embeddable":true,"href":"https:\/\/www2.uepg.br\/pet-engalimentos\/wp-json\/wp\/v2\/comments?post=133"}],"version-history":[{"count":7,"href":"https:\/\/www2.uepg.br\/pet-engalimentos\/wp-json\/wp\/v2\/pages\/133\/revisions"}],"predecessor-version":[{"id":992,"href":"https:\/\/www2.uepg.br\/pet-engalimentos\/wp-json\/wp\/v2\/pages\/133\/revisions\/992"}],"wp:attachment":[{"href":"https:\/\/www2.uepg.br\/pet-engalimentos\/wp-json\/wp\/v2\/media?parent=133"}],"curies":[{"name":"wp","href":"https:\/\/api.w.org\/{rel}","templated":true}]}}