{"id":619,"date":"2023-07-01T16:09:40","date_gmt":"2023-07-01T19:09:40","guid":{"rendered":"https:\/\/www2.uepg.br\/pet-engalimentos\/?page_id=619"},"modified":"2023-07-01T17:56:39","modified_gmt":"2023-07-01T20:56:39","slug":"outras-atividades","status":"publish","type":"page","link":"https:\/\/www2.uepg.br\/pet-engalimentos\/outras-atividades\/","title":{"rendered":"Outras Atividades"},"content":{"rendered":"<div id=\"pl-619\"  class=\"panel-layout\" ><div id=\"pg-619-0\"  class=\"panel-grid panel-no-style\" ><div id=\"pgc-619-0-0\"  class=\"panel-grid-cell\" ><div id=\"panel-619-0-0-0\" class=\"so-panel widget widget_sow-image panel-first-child\" data-index=\"0\" ><div\n\t\t\t\n\t\t\tclass=\"so-widget-sow-image so-widget-sow-image-default-d6014b76747a-619\"\n\t\t\t\n\t\t>\n\n<div class=\"sow-image-container\">\n\t\t\t<a href=\"https:\/\/www2.uepg.br\/pet-engalimentos\/cafe-com-bagagem\"\n\t\t\t\t\t>\n\t\t\t<img src=\"https:\/\/www2.uepg.br\/pet-engalimentos\/wp-content\/uploads\/sites\/208\/2023\/07\/cafe-com-bagagem.png\" width=\"3375\" height=\"3375\" sizes=\"(max-width: 3375px) 100vw, 3375px\" title=\"Caf\u00e9 com Bagagem\" alt=\"\" loading=\"lazy\" \t\tclass=\"so-widget-image\"\/>\n\t<\/a><\/div>\n\n<\/div><\/div><div id=\"panel-619-0-0-1\" class=\"so-panel widget widget_text panel-last-child\" data-index=\"1\" ><h3 class=\"widget-title\">Caf\u00e9 com Bagagem<\/h3>\t\t\t<div class=\"textwidget\"><p><span style=\"font-weight: 400\">O Caf\u00e9 com Bagagem consiste na ambienta\u00e7\u00e3o dos calouros com seus professores, as \u00e1reas de pesquisa ofertadas pelo curso e na apresenta\u00e7\u00e3o do PET e da Master Alimentos. A atividade foi realizada pela ultima vez em 2018, atualmente, \u00e9 conhecida como Acolhida aos Calouros.\u00a0<\/span><\/p>\n<\/div>\n\t\t<\/div><\/div><div id=\"pgc-619-0-1\"  class=\"panel-grid-cell\" ><div id=\"panel-619-0-1-0\" class=\"so-panel widget widget_sow-image panel-first-child\" data-index=\"2\" ><div\n\t\t\t\n\t\t\tclass=\"so-widget-sow-image so-widget-sow-image-default-d6014b76747a-619\"\n\t\t\t\n\t\t>\n\n<div class=\"sow-image-container\">\n\t\t\t<a href=\"https:\/\/www2.uepg.br\/pet-engalimentos\/projetos\/\"\n\t\t\t\t\t>\n\t\t\t<img src=\"https:\/\/www2.uepg.br\/pet-engalimentos\/wp-content\/uploads\/sites\/208\/2023\/07\/Curso-seguranca-no-lab.png\" width=\"3105\" height=\"3105\" sizes=\"(max-width: 3105px) 100vw, 3105px\" title=\"Outros Projetos\" alt=\"\" loading=\"lazy\" \t\tclass=\"so-widget-image\"\/>\n\t<\/a><\/div>\n\n<\/div><\/div><div id=\"panel-619-0-1-1\" class=\"so-panel widget widget_text panel-last-child\" data-index=\"3\" >\t\t\t<div class=\"textwidget\"><p><span style=\"font-weight: 400\">Confira os projetos realizados pelos PET &#8211; Engenharia de Alimentos.<br \/>\nAqui voc\u00ea consegue encontrar os cursos ofertados, o projetos realizados pelo grupo, as oficinas que ministramos para a comunidade.\u00a0<\/span><\/p>\n<p>Todos os projetos s\u00e3o realizados pelos petianos com auxilio dos tutores.<\/p>\n<\/div>\n\t\t<\/div><\/div><\/div><div id=\"pg-619-1\"  class=\"panel-grid panel-no-style\" ><div id=\"pgc-619-1-0\"  class=\"panel-grid-cell panel-grid-cell-mobile-last\" ><div id=\"panel-619-1-0-0\" class=\"so-panel widget widget_sow-image panel-first-child\" data-index=\"4\" ><div\n\t\t\t\n\t\t\tclass=\"so-widget-sow-image so-widget-sow-image-default-d6014b76747a-619\"\n\t\t\t\n\t\t>\n\n<div class=\"sow-image-container\">\n\t\t\t<a href=\"https:\/\/www2.uepg.br\/pet-engalimentos\/processamento-de-cerveja-artesanal\/\"\n\t\t\t\t\t>\n\t\t\t<img src=\"https:\/\/www2.uepg.br\/pet-engalimentos\/wp-content\/uploads\/sites\/208\/2023\/07\/Bom-dia-cafe-da-manha-post-instagram-1.png\" width=\"2970\" height=\"2970\" sizes=\"(max-width: 2970px) 100vw, 2970px\" title=\"Palestra: Processamento de Cerveja Artesanal\" alt=\"\" loading=\"lazy\" \t\tclass=\"so-widget-image\"\/>\n\t<\/a><\/div>\n\n<\/div><\/div><div id=\"panel-619-1-0-1\" class=\"so-panel widget widget_text panel-last-child\" data-index=\"5\" ><h3 class=\"widget-title\">Palestra \u201cProcessamento de Cerveja Artesanal\u201d<\/h3>\t\t\t<div class=\"textwidget\"><p><span style=\"font-weight: 400\">O Programa de Educa\u00e7\u00e3o Tutorial \u2013 Engenharia de Alimentos, em 2018, recebeu o convite para ministrar uma palestra sobre cervejas artesanais pelo professor Luiz Gustavo Lacerda e os alunos organizados do 3\u00ba Encontro Paranaense de Estudantes de Qu\u00edmica.<\/span><\/p>\n<p><span style=\"font-weight: 400\">A palestra foi realizada no audit\u00f3rio do PDE e teve dura\u00e7\u00e3o de uma hora e meia. Em primeiro momento, abordou-se o hist\u00f3rico das cervejas e os dados atuais de comercializa\u00e7\u00e3o e mercado. Em seguida, apresentou-se a legisla\u00e7\u00e3o e as caracter\u00edsticas dos ingredientes utilizados para a fabrica\u00e7\u00e3o do produto. Para finalizar, as etapas de processamento foram explicadas, dando \u00eanfase nas rea\u00e7\u00f5es qu\u00edmicas que ocorrem nas mesmas.<\/span><\/p>\n<\/div>\n\t\t<\/div><\/div><div id=\"pgc-619-1-1\"  class=\"panel-grid-cell panel-grid-cell-empty\" ><\/div><\/div><\/div>","protected":false},"excerpt":{"rendered":"<p>O Caf\u00e9 com Bagagem consiste na ambienta\u00e7\u00e3o dos calouros com seus professores, as \u00e1reas de pesquisa ofertadas pelo curso e na apresenta\u00e7\u00e3o do PET e da Master Alimentos. A atividade foi realizada pela ultima vez em 2018, atualmente, \u00e9 conhecida como Acolhida aos Calouros.\u00a0 Confira os projetos realizados pelos PET &#8211; Engenharia de Alimentos. Aqui&nbsp;&hellip;<\/p>\n","protected":false},"author":452,"featured_media":0,"parent":0,"menu_order":0,"comment_status":"closed","ping_status":"closed","template":"","meta":[],"_links":{"self":[{"href":"https:\/\/www2.uepg.br\/pet-engalimentos\/wp-json\/wp\/v2\/pages\/619"}],"collection":[{"href":"https:\/\/www2.uepg.br\/pet-engalimentos\/wp-json\/wp\/v2\/pages"}],"about":[{"href":"https:\/\/www2.uepg.br\/pet-engalimentos\/wp-json\/wp\/v2\/types\/page"}],"author":[{"embeddable":true,"href":"https:\/\/www2.uepg.br\/pet-engalimentos\/wp-json\/wp\/v2\/users\/452"}],"replies":[{"embeddable":true,"href":"https:\/\/www2.uepg.br\/pet-engalimentos\/wp-json\/wp\/v2\/comments?post=619"}],"version-history":[{"count":7,"href":"https:\/\/www2.uepg.br\/pet-engalimentos\/wp-json\/wp\/v2\/pages\/619\/revisions"}],"predecessor-version":[{"id":669,"href":"https:\/\/www2.uepg.br\/pet-engalimentos\/wp-json\/wp\/v2\/pages\/619\/revisions\/669"}],"wp:attachment":[{"href":"https:\/\/www2.uepg.br\/pet-engalimentos\/wp-json\/wp\/v2\/media?parent=619"}],"curies":[{"name":"wp","href":"https:\/\/api.w.org\/{rel}","templated":true}]}}