{"id":48,"date":"2020-08-31T17:54:55","date_gmt":"2020-08-31T20:54:55","guid":{"rendered":"http:\/\/www2.uepg.br\/pet-historia\/?page_id=48"},"modified":"2025-08-22T16:15:46","modified_gmt":"2025-08-22T19:15:46","slug":"atividades","status":"publish","type":"page","link":"https:\/\/www2.uepg.br\/pet-historia\/atividades\/","title":{"rendered":"Projetos"},"content":{"rendered":"<h1 style=\"text-align: center\"><span style=\"color: #c20cc2\"><strong>PROJETOS<\/strong><\/span><\/h1>\n<h3 style=\"text-align: left\"><strong><span style=\"color: #a8a83d\"><img loading=\"lazy\" class=\"wp-image-505 alignleft\" src=\"http:\/\/www2.uepg.br\/pet-historia\/wp-content\/uploads\/sites\/141\/2021\/05\/7-300x300.jpg\" alt=\"\" width=\"150\" height=\"150\" srcset=\"https:\/\/www2.uepg.br\/pet-historia\/wp-content\/uploads\/sites\/141\/2021\/05\/7-300x300.jpg 300w, https:\/\/www2.uepg.br\/pet-historia\/wp-content\/uploads\/sites\/141\/2021\/05\/7-1024x1024.jpg 1024w, https:\/\/www2.uepg.br\/pet-historia\/wp-content\/uploads\/sites\/141\/2021\/05\/7-150x150.jpg 150w, https:\/\/www2.uepg.br\/pet-historia\/wp-content\/uploads\/sites\/141\/2021\/05\/7-768x768.jpg 768w, https:\/\/www2.uepg.br\/pet-historia\/wp-content\/uploads\/sites\/141\/2021\/05\/7.jpg 1080w\" sizes=\"(max-width: 150px) 100vw, 150px\" \/><span style=\"color: #c20cc2\">Clube de Leitura<\/span><\/span><\/strong><\/h3>\n<p style=\"text-align: justify\"><span class=\"JsGRdQ\">O objetivo do projeto \u00e9 promover o h\u00e1bito da leitura nos discentes da UEPG, bem como proporcionar espa\u00e7os culturais dentro da Universidade. Al\u00e9m de permitir que os petianos transitem por outras \u00e1reas al\u00e9m da historiogr\u00e1fica, como a literatura e lingu\u00edstica, bem como estimular o olhar hist\u00f3rico sobre obras de \u00e1reas que s\u00e3o t\u00e3o pr\u00f3ximas da Hist\u00f3ria.<\/span><\/p>\n<p>&nbsp;<\/p>\n<p>&nbsp;<\/p>\n<h3 style=\"text-align: left\"><strong><img loading=\"lazy\" class=\"wp-image-510 alignleft\" src=\"http:\/\/www2.uepg.br\/pet-historia\/wp-content\/uploads\/sites\/141\/2021\/05\/3-300x300.jpg\" alt=\"\" width=\"150\" height=\"150\" srcset=\"https:\/\/www2.uepg.br\/pet-historia\/wp-content\/uploads\/sites\/141\/2021\/05\/3-300x300.jpg 300w, https:\/\/www2.uepg.br\/pet-historia\/wp-content\/uploads\/sites\/141\/2021\/05\/3-1024x1024.jpg 1024w, https:\/\/www2.uepg.br\/pet-historia\/wp-content\/uploads\/sites\/141\/2021\/05\/3-150x150.jpg 150w, https:\/\/www2.uepg.br\/pet-historia\/wp-content\/uploads\/sites\/141\/2021\/05\/3-768x768.jpg 768w, https:\/\/www2.uepg.br\/pet-historia\/wp-content\/uploads\/sites\/141\/2021\/05\/3.jpg 1080w\" sizes=\"(max-width: 150px) 100vw, 150px\" \/><span style=\"color: #c20cc2\">Cine Diversidade<\/span><\/strong><\/h3>\n<p>&nbsp;<\/p>\n<p>&nbsp;<\/p>\n<p>&nbsp;<\/p>\n<h3><strong><span style=\"color: #800000\"><span style=\"color: #800000\"><img loading=\"lazy\" class=\"wp-image-511 alignleft\" src=\"http:\/\/www2.uepg.br\/pet-historia\/wp-content\/uploads\/sites\/141\/2021\/05\/5-300x300.jpg\" alt=\"\" width=\"150\" height=\"150\" srcset=\"https:\/\/www2.uepg.br\/pet-historia\/wp-content\/uploads\/sites\/141\/2021\/05\/5-300x300.jpg 300w, https:\/\/www2.uepg.br\/pet-historia\/wp-content\/uploads\/sites\/141\/2021\/05\/5-1024x1024.jpg 1024w, https:\/\/www2.uepg.br\/pet-historia\/wp-content\/uploads\/sites\/141\/2021\/05\/5-150x150.jpg 150w, https:\/\/www2.uepg.br\/pet-historia\/wp-content\/uploads\/sites\/141\/2021\/05\/5-768x768.jpg 768w, https:\/\/www2.uepg.br\/pet-historia\/wp-content\/uploads\/sites\/141\/2021\/05\/5.jpg 1080w\" sizes=\"(max-width: 150px) 100vw, 150px\" \/><\/span><span style=\"color: #c20cc2\">Exposi\u00e7\u00e3o Mulheres de Ponta Grossa 200 anos<\/span><\/span><\/strong><\/h3>\n<p style=\"text-align: left\"><span class=\"JsGRdQ\">A partir dessas trocas entre a gente, passamos a buscar formas de publicitar nossos ac\u00famulos com a comunidade acad\u00eamica e a sociedade em geral. Assim, o PETCast surge como um projeto de democratiza\u00e7\u00e3o do conhecimento e de divulga\u00e7\u00e3o de nossas reflex\u00f5es a quem se interessar!<\/span><\/p>\n<p>&nbsp;<\/p>\n<p>&nbsp;<\/p>\n<h3><strong><span style=\"color: #c20cc2\">Absorva essa ideia\u00a0<\/span><\/strong><\/h3>\n<p>&nbsp;<\/p>\n<h3><strong><span style=\"color: #c20cc2\">60+<\/span><\/strong><\/h3>\n<p>&nbsp;<\/p>\n<h3><strong><span style=\"color: #c20cc2\">Personalidades Negras da Hist\u00f3ria do Brasil<\/span><\/strong><\/h3>\n<p>&nbsp;<\/p>\n<h3><strong><span style=\"color: #c20cc2\">PET Indica<\/span><\/strong><\/h3>\n<p>&nbsp;<\/p>\n<h3><strong><span style=\"color: #c20cc2\">Viv\u00eancias LGBT+ na Universidade<\/span><\/strong><\/h3>\n<p>&nbsp;<\/p>\n<h3 style=\"text-align: left\"><strong><span style=\"color: #c20cc2\">Grupo de estudos L\u00e9lia Gonzalez\u00a0<\/span><span style=\"color: #ff0000\"><img loading=\"lazy\" class=\"wp-image-506 alignleft\" src=\"http:\/\/www2.uepg.br\/pet-historia\/wp-content\/uploads\/sites\/141\/2021\/05\/9-300x300.jpg\" alt=\"\" width=\"150\" height=\"150\" srcset=\"https:\/\/www2.uepg.br\/pet-historia\/wp-content\/uploads\/sites\/141\/2021\/05\/9-300x300.jpg 300w, https:\/\/www2.uepg.br\/pet-historia\/wp-content\/uploads\/sites\/141\/2021\/05\/9-1024x1024.jpg 1024w, https:\/\/www2.uepg.br\/pet-historia\/wp-content\/uploads\/sites\/141\/2021\/05\/9-150x150.jpg 150w, https:\/\/www2.uepg.br\/pet-historia\/wp-content\/uploads\/sites\/141\/2021\/05\/9-768x768.jpg 768w, https:\/\/www2.uepg.br\/pet-historia\/wp-content\/uploads\/sites\/141\/2021\/05\/9.jpg 1080w\" sizes=\"(max-width: 150px) 100vw, 150px\" \/><\/span><\/strong><\/h3>\n<p style=\"text-align: left\"><span class=\"JsGRdQ\">Pensando que o nosso pa\u00eds marginaliza n\u00e3o apenas os corpos negros, mas tamb\u00e9m suas express\u00f5es simb\u00f3licas e te\u00f3ricas, o grupo de estudos L\u00e9lia Gonzalez visa possibilitar a divulga\u00e7\u00e3o nos c\u00edrculos acad\u00eamicos dos pensadores e pensadoras que refletiram sobre a realidade do negro a partir do lugar desses sujeitos.<\/span><\/p>\n<p>&nbsp;<\/p>\n<p>&nbsp;<\/p>\n<h3 style=\"text-align: left\"><strong><span style=\"color: #00ff00\"><img loading=\"lazy\" class=\"wp-image-512 alignleft\" src=\"http:\/\/www2.uepg.br\/pet-historia\/wp-content\/uploads\/sites\/141\/2021\/05\/11-300x300.jpg\" alt=\"\" width=\"150\" height=\"150\" srcset=\"https:\/\/www2.uepg.br\/pet-historia\/wp-content\/uploads\/sites\/141\/2021\/05\/11-300x300.jpg 300w, https:\/\/www2.uepg.br\/pet-historia\/wp-content\/uploads\/sites\/141\/2021\/05\/11-1024x1024.jpg 1024w, https:\/\/www2.uepg.br\/pet-historia\/wp-content\/uploads\/sites\/141\/2021\/05\/11-150x150.jpg 150w, https:\/\/www2.uepg.br\/pet-historia\/wp-content\/uploads\/sites\/141\/2021\/05\/11-768x768.jpg 768w, https:\/\/www2.uepg.br\/pet-historia\/wp-content\/uploads\/sites\/141\/2021\/05\/11.jpg 1080w\" sizes=\"(max-width: 150px) 100vw, 150px\" \/><span style=\"color: #c20cc2\">Historiando PET<\/span><\/span><\/strong><\/h3>\n<p class=\"_04xlpA direction-ltr align-justify para-style-body\" style=\"text-align: left\"><span class=\"JsGRdQ\">Teve seu in\u00edcio no ano de 2020 com a inten\u00e7\u00e3o de homenagear o grupo PET Hist\u00f3ria UEPG pois est\u00e1vamos completando 10 anos de exist\u00eancia. Com isso, ser\u00e1 colocado nessa plataforma toda nossa trajet\u00f3ria com informa\u00e7\u00f5es sobre quem s\u00e3o os respons\u00e1veis pelo PET, quem s\u00e3o os integrantes, o que n\u00f3s realizamos e toda a nossa jornada em eventos e projetos que j\u00e1 foram realizados ou que est\u00e3o em fase de desenvolvimento.<\/span><\/p>\n<p>&nbsp;<\/p>\n<p>&nbsp;<\/p>\n<h3 style=\"text-align: left\"><strong><span style=\"color: #0000ff\"><img loading=\"lazy\" class=\"wp-image-507 alignleft\" src=\"http:\/\/www2.uepg.br\/pet-historia\/wp-content\/uploads\/sites\/141\/2021\/05\/13-300x300.jpg\" alt=\"\" width=\"150\" height=\"150\" srcset=\"https:\/\/www2.uepg.br\/pet-historia\/wp-content\/uploads\/sites\/141\/2021\/05\/13-300x300.jpg 300w, https:\/\/www2.uepg.br\/pet-historia\/wp-content\/uploads\/sites\/141\/2021\/05\/13-1024x1024.jpg 1024w, https:\/\/www2.uepg.br\/pet-historia\/wp-content\/uploads\/sites\/141\/2021\/05\/13-150x150.jpg 150w, https:\/\/www2.uepg.br\/pet-historia\/wp-content\/uploads\/sites\/141\/2021\/05\/13-768x768.jpg 768w, https:\/\/www2.uepg.br\/pet-historia\/wp-content\/uploads\/sites\/141\/2021\/05\/13.jpg 1080w\" sizes=\"(max-width: 150px) 100vw, 150px\" \/><span style=\"color: #c20cc2\">Apresentando a UEPG<\/span><\/span><\/strong><\/h3>\n<p style=\"text-align: left\"><span class=\"JsGRdQ\">O apresentado a UEPG \u00e9 a nossa atividade na qual nossos petianos v\u00e3o at\u00e9 \u00e0s escolas do ensino m\u00e9dio das escolas estaduais para apresentar um pouco sobre como \u00e9 a Universidade e os servi\u00e7os que ela oferece.<\/span><\/p>\n<p>&nbsp;<\/p>\n<p>&nbsp;<\/p>\n<p>&nbsp;<\/p>\n<h3 style=\"text-align: left\"><strong><span style=\"color: #ff00ff\"><img loading=\"lazy\" class=\"wp-image-508 alignleft\" src=\"http:\/\/www2.uepg.br\/pet-historia\/wp-content\/uploads\/sites\/141\/2021\/05\/15-300x300.jpg\" alt=\"\" width=\"150\" height=\"150\" srcset=\"https:\/\/www2.uepg.br\/pet-historia\/wp-content\/uploads\/sites\/141\/2021\/05\/15-300x300.jpg 300w, https:\/\/www2.uepg.br\/pet-historia\/wp-content\/uploads\/sites\/141\/2021\/05\/15-1024x1024.jpg 1024w, https:\/\/www2.uepg.br\/pet-historia\/wp-content\/uploads\/sites\/141\/2021\/05\/15-150x150.jpg 150w, https:\/\/www2.uepg.br\/pet-historia\/wp-content\/uploads\/sites\/141\/2021\/05\/15-768x768.jpg 768w, https:\/\/www2.uepg.br\/pet-historia\/wp-content\/uploads\/sites\/141\/2021\/05\/15.jpg 1080w\" sizes=\"(max-width: 150px) 100vw, 150px\" \/><span style=\"color: #c20cc2\">Acolhida dos calouros\u00a0<\/span><\/span><\/strong><\/h3>\n<p class=\"_04xlpA direction-ltr align-justify para-style-body\" style=\"text-align: left\"><span class=\"JsGRdQ\">Para acolher os calouros o grupo PET pretende realizar uma recep\u00e7\u00e3o online para dar as boas vindas aos novos alunos de Hist\u00f3ria de 2021.<\/span><\/p>\n<p class=\"_04xlpA direction-ltr align-justify para-style-body\" style=\"text-align: left\"><span class=\"JsGRdQ\">Nossa acolhida conta tamb\u00e9m com a participa\u00e7\u00e3o dos nossos colegas dos outros anos.<\/span><\/p>\n","protected":false},"excerpt":{"rendered":"<p>PROJETOS Clube de Leitura O objetivo do projeto \u00e9 promover o h\u00e1bito da leitura nos discentes da UEPG, bem como proporcionar espa\u00e7os culturais dentro da Universidade. Al\u00e9m de permitir que os petianos transitem por outras \u00e1reas al\u00e9m da historiogr\u00e1fica, como a literatura e lingu\u00edstica, bem como estimular o olhar hist\u00f3rico sobre obras de \u00e1reas que&nbsp;&hellip;<\/p>\n","protected":false},"author":204,"featured_media":695,"parent":0,"menu_order":0,"comment_status":"closed","ping_status":"closed","template":"page-templates\/page-with-left-sidebar.php","meta":[],"_links":{"self":[{"href":"https:\/\/www2.uepg.br\/pet-historia\/wp-json\/wp\/v2\/pages\/48"}],"collection":[{"href":"https:\/\/www2.uepg.br\/pet-historia\/wp-json\/wp\/v2\/pages"}],"about":[{"href":"https:\/\/www2.uepg.br\/pet-historia\/wp-json\/wp\/v2\/types\/page"}],"author":[{"embeddable":true,"href":"https:\/\/www2.uepg.br\/pet-historia\/wp-json\/wp\/v2\/users\/204"}],"replies":[{"embeddable":true,"href":"https:\/\/www2.uepg.br\/pet-historia\/wp-json\/wp\/v2\/comments?post=48"}],"version-history":[{"count":28,"href":"https:\/\/www2.uepg.br\/pet-historia\/wp-json\/wp\/v2\/pages\/48\/revisions"}],"predecessor-version":[{"id":880,"href":"https:\/\/www2.uepg.br\/pet-historia\/wp-json\/wp\/v2\/pages\/48\/revisions\/880"}],"wp:featuredmedia":[{"embeddable":true,"href":"https:\/\/www2.uepg.br\/pet-historia\/wp-json\/wp\/v2\/media\/695"}],"wp:attachment":[{"href":"https:\/\/www2.uepg.br\/pet-historia\/wp-json\/wp\/v2\/media?parent=48"}],"curies":[{"name":"wp","href":"https:\/\/api.w.org\/{rel}","templated":true}]}}