{"id":308,"date":"2019-04-15T09:59:06","date_gmt":"2019-04-15T12:59:06","guid":{"rendered":"http:\/\/www2.uepg.br\/portaldaslicenciaturas\/?page_id=308"},"modified":"2019-04-15T10:10:25","modified_gmt":"2019-04-15T13:10:25","slug":"estagios-curriculares","status":"publish","type":"page","link":"https:\/\/www2.uepg.br\/portaldaslicenciaturas\/estagios-curriculares\/","title":{"rendered":"Est\u00e1gios Curriculares"},"content":{"rendered":"<h3 style=\"text-align: center\"><strong>LEI DE EST\u00c1GIO SUPERVISIONADO<\/strong><\/h3>\n<p style=\"text-align: center\"><a href=\"http:\/\/www2.uepg.br\/portaldaslicenciaturas\/wp-content\/uploads\/sites\/14\/2019\/04\/3-LEGISLACAO-DE-ESTAGIO.pdf\" target=\"_blank\" rel=\"noopener noreferrer\">LEI N\u00ba 11.788, DE 25 DE SETEMBRO DE 2008<\/a><\/p>\n<p style=\"text-align: center\"><span style=\"font-weight: 400\">( Legisla\u00e7\u00e3o Nacional)<\/span><\/p>\n<p>&nbsp;<\/p>\n<h3 style=\"text-align: center\"><strong>Est\u00e1gio Curricular Supervisionado na UEPG<\/strong><\/h3>\n<p style=\"text-align: center\"><a href=\"http:\/\/www2.uepg.br\/portaldaslicenciaturas\/wp-content\/uploads\/sites\/14\/2019\/04\/CEPE-046-2013.pdf\" target=\"_blank\" rel=\"noopener noreferrer\">RESOLU\u00c7\u00c3O CEPE N\u00ba 46 DE 11 DE SETEMBRO DE 2013<\/a><\/p>\n<p style=\"text-align: center\">Aprova Regulamento de Est\u00e1gios dos Cursos de Licenciatura na modalidade Presencial da UEPG.<\/p>\n<p>&nbsp;<\/p>\n<p style=\"text-align: center\"><a href=\"http:\/\/www2.uepg.br\/portaldaslicenciaturas\/wp-content\/uploads\/sites\/14\/2019\/04\/Resolucao-CEPE-n-088-2010.pdf\" target=\"_blank\" rel=\"noopener noreferrer\">RESOLU\u00c7\u00c3O CEPE N\u00ba 088, DE 08 DE DEZEMBRO DE 2010<\/a><\/p>\n<p style=\"text-align: center\"><span style=\"font-weight: 400\">Aprova Regulamento de Est\u00e1gio dos Cursos de Licenciatura na Modalidade \u00e0 Dist\u00e2ncia da UEPG.<\/span><\/p>\n<p>.<\/p>\n<p>&nbsp;<\/p>\n<p><b><i>Atividades interessantes<\/i><\/b><\/p>\n<p><span style=\"font-weight: 400\">1)Est\u00e1gio Curricular Supervisionado em Ci\u00eancias Biol\u00f3gicas:<\/span><\/p>\n<p><span style=\"font-weight: 400\">Os acad\u00eamicos do quarto ano vespertino do Curso de Licenciatura em Ci\u00eancias Biol\u00f3gicas desenvolveram dentro da disciplina de Est\u00e1gio Supervisionado, blogs educativos que est\u00e3o dispon\u00edveis na p\u00e1gina da Secretaria de Estado da Educa\u00e7\u00e3o do Paran\u00e1. Mais uma ferramenta de informa\u00e7\u00e3o para professores e alunos da Educa\u00e7\u00e3o B\u00e1sica. Os blogs com seus respectivos links s\u00e3o: <\/span><a href=\"http:\/\/www.biologia.seed.pr.gov.br\/modules\/conteudo\/conteudo.php?conteudo=157#bioline\"><span style=\"font-weight: 400\">Bioline<\/span><\/a><span style=\"font-weight: 400\">, <\/span><a href=\"http:\/\/www.biologia.seed.pr.gov.br\/modules\/conteudo\/conteudo.php?conteudo=157#interobio\"><span style=\"font-weight: 400\">InteroBioAcessaris<\/span><\/a><span style=\"font-weight: 400\"> e <\/span><a href=\"http:\/\/www.biologia.seed.pr.gov.br\/modules\/conteudo\/conteudo.php?conteudo=157#papo\"><span style=\"font-weight: 400\">Papo de Bi\u00f3logo<\/span><\/a>.<\/p>\n","protected":false},"excerpt":{"rendered":"<p>LEI DE EST\u00c1GIO SUPERVISIONADO LEI N\u00ba 11.788, DE 25 DE SETEMBRO DE 2008 ( Legisla\u00e7\u00e3o Nacional) &nbsp; Est\u00e1gio Curricular Supervisionado na UEPG RESOLU\u00c7\u00c3O CEPE N\u00ba 46 DE 11 DE SETEMBRO DE 2013 Aprova Regulamento de Est\u00e1gios dos Cursos de Licenciatura na modalidade Presencial da UEPG. &nbsp; RESOLU\u00c7\u00c3O CEPE N\u00ba 088, DE 08 DE DEZEMBRO DE&hellip; <br \/> <a class=\"read-more\" href=\"https:\/\/www2.uepg.br\/portaldaslicenciaturas\/estagios-curriculares\/\">Leia mais<\/a><\/p>\n","protected":false},"author":24,"featured_media":0,"parent":0,"menu_order":0,"comment_status":"closed","ping_status":"closed","template":"","meta":[],"_links":{"self":[{"href":"https:\/\/www2.uepg.br\/portaldaslicenciaturas\/wp-json\/wp\/v2\/pages\/308"}],"collection":[{"href":"https:\/\/www2.uepg.br\/portaldaslicenciaturas\/wp-json\/wp\/v2\/pages"}],"about":[{"href":"https:\/\/www2.uepg.br\/portaldaslicenciaturas\/wp-json\/wp\/v2\/types\/page"}],"author":[{"embeddable":true,"href":"https:\/\/www2.uepg.br\/portaldaslicenciaturas\/wp-json\/wp\/v2\/users\/24"}],"replies":[{"embeddable":true,"href":"https:\/\/www2.uepg.br\/portaldaslicenciaturas\/wp-json\/wp\/v2\/comments?post=308"}],"version-history":[{"count":8,"href":"https:\/\/www2.uepg.br\/portaldaslicenciaturas\/wp-json\/wp\/v2\/pages\/308\/revisions"}],"predecessor-version":[{"id":310,"href":"https:\/\/www2.uepg.br\/portaldaslicenciaturas\/wp-json\/wp\/v2\/pages\/308\/revisions\/310"}],"wp:attachment":[{"href":"https:\/\/www2.uepg.br\/portaldaslicenciaturas\/wp-json\/wp\/v2\/media?parent=308"}],"curies":[{"name":"wp","href":"https:\/\/api.w.org\/{rel}","templated":true}]}}