{"id":327,"date":"2019-04-15T10:25:28","date_gmt":"2019-04-15T13:25:28","guid":{"rendered":"http:\/\/www2.uepg.br\/portaldaslicenciaturas\/?page_id=327"},"modified":"2019-04-15T10:25:31","modified_gmt":"2019-04-15T13:25:31","slug":"grupos-de-pesquisa","status":"publish","type":"page","link":"https:\/\/www2.uepg.br\/portaldaslicenciaturas\/grupos-de-pesquisa\/","title":{"rendered":"Grupos de Pesquisa"},"content":{"rendered":"<h3><b>Grupo de Pesquisa em Did\u00e1tica da Hist\u00f3ria (GEDHI)<\/b><\/h3>\n<p><span style=\"font-weight: 400\">O GEDHI \u00e9 um grupo vinculado ao Departamento de Hist\u00f3ria e constitu\u00eddo internamente ao Programa de P\u00f3s-gradua\u00e7\u00e3o em Educa\u00e7\u00e3o da UEPG, aberto aos interessados com (ou em) forma\u00e7\u00e3o universit\u00e1ria em Hist\u00f3ria ou \u00e1reas correlatas, envolvidos com o ensino e a pesquisa da disciplina nos tr\u00eas n\u00edveis da educa\u00e7\u00e3o. \u00a0Constitui, portanto, um espa\u00e7o acad\u00eamico de pesquisa, reflex\u00e3o, discuss\u00e3o e proposi\u00e7\u00e3o de assuntos referentes aos fen\u00f4menos sociais de Ensino de Hist\u00f3ria (Educa\u00e7\u00e3o Hist\u00f3rica, ou seja, os processos complexos de ensino e aprendizagem que envolvem \u201chist\u00f3ria\u201d) e Did\u00e1tica da Hist\u00f3ria (no sentido amplo da reflex\u00e3o sobre esses processos).<\/span><\/p>\n<p><span style=\"font-weight: 400\">Conhe\u00e7a mais sobre o <\/span><a href=\"http:\/\/gedhiblog.blogspot.com.br\/\" target=\"_blank\" rel=\"noopener noreferrer\"><span style=\"font-weight: 400\">GEDHI<\/span><\/a>.<\/p>\n","protected":false},"excerpt":{"rendered":"<p>Grupo de Pesquisa em Did\u00e1tica da Hist\u00f3ria (GEDHI) O GEDHI \u00e9 um grupo vinculado ao Departamento de Hist\u00f3ria e constitu\u00eddo internamente ao Programa de P\u00f3s-gradua\u00e7\u00e3o em Educa\u00e7\u00e3o da UEPG, aberto aos interessados com (ou em) forma\u00e7\u00e3o universit\u00e1ria em Hist\u00f3ria ou \u00e1reas correlatas, envolvidos com o ensino e a pesquisa da disciplina nos tr\u00eas n\u00edveis da&hellip; <br \/> <a class=\"read-more\" href=\"https:\/\/www2.uepg.br\/portaldaslicenciaturas\/grupos-de-pesquisa\/\">Leia mais<\/a><\/p>\n","protected":false},"author":24,"featured_media":0,"parent":0,"menu_order":0,"comment_status":"closed","ping_status":"closed","template":"","meta":[],"_links":{"self":[{"href":"https:\/\/www2.uepg.br\/portaldaslicenciaturas\/wp-json\/wp\/v2\/pages\/327"}],"collection":[{"href":"https:\/\/www2.uepg.br\/portaldaslicenciaturas\/wp-json\/wp\/v2\/pages"}],"about":[{"href":"https:\/\/www2.uepg.br\/portaldaslicenciaturas\/wp-json\/wp\/v2\/types\/page"}],"author":[{"embeddable":true,"href":"https:\/\/www2.uepg.br\/portaldaslicenciaturas\/wp-json\/wp\/v2\/users\/24"}],"replies":[{"embeddable":true,"href":"https:\/\/www2.uepg.br\/portaldaslicenciaturas\/wp-json\/wp\/v2\/comments?post=327"}],"version-history":[{"count":2,"href":"https:\/\/www2.uepg.br\/portaldaslicenciaturas\/wp-json\/wp\/v2\/pages\/327\/revisions"}],"predecessor-version":[{"id":329,"href":"https:\/\/www2.uepg.br\/portaldaslicenciaturas\/wp-json\/wp\/v2\/pages\/327\/revisions\/329"}],"wp:attachment":[{"href":"https:\/\/www2.uepg.br\/portaldaslicenciaturas\/wp-json\/wp\/v2\/media?parent=327"}],"curies":[{"name":"wp","href":"https:\/\/api.w.org\/{rel}","templated":true}]}}