{"id":331,"date":"2019-04-15T10:33:33","date_gmt":"2019-04-15T13:33:33","guid":{"rendered":"http:\/\/www2.uepg.br\/portaldaslicenciaturas\/?page_id=331"},"modified":"2019-05-03T09:59:45","modified_gmt":"2019-05-03T12:59:45","slug":"prodocencia","status":"publish","type":"page","link":"https:\/\/www2.uepg.br\/portaldaslicenciaturas\/prodocencia\/","title":{"rendered":"Prodoc\u00eancia"},"content":{"rendered":"<p><span style=\"font-weight: 400\">O Programa de Consolida\u00e7\u00e3o das Licenciaturas \u2013 Prodoc\u00eancia \u00e9 uma iniciativa da Coordena\u00e7\u00e3o de Aperfei\u00e7oamento de Pessoal de N\u00edvel Superior \u2013 Capes e visa contribuir para elevar a qualidade dos cursos de licenciatura, por meio de fomento a projetos institucionais, na perspectiva de valorizar a forma\u00e7\u00e3o e reconhecer a relev\u00e2ncia social dos profissionais do magist\u00e9rio da educa\u00e7\u00e3o b\u00e1sica. <\/span><\/p>\n<p><span style=\"font-weight: 400\">A UEPG \u00a0preencheu os requisitos exigidos no Edital Prodoc\u00eancia 2008 apresentando como objetivo geral do seu projeto institucional a cria\u00e7\u00e3o \u00a0de espa\u00e7os virtuais e presenciais de produ\u00e7\u00e3o e divulga\u00e7\u00e3o (socializa\u00e7\u00e3o) das a\u00e7\u00f5es e inova\u00e7\u00f5es desenvolvidas no \u00e2mbito do ensino de gradua\u00e7\u00e3o das licenciaturas em intera\u00e7\u00e3o com as pr\u00e1ticas vivenciadas nas escolas da educa\u00e7\u00e3o b\u00e1sica. Para tanto, desenvolve seis a\u00e7\u00f5es, a saber:<\/span><\/p>\n<p><span style=\"font-weight: 400\">&#8211; Fomento ao F\u00f3rum das Licenciaturas<\/span><\/p>\n<p><span style=\"font-weight: 400\">&#8211; Cria\u00e7\u00e3o e implanta\u00e7\u00e3o do Portal das Licenciaturas<\/span><\/p>\n<p><span style=\"font-weight: 400\">&#8211; Cria\u00e7\u00e3o do Laborat\u00f3rio e ensino do Curso de Licenciatura em Ci\u00eancias Biol\u00f3gicas<\/span><\/p>\n<p><span style=\"font-weight: 400\">&#8211; Apoio ao Laborat\u00f3rio de Ensino do Curso de Licenciatura em F\u00edsica<\/span><\/p>\n<p><span style=\"font-weight: 400\">&#8211; Apoio ao Laborat\u00f3rio de Ensino de Licenciatura em Matem\u00e1tica<\/span><\/p>\n<p><span style=\"font-weight: 400\">&#8211; Cria\u00e7\u00e3o do Laborat\u00f3rio L\u00fadico de Pedagogia- LALUPE<\/span><\/p>\n<p><span style=\"font-weight: 400\">O 2\u00aa Edital do Prodoc\u00eancia foi lan\u00e7ado, com vig\u00eancia de dois anos, e dele a UEPG participou e foi contemplada, com as novas atividades previstas a partir de dezembro de 2011, em mais seis a\u00e7\u00f5es refletidas nas Licenciaturas: <\/span><\/p>\n<p><span style=\"font-weight: 400\">&#8211; Consolida\u00e7\u00e3o do F\u00f3rum das Licenciaturas<\/span><\/p>\n<p><span style=\"font-weight: 400\">&#8211; Cria\u00e7\u00e3o do Laborat\u00f3rio de Ensino de Qu\u00edmica e Ci\u00eancias (LABEQC)<\/span><\/p>\n<p><span style=\"font-weight: 400\">&#8211; Cria\u00e7\u00e3o do Laborat\u00f3rio de Ensino de Educa\u00e7\u00e3o F\u00edsica Escolar (LAEFE)<\/span><\/p>\n<p><span style=\"font-weight: 400\">&#8211; Cria\u00e7\u00e3o do Laborat\u00f3rio de Ensino de Geografia (LEGEO)<\/span><\/p>\n<p><span style=\"font-weight: 400\">&#8211; Consolida\u00e7\u00e3o do Laborat\u00f3rio de Estudos de Textos (LET)<\/span><\/p>\n<p><span style=\"font-weight: 400\">&#8211; Cria\u00e7\u00e3o do laborat\u00f3rio de Ensino \u201cOficina de Ensino de Hist\u00f3ria\u201d.<\/span><\/p>\n<p><em><span style=\"font-weight: 400\"><a href=\"http:\/\/www2.uepg.br\/portaldaslicenciaturas\/laboratorios\/\" target=\"_blank\" rel=\"noopener noreferrer\">Conhe\u00e7a mais sobre nossos Laborat\u00f3rios de Ensino<\/a><\/span><\/em><\/p>\n<p><span style=\"font-weight: 400\">A UEPG participou do programa nos editais 2008 e 2010 e em ambos foi coordenado institucionalmente pela professora Olinda Thom\u00e9 Chamma, tamb\u00e9m presidente da <\/span><a href=\"http:\/\/www2.uepg.br\/portaldaslicenciaturas\/historico\/\" target=\"_blank\" rel=\"noopener noreferrer\"><span style=\"font-weight: 400\">Comiss\u00e3o Permanente das Licenciaturas da UEPG (COPELIC)<\/span><\/a>.<\/p>\n<p><span style=\"font-weight: 400\">Conhe\u00e7a mais sobre o Programa de Consolida\u00e7\u00e3o das Licenciaturas &#8211; <\/span><a href=\"http:\/\/www.capes.gov.br\/educacao-basica\/prodocencia\" target=\"_blank\" rel=\"noopener noreferrer\"><span style=\"font-weight: 400\">PRODOC\u00caNCIA<\/span><\/a>.<\/p>\n","protected":false},"excerpt":{"rendered":"<p>O Programa de Consolida\u00e7\u00e3o das Licenciaturas \u2013 Prodoc\u00eancia \u00e9 uma iniciativa da Coordena\u00e7\u00e3o de Aperfei\u00e7oamento de Pessoal de N\u00edvel Superior \u2013 Capes e visa contribuir para elevar a qualidade dos cursos de licenciatura, por meio de fomento a projetos institucionais, na perspectiva de valorizar a forma\u00e7\u00e3o e reconhecer a relev\u00e2ncia social dos profissionais do magist\u00e9rio&hellip; <br \/> <a class=\"read-more\" href=\"https:\/\/www2.uepg.br\/portaldaslicenciaturas\/prodocencia\/\">Leia mais<\/a><\/p>\n","protected":false},"author":24,"featured_media":0,"parent":0,"menu_order":0,"comment_status":"closed","ping_status":"closed","template":"","meta":[],"_links":{"self":[{"href":"https:\/\/www2.uepg.br\/portaldaslicenciaturas\/wp-json\/wp\/v2\/pages\/331"}],"collection":[{"href":"https:\/\/www2.uepg.br\/portaldaslicenciaturas\/wp-json\/wp\/v2\/pages"}],"about":[{"href":"https:\/\/www2.uepg.br\/portaldaslicenciaturas\/wp-json\/wp\/v2\/types\/page"}],"author":[{"embeddable":true,"href":"https:\/\/www2.uepg.br\/portaldaslicenciaturas\/wp-json\/wp\/v2\/users\/24"}],"replies":[{"embeddable":true,"href":"https:\/\/www2.uepg.br\/portaldaslicenciaturas\/wp-json\/wp\/v2\/comments?post=331"}],"version-history":[{"count":5,"href":"https:\/\/www2.uepg.br\/portaldaslicenciaturas\/wp-json\/wp\/v2\/pages\/331\/revisions"}],"predecessor-version":[{"id":524,"href":"https:\/\/www2.uepg.br\/portaldaslicenciaturas\/wp-json\/wp\/v2\/pages\/331\/revisions\/524"}],"wp:attachment":[{"href":"https:\/\/www2.uepg.br\/portaldaslicenciaturas\/wp-json\/wp\/v2\/media?parent=331"}],"curies":[{"name":"wp","href":"https:\/\/api.w.org\/{rel}","templated":true}]}}