{"id":48,"date":"2019-04-11T10:01:42","date_gmt":"2019-04-11T13:01:42","guid":{"rendered":"http:\/\/www2.uepg.br\/portaldaslicenciaturas\/?page_id=48"},"modified":"2019-04-11T15:53:25","modified_gmt":"2019-04-11T18:53:25","slug":"pedagogia","status":"publish","type":"page","link":"https:\/\/www2.uepg.br\/portaldaslicenciaturas\/pedagogia\/","title":{"rendered":"Pedagogia"},"content":{"rendered":"<ul>\n<li><span style=\"font-weight: 400\"> \u00a0 <a href=\"http:\/\/www2.uepg.br\/portaldaslicenciaturas\/wp-content\/uploads\/sites\/14\/2019\/04\/Pedagogia-Parecer-2005.pdf\" target=\"_blank\" rel=\"noopener noreferrer\">Parecer CNE\/CP n\u00ba 5, de 13 de dezembro de 2005.<\/a><\/span><\/li>\n<\/ul>\n<p><span style=\"font-weight: 400\">Diretrizes Curriculares Nacionais para o Curso de Pedagogia.<\/span><\/p>\n<ul>\n<li><span style=\"font-weight: 400\"> \u00a0 <a href=\"http:\/\/www2.uepg.br\/portaldaslicenciaturas\/wp-content\/uploads\/sites\/14\/2019\/04\/Pedagogia-Parecer-2006.pdf\" target=\"_blank\" rel=\"noopener noreferrer\">Parecer CNE\/CP n\u00ba 3, de 21 de fevereiro de 2006.<\/a><\/span><\/li>\n<\/ul>\n<p><span style=\"font-weight: 400\">Reexame do Parecer CNE\/CP n\u00ba 5\/2005, que trata das Diretrizes Curriculares Nacionais para o Curso de Pedagogia.<\/span><\/p>\n<ul>\n<li><span style=\"font-weight: 400\"> \u00a0 <a href=\"http:\/\/www2.uepg.br\/portaldaslicenciaturas\/wp-content\/uploads\/sites\/14\/2019\/04\/Pedagogia-Resolu\u00e7\u00e3o-2006.pdf\" target=\"_blank\" rel=\"noopener noreferrer\">Resolu\u00e7\u00e3o CNE\/CP n\u00ba 1, de 15 de maio de 2006.<\/a><\/span><\/li>\n<\/ul>\n<p><span style=\"font-weight: 400\">Institui Diretrizes Curriculares Nacionais para o Curso de Gradua\u00e7\u00e3o em Pedagogia, licenciatura.<\/span><\/p>\n<ul>\n<li><span style=\"font-weight: 400\"> \u00a0 <a href=\"http:\/\/www2.uepg.br\/portaldaslicenciaturas\/wp-content\/uploads\/sites\/14\/2019\/04\/Pedagogia-Parecer-2007.pdf\" target=\"_blank\" rel=\"noopener noreferrer\">Parecer CNE\/CP n\u00ba 3, de 17 de abril de 2007.<\/a><\/span><\/li>\n<\/ul>\n<p><span style=\"font-weight: 400\">Consulta sobre a implanta\u00e7\u00e3o das Diretrizes Curriculares Nacionais para o curso de Pedagogia, decorrentes da aprova\u00e7\u00e3o dos Pareceres CNE\/CP n\u00ba 5\/2005 e n\u00ba 3\/2006, bem como da publica\u00e7\u00e3o da Resolu\u00e7\u00e3o CNE\/CP n\u00ba 1\/2006.<\/span><\/p>\n<ul>\n<li><span style=\"font-weight: 400\"> \u00a0 <a href=\"http:\/\/www2.uepg.br\/portaldaslicenciaturas\/wp-content\/uploads\/sites\/14\/2019\/04\/Pedagogia-Parecer-2009.pdf\" target=\"_blank\" rel=\"noopener noreferrer\">Parecer CNE\/CP n\u00ba 9\/2009, aprovado em 2 de junho de 2009.<\/a><\/span><\/li>\n<\/ul>\n<p><span style=\"font-weight: 400\">Esclarecimento sobre a qualifica\u00e7\u00e3o dos Licenciados em Pedagogia antes da Lei n\u00ba 9.394\/96 para o exerc\u00edcio das atuais fun\u00e7\u00f5es de gest\u00e3o escolar e atividades correlatas; e sobre a complementa\u00e7\u00e3o de estudos, com apostilamento.<\/span><\/p>\n<p>&nbsp;<\/p>\n<h3><b>Profiss\u00e3o: Licenciado em Pedagogia<\/b><\/h3>\n<p><span style=\"font-weight: 400\">\u00c9 o profissional que estuda e investiga o processo educativo, desenvolvido no \u00e2mbito da educa\u00e7\u00e3o formal e n\u00e3o formal. Atua na doc\u00eancia da Educa\u00e7\u00e3o Infantil e Anos Iniciais do Ensino Fundamental e na gest\u00e3o dos processos pedag\u00f3gicos e administrativos das institui\u00e7\u00f5es escolares, voltadas para a Educa\u00e7\u00e3o B\u00e1sica. Tamb\u00e9m exerce a doc\u00eancia \u00a0nas disciplinas pedag\u00f3gicas do Ensino M\u00e9dio, curso de Forma\u00e7\u00e3o de Professores.<\/span><\/p>\n<p>&nbsp;<\/p>\n<h3><b>O que pode fazer:<\/b><\/h3>\n<ul>\n<li><span style=\"font-weight: 400\">Atuar como docente na Educa\u00e7\u00e3o Infantil, nos anos iniciais do Ensino Fundamental e nas disciplinas \u00a0\u00a0<\/span> <span style=\"font-weight: 400\">pedag\u00f3gicas do Ensino M\u00e9dio;<\/span><\/li>\n<li><span style=\"font-weight: 400\">Realizar projetos para a educa\u00e7\u00e3o formal e n\u00e3o formal;<\/span><\/li>\n<li><span style=\"font-weight: 400\">Produzir material did\u00e1tico-pedag\u00f3gico;<\/span><\/li>\n<li><span style=\"font-weight: 400\">Realizar pesquisas nas diversas \u00e1reas da Educa\u00e7\u00e3o;<\/span><\/li>\n<li><span style=\"font-weight: 400\">Atuar nos sistemas de ensino na \u00e1rea de gest\u00e3o, tanto do processo pedag\u00f3gico como do administrativo.<\/span><\/li>\n<\/ul>\n<p>&nbsp;<\/p>\n<h3><b> Campos de atua\u00e7\u00e3o profissional:<\/b><\/h3>\n<p><span style=\"font-weight: 400\">Para o licenciado em Pedagogia, o maior mercado de trabalho s\u00e3o as institui\u00e7\u00f5es escolares voltadas para a na \u00a0Educa\u00e7\u00e3o B\u00e1sica. Nelas ele atua tanto na doc\u00eancia como na Gest\u00e3o Escolar. Quanto \u00e0 pesquisa pode desenvolv\u00ea-las nas \u00e1reas de Pol\u00edtica Educacional, Sociologia da Educa\u00e7\u00e3o, Hist\u00f3ria da Educa\u00e7\u00e3o, Filosofia da Educa\u00e7\u00e3o, Psicologia da Educa\u00e7\u00e3o, Gest\u00e3o escolar, Processos Pedag\u00f3gicos, Curr\u00edculo, Avalia\u00e7\u00e3o, Metodologias de Ensino e Forma\u00e7\u00e3o de professores.<\/span><\/p>\n<p>&nbsp;<\/p>\n<h3><b>Requisitos pessoais necess\u00e1rios:<\/b><\/h3>\n<p><span style=\"font-weight: 400\">O pretendente a este curso dever\u00e1 ter voca\u00e7\u00e3o por atividades did\u00e1ticas, capacidade de trabalhar em equipe, voca\u00e7\u00e3o para lideran\u00e7a e coordena\u00e7\u00e3o de grupos e, principalmente, habilidade para as rela\u00e7\u00f5es interpessoais.<\/span><\/p>\n<p>&nbsp;<\/p>\n<h3><b>Perspectivas da profiss\u00e3o:<\/b><\/h3>\n<p><span style=\"font-weight: 400\">A<\/span> <span style=\"font-weight: 400\">partir da aprova\u00e7\u00e3o da LDB 9394\/96 a Educa\u00e7\u00e3o Infantil passa a compor a Educa\u00e7\u00e3o B\u00e1sica, criando com isso a demanda por profissionais habilitados para atuar nesta etapa da Educa\u00e7\u00e3o. Assim, ampliou-se significativamente as oportunidades de trabalho tanto na rede p\u00fablica quanto na rede particular de ensino.<\/span><\/p>\n<p>&nbsp;<\/p>\n<h3><b>A Disciplina Articuladora:<\/b><\/h3>\n<p><span style=\"font-weight: 400\">Criada desde o ano de 2007, a disciplina articuladora do Curso de Licenciatura em Pedagogia nos quatro anos do curso, com os nomes de \u00a0Pr\u00e1tica Pedag\u00f3gica; Pesquisa e Pr\u00e1tica Pedag\u00f3gica I e II, Semin\u00e1rios Avan\u00e7ados em Gest\u00e3o Educacional I e II e Semin\u00e1rios Avan\u00e7ados das Disciplinas Pedag\u00f3gicas do Ensino M\u00e9dio. Estas disciplinas buscam <\/span>a) problematizar a pr\u00e1tica educativa escolar e com isso desencadear \u00a0projetos a serem desenvolvidos no decorrer do curso;<\/p>\n<p><span style=\"font-weight: 400\">b)<\/span> <span style=\"font-weight: 400\">analisar a pr\u00e1tica educativa escolar em suas diferentes dimens\u00f5es, face aos referenciais te\u00f3ricos e \u00e0s disciplinas da s\u00e9rie;<\/span><\/p>\n<p><span style=\"font-weight: 400\">c) <\/span><span style=\"font-weight: 400\">refletir sobre as rela\u00e7\u00f5es entre teoria e pr\u00e1tica, considerando-se os contextos em que s\u00e3o produzidas.<\/span><\/p>\n<p>&nbsp;<\/p>\n<h3><b>Eventos Relativos ao Curso:<\/b><\/h3>\n<h4><b>SEMANA DE INTEGRA\u00c7\u00c3O DE PEDAGOGIA:<\/b><\/h4>\n<h5><b>-Colegiado do Curso de Licenciatura em Pedagogia e Centro Acad\u00eamico.<\/b><\/h5>\n<p><span style=\"font-weight: 400\">Palestras que tratam do Curso de Pedagogia da UEPG, nos aspectos hist\u00f3ricos e legais sobre a forma\u00e7\u00e3o do Pedagogo e sobre as duas \u00e1reas de atua\u00e7\u00e3o dos licenciados em Pedagogia: a doc\u00eancia e a gest\u00e3o.<\/span><\/p>\n<p>&nbsp;<\/p>\n<h4><b>JORNADA PEDAG\u00d3GICA DO LALUPE:<\/b><\/h4>\n<h5><b>-Laborat\u00f3rio L\u00fadico Pedag\u00f3gico, colegiado do Curso de Licenciatura em Pedagogia e departamento de Educa\u00e7\u00e3o.<\/b><\/h5>\n<p><span style=\"font-weight: 400\">Contribui para a forma\u00e7\u00e3o de profissionais da educa\u00e7\u00e3o e de \u00e1reas afins, que necessitam enfrentar o desafio de transformar em realidade a qualidade de atendimento em diferentes \u00e1reas e contextos.<\/span><\/p>\n<p>&nbsp;<\/p>\n<h4><strong>Assuntos interessantes podem ser encontrados nos links:<\/strong><\/h4>\n<p><a href=\"http:\/\/www.fe.unicamp.br\/alle\/\" target=\"_blank\" rel=\"noopener noreferrer\"><span style=\"font-weight: 400\">ALLE<\/span><\/a><\/p>\n<p><a href=\"http:\/\/www.leituracritica.com.br\/\" target=\"_blank\" rel=\"noopener noreferrer\"><span style=\"font-weight: 400\">Leitura Cr\u00edtica<\/span><\/a><\/p>\n<p><a href=\"http:\/\/www.revistas2.uepg.br\/index.php\/olhardeprofessor\" target=\"_blank\" rel=\"noopener noreferrer\"><span style=\"font-weight: 400\">Revista: Olhar do professor<\/span><\/a><\/p>\n<p><a href=\"http:\/\/www.revistas2.uepg.br\/index.php\/humanas\" target=\"_blank\" rel=\"noopener noreferrer\"><span style=\"font-weight: 400\">Revista: Publicatio<\/span><\/a><\/p>\n<p><a href=\"http:\/\/www.scielo.br\/scielo.php?script=sci_serial&amp;pid=0101-7330&amp;nrm=iso&amp;rep=&amp;lng=pt\" target=\"_blank\" rel=\"noopener noreferrer\"><span style=\"font-weight: 400\">Revista: Educa\u00e7\u00e3o &amp; Sociedade<\/span><\/a><\/p>\n<h3><a href=\"http:\/\/www.uepg.br\/catalogo\/cursos\/licenciatura_pedagogia.html\" target=\"_blank\" rel=\"noopener noreferrer\"><span style=\"font-weight: 400\">Conhe\u00e7a a Estrutura do curso (clique aqui)<\/span><\/a><\/h3>\n","protected":false},"excerpt":{"rendered":"<p>\u00a0 Parecer CNE\/CP n\u00ba 5, de 13 de dezembro de 2005. Diretrizes Curriculares Nacionais para o Curso de Pedagogia. \u00a0 Parecer CNE\/CP n\u00ba 3, de 21 de fevereiro de 2006. Reexame do Parecer CNE\/CP n\u00ba 5\/2005, que trata das Diretrizes Curriculares Nacionais para o Curso de Pedagogia. \u00a0 Resolu\u00e7\u00e3o CNE\/CP n\u00ba 1, de 15 de&hellip; <br \/> <a class=\"read-more\" href=\"https:\/\/www2.uepg.br\/portaldaslicenciaturas\/pedagogia\/\">Leia mais<\/a><\/p>\n","protected":false},"author":24,"featured_media":0,"parent":0,"menu_order":0,"comment_status":"closed","ping_status":"closed","template":"","meta":[],"_links":{"self":[{"href":"https:\/\/www2.uepg.br\/portaldaslicenciaturas\/wp-json\/wp\/v2\/pages\/48"}],"collection":[{"href":"https:\/\/www2.uepg.br\/portaldaslicenciaturas\/wp-json\/wp\/v2\/pages"}],"about":[{"href":"https:\/\/www2.uepg.br\/portaldaslicenciaturas\/wp-json\/wp\/v2\/types\/page"}],"author":[{"embeddable":true,"href":"https:\/\/www2.uepg.br\/portaldaslicenciaturas\/wp-json\/wp\/v2\/users\/24"}],"replies":[{"embeddable":true,"href":"https:\/\/www2.uepg.br\/portaldaslicenciaturas\/wp-json\/wp\/v2\/comments?post=48"}],"version-history":[{"count":7,"href":"https:\/\/www2.uepg.br\/portaldaslicenciaturas\/wp-json\/wp\/v2\/pages\/48\/revisions"}],"predecessor-version":[{"id":215,"href":"https:\/\/www2.uepg.br\/portaldaslicenciaturas\/wp-json\/wp\/v2\/pages\/48\/revisions\/215"}],"wp:attachment":[{"href":"https:\/\/www2.uepg.br\/portaldaslicenciaturas\/wp-json\/wp\/v2\/media?parent=48"}],"curies":[{"name":"wp","href":"https:\/\/api.w.org\/{rel}","templated":true}]}}