{"id":662,"date":"2019-11-22T09:26:13","date_gmt":"2019-11-22T12:26:13","guid":{"rendered":"http:\/\/www2.uepg.br\/portaldaslicenciaturas\/?page_id=662"},"modified":"2019-11-25T08:47:20","modified_gmt":"2019-11-25T11:47:20","slug":"subprojetos-do-pibid-da-uepg-participam-do-enlic-sul-ufpr-em-curitiba","status":"publish","type":"page","link":"https:\/\/www2.uepg.br\/portaldaslicenciaturas\/subprojetos-do-pibid-da-uepg-participam-do-enlic-sul-ufpr-em-curitiba\/","title":{"rendered":"Subprojetos do PIBID da UEPG participam do Enlic Sul \u2013 UFPR, em Curitiba."},"content":{"rendered":"<p>Entre os dias 12, 13 e 14 de novembro de 2019, os(as) estudantes, supervisores(as) e coordenadores(as) dos subprojetos do PIBID\/UEPG participaram do III EnlicSul &#8211; III ENCONTRO DAS LICENCIATURAS REGI\u00c3O SUL, III Pibid\/Sul \u2013 III SEMIN\u00c1RIO DO PIBID DA REGI\u00c3O SUL, I RP\/Sul &#8211; I SEMIN\u00c1RIO DO RESID\u00caNCIA PEDAG\u00d3GICA DA REGI\u00c3O SUL, promovido pela Universidade Federal do Paran\u00e1 \u2013 UFPR, Curitiba, que teve como tema \u201cOs Desafios da Forma\u00e7\u00e3o Docente\u00a0na regi\u00e3o Sul e\u00a0o Cen\u00e1rio Educacional Brasileiro\u201d.<\/p>\n<p>Nesse evento, a equipe dos subprojetos PIBID de Artes Visuais, Educa\u00e7\u00e3o F\u00edsica, Biologia, Matem\u00e1tica, Pedagogia e Qu\u00edmica\/F\u00edsica tiveram a oportunidade de expor seus trabalhos por meio de apresenta\u00e7\u00f5es orais e p\u00f4steres, compartilhando os conhecimentos e atividades pedag\u00f3gicas que t\u00eam constru\u00eddo nas escolas e na universidade, com professores(as) e estudantes da educa\u00e7\u00e3o b\u00e1sica, sob orienta\u00e7\u00e3o dos(as) coordenadores(as) de \u00e1rea.<\/p>\n<p>Para que a participa\u00e7\u00e3o no evento fosse poss\u00edvel, os(as) integrantes do PIBID contaram com o amplo apoio da Pr\u00f3-Reitora de Gradua\u00e7\u00e3o, Profa. L\u00edgia Paula Couto, e da Diretora Administrativa, Gilmara de C\u00e1ssia Ventura.<\/p>\n<p>Portanto, o coletivo do PIBID manifesta sua profunda gratid\u00e3o pelo carinho e empenho da equipe da PROGRAD \u2013 UEPG, para que pudesse fazer parte das discuss\u00f5es desse importante evento!<\/p>\n<p>A Coordena\u00e7\u00e3o Institucional do PIBID agradece, por sua vez, o comprometimento de toda a equipe de coordenadores(as), supervisores(as) e estudantes universit\u00e1rios com uma forma\u00e7\u00e3o rigorosa, \u00e9tica e competente de professores e professoras nas Licenciaturas!<\/p>\n<p>Profa. Lucimara Cristina de Paula \u2013 Coordenadora Institucional do PIBID\/UEPG<\/p>\n<p>Profa. Adriana Rodrigues Suarez (Coordenadora \u2013 Artes Visuais)<\/p>\n<p>Prof. Celbo Antonio Ramos da Fonseca Rosas (Coordenador \u2013 Geografia)<\/p>\n<p>Prof. Egon Eduardo Sebben (Coordenador \u2013 M\u00fasica)<\/p>\n<p>Prof. Gon\u00e7alo Cassins Moreira do Carmo (Coordenador \u2013 Educa\u00e7\u00e3o F\u00edsica)<\/p>\n<p>Profa. Ivana de Freitas Barbola (Coordenadora \u2013 Biologia)<\/p>\n<p>Profa. Luciana de Boer Pinheiro de Souza (Coordenadora \u2013 Qu\u00edmica\/F\u00edsica)<\/p>\n<p>Profa. Marceli Behm Goulart (Coordenadora \u2013 Matem\u00e1tica)<\/p>\n<p>Profa. Patricia Lucia Vosgrau de Freitas (Coordenadora \u2013 Pedagogia)<\/p>\n<p style=\"text-align: center\"><span style=\"color: #800080\">Algumas a\u00e7\u00f5es desenvolvidas durante o evento<\/span><\/p>\n<p><img loading=\"lazy\" class=\"alignnone wp-image-663\" src=\"http:\/\/www2.uepg.br\/portaldaslicenciaturas\/wp-content\/uploads\/sites\/14\/2019\/11\/foto-1-pibid-300x241.jpg\" alt=\"\" width=\"281\" height=\"226\" srcset=\"https:\/\/www2.uepg.br\/portaldaslicenciaturas\/wp-content\/uploads\/sites\/14\/2019\/11\/foto-1-pibid-300x241.jpg 300w, https:\/\/www2.uepg.br\/portaldaslicenciaturas\/wp-content\/uploads\/sites\/14\/2019\/11\/foto-1-pibid-768x616.jpg 768w, https:\/\/www2.uepg.br\/portaldaslicenciaturas\/wp-content\/uploads\/sites\/14\/2019\/11\/foto-1-pibid.jpg 780w\" sizes=\"(max-width: 281px) 100vw, 281px\" \/>\u00a0 \u00a0 \u00a0 \u00a0 \u00a0 \u00a0 \u00a0 \u00a0 \u00a0 \u00a0 \u00a0 \u00a0 \u00a0 \u00a0<img loading=\"lazy\" class=\"alignnone size-medium wp-image-667\" src=\"http:\/\/www2.uepg.br\/portaldaslicenciaturas\/wp-content\/uploads\/sites\/14\/2019\/11\/Foto-5-pibid-282x300.jpg\" alt=\"\" width=\"282\" height=\"300\" srcset=\"https:\/\/www2.uepg.br\/portaldaslicenciaturas\/wp-content\/uploads\/sites\/14\/2019\/11\/Foto-5-pibid-282x300.jpg 282w, https:\/\/www2.uepg.br\/portaldaslicenciaturas\/wp-content\/uploads\/sites\/14\/2019\/11\/Foto-5-pibid.jpg 768w\" sizes=\"(max-width: 282px) 100vw, 282px\" \/>\u00a0 \u00a0 \u00a0 \u00a0 \u00a0 \u00a0 \u00a0 \u00a0 \u00a0 \u00a0 \u00a0 \u00a0<img loading=\"lazy\" class=\"alignnone size-medium wp-image-666\" src=\"http:\/\/www2.uepg.br\/portaldaslicenciaturas\/wp-content\/uploads\/sites\/14\/2019\/11\/Foto-4-pibid-300x180.jpg\" alt=\"\" width=\"300\" height=\"180\" srcset=\"https:\/\/www2.uepg.br\/portaldaslicenciaturas\/wp-content\/uploads\/sites\/14\/2019\/11\/Foto-4-pibid-300x180.jpg 300w, https:\/\/www2.uepg.br\/portaldaslicenciaturas\/wp-content\/uploads\/sites\/14\/2019\/11\/Foto-4-pibid-768x461.jpg 768w, https:\/\/www2.uepg.br\/portaldaslicenciaturas\/wp-content\/uploads\/sites\/14\/2019\/11\/Foto-4-pibid.jpg 1024w\" sizes=\"(max-width: 300px) 100vw, 300px\" \/><!--more--><!--more--><\/p>\n<p>&nbsp;<\/p>\n<p><img loading=\"lazy\" class=\"alignnone size-medium wp-image-665\" src=\"http:\/\/www2.uepg.br\/portaldaslicenciaturas\/wp-content\/uploads\/sites\/14\/2019\/11\/Foto-3-pibid-300x280.jpg\" alt=\"\" width=\"300\" height=\"280\" srcset=\"https:\/\/www2.uepg.br\/portaldaslicenciaturas\/wp-content\/uploads\/sites\/14\/2019\/11\/Foto-3-pibid-300x280.jpg 300w, https:\/\/www2.uepg.br\/portaldaslicenciaturas\/wp-content\/uploads\/sites\/14\/2019\/11\/Foto-3-pibid.jpg 768w\" sizes=\"(max-width: 300px) 100vw, 300px\" \/>\u00a0 \u00a0 \u00a0 \u00a0 \u00a0 \u00a0 \u00a0 \u00a0 \u00a0 \u00a0 \u00a0 \u00a0 \u00a0<img loading=\"lazy\" class=\"alignnone size-medium wp-image-664\" src=\"http:\/\/www2.uepg.br\/portaldaslicenciaturas\/wp-content\/uploads\/sites\/14\/2019\/11\/Foto-2-pibid-291x300.jpg\" alt=\"\" width=\"291\" height=\"300\" srcset=\"https:\/\/www2.uepg.br\/portaldaslicenciaturas\/wp-content\/uploads\/sites\/14\/2019\/11\/Foto-2-pibid-291x300.jpg 291w, https:\/\/www2.uepg.br\/portaldaslicenciaturas\/wp-content\/uploads\/sites\/14\/2019\/11\/Foto-2-pibid-768x791.jpg 768w, https:\/\/www2.uepg.br\/portaldaslicenciaturas\/wp-content\/uploads\/sites\/14\/2019\/11\/Foto-2-pibid.jpg 994w\" sizes=\"(max-width: 291px) 100vw, 291px\" \/>\u00a0 \u00a0 \u00a0 \u00a0 \u00a0 \u00a0 \u00a0 \u00a0 \u00a0 \u00a0 \u00a0 \u00a0 \u00a0 \u00a0 \u00a0 \u00a0 \u00a0 <img loading=\"lazy\" class=\"alignnone size-medium wp-image-669\" src=\"http:\/\/www2.uepg.br\/portaldaslicenciaturas\/wp-content\/uploads\/sites\/14\/2019\/11\/Foto-7-pibid-232x300.jpg\" alt=\"\" width=\"232\" height=\"300\" srcset=\"https:\/\/www2.uepg.br\/portaldaslicenciaturas\/wp-content\/uploads\/sites\/14\/2019\/11\/Foto-7-pibid-232x300.jpg 232w, https:\/\/www2.uepg.br\/portaldaslicenciaturas\/wp-content\/uploads\/sites\/14\/2019\/11\/Foto-7-pibid.jpg 720w\" sizes=\"(max-width: 232px) 100vw, 232px\" \/><\/p>\n<p>&nbsp;<\/p>\n<p><img loading=\"lazy\" class=\"size-medium wp-image-661 aligncenter\" src=\"http:\/\/www2.uepg.br\/portaldaslicenciaturas\/wp-content\/uploads\/sites\/14\/2019\/11\/foto1-300x169.jpg\" alt=\"\" width=\"300\" height=\"169\" srcset=\"https:\/\/www2.uepg.br\/portaldaslicenciaturas\/wp-content\/uploads\/sites\/14\/2019\/11\/foto1-300x169.jpg 300w, https:\/\/www2.uepg.br\/portaldaslicenciaturas\/wp-content\/uploads\/sites\/14\/2019\/11\/foto1-768x432.jpg 768w, https:\/\/www2.uepg.br\/portaldaslicenciaturas\/wp-content\/uploads\/sites\/14\/2019\/11\/foto1.jpg 960w\" sizes=\"(max-width: 300px) 100vw, 300px\" \/><\/p>\n<p><img loading=\"lazy\" class=\"size-medium wp-image-668 aligncenter\" src=\"http:\/\/www2.uepg.br\/portaldaslicenciaturas\/wp-content\/uploads\/sites\/14\/2019\/11\/Foto-6-pibid-300x225.jpg\" alt=\"\" width=\"300\" height=\"225\" srcset=\"https:\/\/www2.uepg.br\/portaldaslicenciaturas\/wp-content\/uploads\/sites\/14\/2019\/11\/Foto-6-pibid-300x225.jpg 300w, https:\/\/www2.uepg.br\/portaldaslicenciaturas\/wp-content\/uploads\/sites\/14\/2019\/11\/Foto-6-pibid.jpg 768w\" sizes=\"(max-width: 300px) 100vw, 300px\" \/><\/p>\n<p>&nbsp;<\/p>\n<p>&nbsp;<\/p>\n<p>&nbsp;<\/p>\n<p>&nbsp;<\/p>\n<p>&nbsp;<\/p>\n","protected":false},"excerpt":{"rendered":"<p>Entre os dias 12, 13 e 14 de novembro de 2019, os(as) estudantes, supervisores(as) e coordenadores(as) dos subprojetos do PIBID\/UEPG participaram do III EnlicSul &#8211; III ENCONTRO DAS LICENCIATURAS REGI\u00c3O SUL, III Pibid\/Sul \u2013 III SEMIN\u00c1RIO DO PIBID DA REGI\u00c3O SUL, I RP\/Sul &#8211; I SEMIN\u00c1RIO DO RESID\u00caNCIA PEDAG\u00d3GICA DA REGI\u00c3O SUL, promovido pela Universidade&hellip; <br \/> <a class=\"read-more\" href=\"https:\/\/www2.uepg.br\/portaldaslicenciaturas\/subprojetos-do-pibid-da-uepg-participam-do-enlic-sul-ufpr-em-curitiba\/\">Leia mais<\/a><\/p>\n","protected":false},"author":34,"featured_media":661,"parent":0,"menu_order":0,"comment_status":"closed","ping_status":"closed","template":"","meta":[],"_links":{"self":[{"href":"https:\/\/www2.uepg.br\/portaldaslicenciaturas\/wp-json\/wp\/v2\/pages\/662"}],"collection":[{"href":"https:\/\/www2.uepg.br\/portaldaslicenciaturas\/wp-json\/wp\/v2\/pages"}],"about":[{"href":"https:\/\/www2.uepg.br\/portaldaslicenciaturas\/wp-json\/wp\/v2\/types\/page"}],"author":[{"embeddable":true,"href":"https:\/\/www2.uepg.br\/portaldaslicenciaturas\/wp-json\/wp\/v2\/users\/34"}],"replies":[{"embeddable":true,"href":"https:\/\/www2.uepg.br\/portaldaslicenciaturas\/wp-json\/wp\/v2\/comments?post=662"}],"version-history":[{"count":9,"href":"https:\/\/www2.uepg.br\/portaldaslicenciaturas\/wp-json\/wp\/v2\/pages\/662\/revisions"}],"predecessor-version":[{"id":699,"href":"https:\/\/www2.uepg.br\/portaldaslicenciaturas\/wp-json\/wp\/v2\/pages\/662\/revisions\/699"}],"wp:featuredmedia":[{"embeddable":true,"href":"https:\/\/www2.uepg.br\/portaldaslicenciaturas\/wp-json\/wp\/v2\/media\/661"}],"wp:attachment":[{"href":"https:\/\/www2.uepg.br\/portaldaslicenciaturas\/wp-json\/wp\/v2\/media?parent=662"}],"curies":[{"name":"wp","href":"https:\/\/api.w.org\/{rel}","templated":true}]}}