{"id":1041,"date":"2025-04-25T16:37:35","date_gmt":"2025-04-25T19:37:35","guid":{"rendered":"https:\/\/www2.uepg.br\/posgradmat\/?page_id=1041"},"modified":"2025-09-08T11:46:46","modified_gmt":"2025-09-08T14:46:46","slug":"autoavaliacao","status":"publish","type":"page","link":"https:\/\/www2.uepg.br\/posgradmat\/autoavaliacao\/","title":{"rendered":"Autoavalia\u00e7\u00e3o"},"content":{"rendered":"<p>Comiss\u00e3o de autoavalia\u00e7\u00e3o &#8211; <a href=\"https:\/\/legislacao.apps.uepg.br\/documentosPublico\/2172025-04-0353.pdf\">Portaria de nomea\u00e7\u00e3o<\/a><\/p>\n<p>Resultado da autoavalia\u00e7\u00e3o 2021-2024\u00a0 &#8211;\u00a0<a href=\"https:\/\/www2.uepg.br\/posgradmat\/wp-content\/uploads\/sites\/227\/2025\/09\/PPGECM-RELATORIO-DE-AUTOAVALIACAO-2021-2024.pdf\">Resultados da Autoavalia\u00e7\u00e3o para o per\u00edodo de 2021-2024<\/a><\/p>\n<p>&nbsp;<\/p>\n","protected":false},"excerpt":{"rendered":"<p>Comiss\u00e3o de autoavalia\u00e7\u00e3o &#8211; Portaria de nomea\u00e7\u00e3o Resultado da autoavalia\u00e7\u00e3o 2021-2024\u00a0 &#8211;\u00a0Resultados da Autoavalia\u00e7\u00e3o para o per\u00edodo de 2021-2024 &nbsp;<\/p>\n","protected":false},"author":316,"featured_media":0,"parent":0,"menu_order":0,"comment_status":"closed","ping_status":"closed","template":"","meta":[],"_links":{"self":[{"href":"https:\/\/www2.uepg.br\/posgradmat\/wp-json\/wp\/v2\/pages\/1041"}],"collection":[{"href":"https:\/\/www2.uepg.br\/posgradmat\/wp-json\/wp\/v2\/pages"}],"about":[{"href":"https:\/\/www2.uepg.br\/posgradmat\/wp-json\/wp\/v2\/types\/page"}],"author":[{"embeddable":true,"href":"https:\/\/www2.uepg.br\/posgradmat\/wp-json\/wp\/v2\/users\/316"}],"replies":[{"embeddable":true,"href":"https:\/\/www2.uepg.br\/posgradmat\/wp-json\/wp\/v2\/comments?post=1041"}],"version-history":[{"count":5,"href":"https:\/\/www2.uepg.br\/posgradmat\/wp-json\/wp\/v2\/pages\/1041\/revisions"}],"predecessor-version":[{"id":1164,"href":"https:\/\/www2.uepg.br\/posgradmat\/wp-json\/wp\/v2\/pages\/1041\/revisions\/1164"}],"wp:attachment":[{"href":"https:\/\/www2.uepg.br\/posgradmat\/wp-json\/wp\/v2\/media?parent=1041"}],"curies":[{"name":"wp","href":"https:\/\/api.w.org\/{rel}","templated":true}]}}