{"id":1177,"date":"2025-09-08T14:01:09","date_gmt":"2025-09-08T17:01:09","guid":{"rendered":"https:\/\/www2.uepg.br\/posgradmat\/?page_id=1177"},"modified":"2025-09-08T16:20:19","modified_gmt":"2025-09-08T19:20:19","slug":"autoevaluacion","status":"publish","type":"page","link":"https:\/\/www2.uepg.br\/posgradmat\/es\/autoevaluacion\/","title":{"rendered":"Autoevaluaci\u00f3n"},"content":{"rendered":"<p data-start=\"53\" data-end=\"73\"><strong data-start=\"53\" data-end=\"71\">AUTOEVALUACI\u00d3N<\/strong><\/p>\n<p data-start=\"46\" data-end=\"107\">Comisi\u00f3n de Autoevaluaci\u00f3n &#8211;<strong data-start=\"46\" data-end=\"105\"><a href=\"https:\/\/legislacao.apps.uepg.br\/documentosPublico\/2172025-04-0353.pdf\">Resoluci\u00f3n de nombramiento<\/a><\/strong><\/p>\n<p data-start=\"109\" data-end=\"215\">Resultado de la autoevaluaci\u00f3n 2021-2024 &#8211;<strong data-start=\"109\" data-end=\"213\"><a href=\"https:\/\/www2.uepg.br\/posgradmat\/wp-content\/uploads\/sites\/227\/2025\/09\/PPGECM-RELATORIO-DE-AUTOAVALIACAO-2021-2024.pdf\">Resultados de la Autoevaluaci\u00f3n para el per\u00edodo 2021-2024<\/a><\/strong><\/p>\n","protected":false},"excerpt":{"rendered":"<p>AUTOEVALUACI\u00d3N Comisi\u00f3n de Autoevaluaci\u00f3n &#8211;Resoluci\u00f3n de nombramiento Resultado de la autoevaluaci\u00f3n 2021-2024 &#8211;Resultados de la Autoevaluaci\u00f3n para el per\u00edodo 2021-2024<\/p>\n","protected":false},"author":316,"featured_media":0,"parent":0,"menu_order":0,"comment_status":"closed","ping_status":"closed","template":"","meta":[],"_links":{"self":[{"href":"https:\/\/www2.uepg.br\/posgradmat\/wp-json\/wp\/v2\/pages\/1177"}],"collection":[{"href":"https:\/\/www2.uepg.br\/posgradmat\/wp-json\/wp\/v2\/pages"}],"about":[{"href":"https:\/\/www2.uepg.br\/posgradmat\/wp-json\/wp\/v2\/types\/page"}],"author":[{"embeddable":true,"href":"https:\/\/www2.uepg.br\/posgradmat\/wp-json\/wp\/v2\/users\/316"}],"replies":[{"embeddable":true,"href":"https:\/\/www2.uepg.br\/posgradmat\/wp-json\/wp\/v2\/comments?post=1177"}],"version-history":[{"count":3,"href":"https:\/\/www2.uepg.br\/posgradmat\/wp-json\/wp\/v2\/pages\/1177\/revisions"}],"predecessor-version":[{"id":1180,"href":"https:\/\/www2.uepg.br\/posgradmat\/wp-json\/wp\/v2\/pages\/1177\/revisions\/1180"}],"wp:attachment":[{"href":"https:\/\/www2.uepg.br\/posgradmat\/wp-json\/wp\/v2\/media?parent=1177"}],"curies":[{"name":"wp","href":"https:\/\/api.w.org\/{rel}","templated":true}]}}