{"id":126,"date":"2022-03-24T08:42:28","date_gmt":"2022-03-24T11:42:28","guid":{"rendered":"https:\/\/www2.uepg.br\/posgradmat\/?page_id=126"},"modified":"2025-09-08T11:55:59","modified_gmt":"2025-09-08T14:55:59","slug":"curso","status":"publish","type":"page","link":"https:\/\/www2.uepg.br\/posgradmat\/curso\/","title":{"rendered":"O Programa"},"content":{"rendered":"<h4><strong>HIST\u00d3RICO<\/strong><\/h4>\n<p>O Programa de P\u00f3s-Gradua\u00e7\u00e3o em Engenharia e Ci\u00eancia de Materiais (PPGECM) da Universidade Estadual de Ponta Grossa teve in\u00edcio no ano 2000 e foi reconhecido pela CAPES no ano de 2001, sendo o primeiro programa da Universidade reconhecido pela CAPES.<\/p>\n<p>No mesmo ano, o Programa foi contemplado com R$ 1.800.000,00 do Edital\/UGF (Unidade Gestora de Fundo) do Paran\u00e1 Tecnologia, \u00f3rg\u00e3o ligado \u00e0 Secretaria de Ci\u00eancia e Tecnologia do Estado do Paran\u00e1, com o projeto \u201cImplanta\u00e7\u00e3o do Centro de Pesquisa em Materiais\u201d.<\/p>\n<p>A ideia central da \u00e9poca foi criar uma infraestrutura b\u00e1sica para o desenvolvimento de pesquisas avan\u00e7adas em materiais, incorporando as tr\u00eas linhas de pesquisa do Programa, inseridas na \u00e1rea de concentra\u00e7\u00e3o Desenvolvimento e Caracteriza\u00e7\u00e3o de Materiais, \u00e0 \u00e9poca com a coordena\u00e7\u00e3o do Prof. Dr. Egon Antonio Torres Berg.<\/p>\n<p>O PPGECM foi um grande divisor de \u00e1guas na institui\u00e7\u00e3o, pois em 1994 e 1998 foram criados dois mestrados na UEPG, mas ambos vinham da tradi\u00e7\u00e3o das especializa\u00e7\u00f5es e eram pagos. O ent\u00e3o mestrado em Engenharia de Materiais impactou a institui\u00e7\u00e3o, mostrando o correto caminho de uma p\u00f3s-gradua\u00e7\u00e3o stricto-sensu, gratuita e com financiamento por ag\u00eancias de fomento por meio de capta\u00e7\u00e3o de recursos via projetos, isto \u00e9, curr\u00edculos e qualidade dos projetos.<\/p>\n<p>A partir de ent\u00e3o, houve uma grande discuss\u00e3o institucional e foi tomada a decis\u00e3o de transformar toda a p\u00f3s-gradua\u00e7\u00e3o stricto-sensu em gratuita.<\/p>\n<p>Em abril de 2016 a proposta de abertura de curso de Doutorado foi aprovada pela Capes e o curso de doutorado come\u00e7ou a funcionar em agosto de 2016, com 5 (cinco) alunos matriculados. Ao final de 2020 o programa possu\u00eda 29 (vinte e nove) alunos de doutorado e 32 (trinta e dois) alunos de mestrado matriculados.<\/p>\n<p>Em 18 de novembro de 2020 o Programa teve sua primeira defesa do curso de doutorado, de Ricardo Sanson Namur, um marco na hist\u00f3ria do PPGECM, que tamb\u00e9m atingiu a marca de 177 (cento e setenta e sete) mestres titulados. Ao final de 2024, o PPGECM atingiu 204 defesas de mestrado e 19 de doutorado.<\/p>\n<hr \/>\n<h4><strong>CONTEXTUALIZA\u00c7\u00c3O<\/strong><\/h4>\n<p>A Universidade Estadual de Ponta Grossa, localizada na regi\u00e3o centro-sul do Estado e abrangendo 22 munic\u00edpios em sua \u00e1rea de influ\u00eancia, foi criada pelo Governo do Estado do Paran\u00e1, atrav\u00e9s da Lei no 6.034, de 6 de novembro de 1969, e Decreto no 18.111, de 28 de janeiro de 1970, \u00e9 uma das mais importantes institui\u00e7\u00f5es de ensino superior do Paran\u00e1, que resultou da incorpora\u00e7\u00e3o das Faculdades Estaduais j\u00e1 existentes e que funcionavam isoladamente.<\/p>\n<p>A Universidade Estadual de Ponta Grossa adota como refer\u00eancia de planejamento seu Plano de Desenvolvimento Institucional (PDI) e seu Projeto Pedag\u00f3gico Institucional (PPI). O atual PDI\/PPI tem vig\u00eancia no per\u00edodo 2023-2027 e tem como objetivo principal a busca pela excel\u00eancia no ensino de gradua\u00e7\u00e3o e p\u00f3s-gradua\u00e7\u00e3o, na pesquisa e na extens\u00e3o, de modo que a UEPG possa ser reconhecida nacional e internacionalmente pela sua qualidade acad\u00eamica.<\/p>\n<hr \/>\n<h4><strong>OBJETIVOS<\/strong><\/h4>\n<div align=\"justify\">\n<ul>\n<li>Formar mestres em Engenharia e Ci\u00eancia de Materiais, capacitados para desenvolver atividades de doc\u00eancia e pesquisa, relacionadas \u00e0 pesquisa e desenvolvimento de materiais;<\/li>\n<li>Produzir conhecimentos t\u00e9cnicos e cient\u00edficos que contribuam para o desenvolvimento de materiais tradicionais e avan\u00e7ados (cer\u00e2micos, met\u00e1licos, polim\u00e9ricos e comp\u00f3sitos) e suas aplica\u00e7\u00f5es;<\/li>\n<li>Elevar a cultura e o conhecimento das novas tecnologias em materiais de forma a atender \u00e0s necessidades da sociedade, elevando o padr\u00e3o social de vida;<\/li>\n<li>Formar m\u00e3o de obra altamente qualificada que venha a atender o novo perfil de desenvolvimento tecnol\u00f3gico do Paran\u00e1, com a vinda de ind\u00fastrias de alta tecnologia para a regi\u00e3o;<\/li>\n<li>Contribuir, por meio de projetos de pesquisa conjunto com as ind\u00fastrias, para o desenvolvimento tecnol\u00f3gico das ind\u00fastrias da regi\u00e3o dos Campos Gerais e tamb\u00e9m de outras regi\u00f5es do Estado.<\/li>\n<li>Contribuir para a qualifica\u00e7\u00e3o de professores de Institui\u00e7\u00f5es de Ensino Superior da regi\u00e3o dos Campos Gerais como tamb\u00e9m de IES de outros estados.<\/li>\n<\/ul>\n<\/div>\n<hr \/>\n<h4><strong>\u00c1REA<\/strong><\/h4>\n<p>A \u00e1rea de concentra\u00e7\u00e3o do mestrado \u00e9\u00a0<strong><em>&#8220;Caracteriza\u00e7\u00e3o e Desenvolvimento de Materiais&#8221;<\/em><\/strong>\u00a0tendo atualmente 3 (tr\u00eas) linhas de pesquisa:<\/p>\n<ul>\n<li><strong>Caracteriza\u00e7\u00e3o de materiais<\/strong><\/li>\n<\/ul>\n<p>Descri\u00e7\u00e3o: A linha de pesquisa caracteriza\u00e7\u00e3o de materiais est\u00e1 relacionada com a determina\u00e7\u00e3o das propriedades e caracter\u00edsticas dos materiais por meio de diversas t\u00e9cnicas (espectrosc\u00f3picas, t\u00e9rmicas, morfol\u00f3gicas, entre outras) em fun\u00e7\u00e3o de par\u00e2metros de processo ou composicionais. Est\u00e1 relacionada tamb\u00e9m com o desenvolvimento de t\u00e9cnicas para caracterizar propriedades espec\u00edficas dos materiais.<\/p>\n<ul>\n<li><strong>Processamento de materiais<\/strong><\/li>\n<\/ul>\n<p>Descri\u00e7\u00e3o: Esta linha de pesquisa tem como aspectos relevantes: o estudo da influ\u00eancia do processamento em propriedades e caracter\u00edsticas dos materiais; o desenvolvimento de novas t\u00e9cnicas de processo; e a otimiza\u00e7\u00e3o de par\u00e2metros operacionais com a finalidade de se atingir uma caracter\u00edstica espec\u00edfica para o material de estudo.<\/p>\n<ul>\n<li><strong>Degrada\u00e7\u00e3o e meio ambiente<\/strong><\/li>\n<\/ul>\n<p>Descri\u00e7\u00e3o: Degrada\u00e7\u00e3o e Meio Ambiente \u00e9 uma linha de pesquisa relacionada ao estudo dos processos degradativos, como corros\u00e3o, biodegrada\u00e7\u00e3o e foto-oxida\u00e7\u00e3o, e as vari\u00e1veis que os determinam. Tamb\u00e9m abrange pesquisas relacionadas ao impacto de materiais no meio ambiente e formas de preserv\u00e1-lo, como trabalhos relacionados \u00e0 utiliza\u00e7\u00e3o de res\u00edduos s\u00f3lidos n\u00e3o perigosos.<\/p>\n<hr \/>\n<h4><strong>PERFIL DO EGRESSO<\/strong><\/h4>\n<p><strong>Perfil do Egresso<\/strong><\/p>\n<p>O Programa de P\u00f3s-gradua\u00e7\u00e3o em Engenharia Ci\u00eancias de Materiais, t\u00eam como objetivos principais formar profissionais capacitados e qualificados para atuar no mercado profissional principalmente nas ind\u00fastrias da regi\u00e3o e em institui\u00e7\u00f5es de n\u00edvel superior; Enriquecer a compet\u00eancia cient\u00edfica-profissional dos p\u00f3s-graduandos; Desenvolver projetos de pesquisa em parceria com empresas e institui\u00e7\u00f5es nacionais e internacionais; Estudar e desenvolver novos materiais e processos que contribuam para o estabelecimento de uma tecnologia adequada \u00e0s condi\u00e7\u00f5es da regi\u00e3o e do Pa\u00eds. Desenvolver pesquisa cient\u00edfica e tecnol\u00f3gica em n\u00edvel de excel\u00eancia e compat\u00edvel com as exig\u00eancias nacionais e internacionais de fomento ao desenvolvimento da Ci\u00eancia e Tecnologia; Permitir que a Universidade ocupe seu espa\u00e7o como elemento de vanguarda na inova\u00e7\u00e3o tecnol\u00f3gica, com inser\u00e7\u00e3o nas economias regional e nacional, pela capacidade de desenvolver ensino e transferir os resultados das pesquisas de elevado padr\u00e3o cient\u00edfico e tecnol\u00f3gico.<\/p>\n<p>&nbsp;<\/p>\n<ul>\n<li>formar mestre em Engenharia e Ci\u00eancia de Materiais capacitados a desenvolver atividades de doc\u00eancia e pesquisa, relacionadas \u00e0 pesquisa, inova\u00e7\u00e3o e desenvolvimento de materiais;<\/li>\n<li>elevar a cultura e o conhecimento das novas tecnologias em materiais de forma a atender \u00e0s necessidades da sociedade, elevando o padr\u00e3o social de vida;<\/li>\n<li>produzir conhecimentos t\u00e9cnicos e cient\u00edficos que contribuam para o desenvolvimento de materiais tradicionais e avan\u00e7ados (cer\u00e2micos, met\u00e1licos, polim\u00e9ricos e comp\u00f3sitos) e suas aplica\u00e7\u00f5es;<\/li>\n<li>formar m\u00e3o de obra altamente qualificada que venha a atender o novo perfil de desenvolvimento tecnol\u00f3gico do Paran\u00e1, com a vinda de ind\u00fastrias de alta tecnologia para a regi\u00e3o; e<\/li>\n<li>auxiliar, por meio de projetos de pesquisa conjunto com as ind\u00fastrias, o desenvolvimento tecnol\u00f3gico das ind\u00fastrias da regi\u00e3o dos Campos Gerais e tamb\u00e9m de outras regi\u00f5es do Estado.<\/li>\n<\/ul>\n<hr \/>\n<h4>RECURSOS FINANCEIROS<\/h4>\n<p>O suporte financeiros:<\/p>\n<ul>\n<li>CNPq<\/li>\n<li>CAPES<\/li>\n<li>Finep<\/li>\n<li>Funda\u00e7\u00e3o Arauc\u00e1rica<\/li>\n<li>Conv\u00eanio de pesquisa e desenvolvimento com empresas<\/li>\n<li>Proap UEPG<\/li>\n<\/ul>\n<hr \/>\n<h4>AUTOAVALIA\u00c7\u00c3O<\/h4>\n<p>A <a href=\"https:\/\/www2.uepg.br\/posgradmat\/autoavaliacao\/\"><strong data-start=\"65\" data-end=\"82\">autoavalia\u00e7\u00e3o<\/strong><\/a> do Programa de P\u00f3s-Gradua\u00e7\u00e3o \u00e9 um processo fundamental para refletir sobre suas pr\u00e1ticas, identificar pontos fortes e reconhecer aspectos que podem ser aprimorados. Esse exerc\u00edcio contribui para a melhoria cont\u00ednua da qualidade acad\u00eamica e da produ\u00e7\u00e3o cient\u00edfica, fortalece a transpar\u00eancia das a\u00e7\u00f5es e favorece o alinhamento \u00e0s diretrizes institucionais e \u00e0s demandas da sociedade. Al\u00e9m disso, gera subs\u00eddios valiosos para o planejamento estrat\u00e9gico, garantindo a evolu\u00e7\u00e3o do programa e a forma\u00e7\u00e3o cada vez mais s\u00f3lida de seus discentes.<\/p>\n<p>&nbsp;<\/p>\n","protected":false},"excerpt":{"rendered":"<p>HIST\u00d3RICO O Programa de P\u00f3s-Gradua\u00e7\u00e3o em Engenharia e Ci\u00eancia de Materiais (PPGECM) da Universidade Estadual de Ponta Grossa teve in\u00edcio no ano 2000 e foi reconhecido pela CAPES no ano de 2001, sendo o primeiro programa da Universidade reconhecido pela CAPES. No mesmo ano, o Programa foi contemplado com R$ 1.800.000,00 do Edital\/UGF (Unidade Gestora&nbsp;&hellip;<\/p>\n","protected":false},"author":378,"featured_media":0,"parent":0,"menu_order":0,"comment_status":"closed","ping_status":"closed","template":"","meta":[],"_links":{"self":[{"href":"https:\/\/www2.uepg.br\/posgradmat\/wp-json\/wp\/v2\/pages\/126"}],"collection":[{"href":"https:\/\/www2.uepg.br\/posgradmat\/wp-json\/wp\/v2\/pages"}],"about":[{"href":"https:\/\/www2.uepg.br\/posgradmat\/wp-json\/wp\/v2\/types\/page"}],"author":[{"embeddable":true,"href":"https:\/\/www2.uepg.br\/posgradmat\/wp-json\/wp\/v2\/users\/378"}],"replies":[{"embeddable":true,"href":"https:\/\/www2.uepg.br\/posgradmat\/wp-json\/wp\/v2\/comments?post=126"}],"version-history":[{"count":11,"href":"https:\/\/www2.uepg.br\/posgradmat\/wp-json\/wp\/v2\/pages\/126\/revisions"}],"predecessor-version":[{"id":1167,"href":"https:\/\/www2.uepg.br\/posgradmat\/wp-json\/wp\/v2\/pages\/126\/revisions\/1167"}],"wp:attachment":[{"href":"https:\/\/www2.uepg.br\/posgradmat\/wp-json\/wp\/v2\/media?parent=126"}],"curies":[{"name":"wp","href":"https:\/\/api.w.org\/{rel}","templated":true}]}}