{"id":977,"date":"2025-04-24T10:22:55","date_gmt":"2025-04-24T13:22:55","guid":{"rendered":"https:\/\/www2.uepg.br\/posgradmat\/?page_id=977"},"modified":"2025-04-25T11:12:15","modified_gmt":"2025-04-25T14:12:15","slug":"asignaturas-ofrecidas","status":"publish","type":"page","link":"https:\/\/www2.uepg.br\/posgradmat\/es\/asignaturas-ofrecidas\/","title":{"rendered":"Asignaturas"},"content":{"rendered":"<table class=\"min-w-full\" data-start=\"2646\" data-end=\"5254\">\n<thead data-start=\"2646\" data-end=\"2734\">\n<tr data-start=\"2646\" data-end=\"2734\">\n<th data-start=\"2646\" data-end=\"2706\">Nombre de la Asignatura<\/th>\n<th data-start=\"2706\" data-end=\"2717\">Cr\u00e9ditos<\/th>\n<th data-start=\"2717\" data-end=\"2734\">Carga Horaria<\/th>\n<\/tr>\n<\/thead>\n<tbody data-start=\"2825\" data-end=\"5254\">\n<tr data-start=\"2825\" data-end=\"2914\">\n<td class=\"max-w-[calc(var(--thread-content-max-width)*2\/3)]\" data-start=\"2825\" data-end=\"2885\">Ciencia de los Materiales<\/td>\n<td class=\"max-w-[calc(var(--thread-content-max-width)*2\/3)]\" data-start=\"2885\" data-end=\"2896\">5<\/td>\n<td class=\"max-w-[calc(var(--thread-content-max-width)*2\/3)]\" data-start=\"2896\" data-end=\"2914\">75 h<\/td>\n<\/tr>\n<tr data-start=\"2915\" data-end=\"3004\">\n<td class=\"max-w-[calc(var(--thread-content-max-width)*2\/3)] min-w-[calc(var(--thread-content-max-width)\/3)]\" data-start=\"2915\" data-end=\"2975\">T\u00e9cnicas Experimentales en Ingenier\u00eda de Materiales<\/td>\n<td class=\"max-w-[calc(var(--thread-content-max-width)*2\/3)]\" data-start=\"2975\" data-end=\"2986\">5<\/td>\n<td class=\"max-w-[calc(var(--thread-content-max-width)*2\/3)]\" data-start=\"2986\" data-end=\"3004\">75 h<\/td>\n<\/tr>\n<tr data-start=\"3005\" data-end=\"3094\">\n<td class=\"max-w-[calc(var(--thread-content-max-width)*2\/3)]\" data-start=\"3005\" data-end=\"3065\">Cer\u00e1mica F\u00edsica<\/td>\n<td class=\"max-w-[calc(var(--thread-content-max-width)*2\/3)]\" data-start=\"3065\" data-end=\"3076\">5<\/td>\n<td class=\"max-w-[calc(var(--thread-content-max-width)*2\/3)]\" data-start=\"3076\" data-end=\"3094\">75 h<\/td>\n<\/tr>\n<tr data-start=\"3095\" data-end=\"3184\">\n<td class=\"max-w-[calc(var(--thread-content-max-width)*2\/3)]\" data-start=\"3095\" data-end=\"3155\">Metalurgia F\u00edsica<\/td>\n<td class=\"max-w-[calc(var(--thread-content-max-width)*2\/3)]\" data-start=\"3155\" data-end=\"3166\">5<\/td>\n<td class=\"max-w-[calc(var(--thread-content-max-width)*2\/3)]\" data-start=\"3166\" data-end=\"3184\">75 h<\/td>\n<\/tr>\n<tr data-start=\"3185\" data-end=\"3274\">\n<td class=\"max-w-[calc(var(--thread-content-max-width)*2\/3)]\" data-start=\"3185\" data-end=\"3245\">Fisicoqu\u00edmica de Pol\u00edmeros<\/td>\n<td class=\"max-w-[calc(var(--thread-content-max-width)*2\/3)]\" data-start=\"3245\" data-end=\"3256\">5<\/td>\n<td class=\"max-w-[calc(var(--thread-content-max-width)*2\/3)]\" data-start=\"3256\" data-end=\"3274\">75 h<\/td>\n<\/tr>\n<tr data-start=\"3275\" data-end=\"3364\">\n<td class=\"max-w-[calc(var(--thread-content-max-width)*2\/3)]\" data-start=\"3275\" data-end=\"3335\">Mezclas Polim\u00e9ricas<\/td>\n<td class=\"max-w-[calc(var(--thread-content-max-width)*2\/3)]\" data-start=\"3335\" data-end=\"3346\">3<\/td>\n<td class=\"max-w-[calc(var(--thread-content-max-width)*2\/3)]\" data-start=\"3346\" data-end=\"3364\">45 h<\/td>\n<\/tr>\n<tr data-start=\"3365\" data-end=\"3454\">\n<td class=\"max-w-[calc(var(--thread-content-max-width)*2\/3)]\" data-start=\"3365\" data-end=\"3425\">Cer\u00e1micas Refractarias<\/td>\n<td class=\"max-w-[calc(var(--thread-content-max-width)*2\/3)]\" data-start=\"3425\" data-end=\"3436\">3<\/td>\n<td class=\"max-w-[calc(var(--thread-content-max-width)*2\/3)]\" data-start=\"3436\" data-end=\"3454\">45 h<\/td>\n<\/tr>\n<tr data-start=\"3455\" data-end=\"3544\">\n<td class=\"max-w-[calc(var(--thread-content-max-width)*2\/3)]\" data-start=\"3455\" data-end=\"3515\">Diagramas de Equilibrio<\/td>\n<td class=\"max-w-[calc(var(--thread-content-max-width)*2\/3)]\" data-start=\"3515\" data-end=\"3526\">3<\/td>\n<td class=\"max-w-[calc(var(--thread-content-max-width)*2\/3)]\" data-start=\"3526\" data-end=\"3544\">45 h<\/td>\n<\/tr>\n<tr data-start=\"3545\" data-end=\"3634\">\n<td class=\"max-w-[calc(var(--thread-content-max-width)*2\/3)]\" data-start=\"3545\" data-end=\"3605\">Difractometr\u00eda de Rayos X<\/td>\n<td class=\"max-w-[calc(var(--thread-content-max-width)*2\/3)]\" data-start=\"3605\" data-end=\"3616\">3<\/td>\n<td class=\"max-w-[calc(var(--thread-content-max-width)*2\/3)]\" data-start=\"3616\" data-end=\"3634\">45 h<\/td>\n<\/tr>\n<tr data-start=\"3635\" data-end=\"3724\">\n<td class=\"max-w-[calc(var(--thread-content-max-width)*2\/3)]\" data-start=\"3635\" data-end=\"3695\">Esmaltes Cer\u00e1micos<\/td>\n<td class=\"max-w-[calc(var(--thread-content-max-width)*2\/3)]\" data-start=\"3695\" data-end=\"3706\">3<\/td>\n<td class=\"max-w-[calc(var(--thread-content-max-width)*2\/3)]\" data-start=\"3706\" data-end=\"3724\">45 h<\/td>\n<\/tr>\n<tr data-start=\"3725\" data-end=\"3814\">\n<td class=\"max-w-[calc(var(--thread-content-max-width)*2\/3)]\" data-start=\"3725\" data-end=\"3785\">Fundamentos de la Corrosi\u00f3n<\/td>\n<td class=\"max-w-[calc(var(--thread-content-max-width)*2\/3)]\" data-start=\"3785\" data-end=\"3796\">3<\/td>\n<td class=\"max-w-[calc(var(--thread-content-max-width)*2\/3)]\" data-start=\"3796\" data-end=\"3814\">45 h<\/td>\n<\/tr>\n<tr data-start=\"3815\" data-end=\"3904\">\n<td class=\"max-w-[calc(var(--thread-content-max-width)*2\/3)]\" data-start=\"3815\" data-end=\"3875\">Fundamentos de Microscop\u00eda Electr\u00f3nica<\/td>\n<td class=\"max-w-[calc(var(--thread-content-max-width)*2\/3)]\" data-start=\"3875\" data-end=\"3886\">3<\/td>\n<td class=\"max-w-[calc(var(--thread-content-max-width)*2\/3)]\" data-start=\"3886\" data-end=\"3904\">45 h<\/td>\n<\/tr>\n<tr data-start=\"3905\" data-end=\"3994\">\n<td class=\"max-w-[calc(var(--thread-content-max-width)*2\/3)] min-w-[calc(var(--thread-content-max-width)\/3)]\" data-start=\"3905\" data-end=\"3965\">Introducci\u00f3n a la Mec\u00e1nica de la Fractura<\/td>\n<td class=\"max-w-[calc(var(--thread-content-max-width)*2\/3)]\" data-start=\"3965\" data-end=\"3976\">3<\/td>\n<td class=\"max-w-[calc(var(--thread-content-max-width)*2\/3)]\" data-start=\"3976\" data-end=\"3994\">45 h<\/td>\n<\/tr>\n<tr data-start=\"3995\" data-end=\"4084\">\n<td class=\"max-w-[calc(var(--thread-content-max-width)*2\/3)]\" data-start=\"3995\" data-end=\"4055\">Materiales Electrocer\u00e1micos<\/td>\n<td class=\"max-w-[calc(var(--thread-content-max-width)*2\/3)]\" data-start=\"4055\" data-end=\"4066\">3<\/td>\n<td class=\"max-w-[calc(var(--thread-content-max-width)*2\/3)]\" data-start=\"4066\" data-end=\"4084\">45 h<\/td>\n<\/tr>\n<tr data-start=\"4085\" data-end=\"4174\">\n<td class=\"max-w-[calc(var(--thread-content-max-width)*2\/3)] min-w-[calc(var(--thread-content-max-width)\/3)]\" data-start=\"4085\" data-end=\"4145\">Metalurgia del An\u00e1lisis de Fallas de Materiales Met\u00e1licos<\/td>\n<td class=\"max-w-[calc(var(--thread-content-max-width)*2\/3)]\" data-start=\"4145\" data-end=\"4156\">3<\/td>\n<td class=\"max-w-[calc(var(--thread-content-max-width)*2\/3)]\" data-start=\"4156\" data-end=\"4174\">45 h<\/td>\n<\/tr>\n<tr data-start=\"4175\" data-end=\"4264\">\n<td class=\"max-w-[calc(var(--thread-content-max-width)*2\/3)]\" data-start=\"4175\" data-end=\"4235\">Metalurgia Mec\u00e1nica<\/td>\n<td class=\"max-w-[calc(var(--thread-content-max-width)*2\/3)]\" data-start=\"4235\" data-end=\"4246\">3<\/td>\n<td class=\"max-w-[calc(var(--thread-content-max-width)*2\/3)]\" data-start=\"4246\" data-end=\"4264\">45 h<\/td>\n<\/tr>\n<tr data-start=\"4265\" data-end=\"4354\">\n<td class=\"max-w-[calc(var(--thread-content-max-width)*2\/3)] min-w-[calc(var(--thread-content-max-width)\/3)]\" data-start=\"4265\" data-end=\"4325\">Metodolog\u00eda para la Elaboraci\u00f3n de Art\u00edculos Cient\u00edficos<\/td>\n<td class=\"max-w-[calc(var(--thread-content-max-width)*2\/3)]\" data-start=\"4325\" data-end=\"4336\">3<\/td>\n<td class=\"max-w-[calc(var(--thread-content-max-width)*2\/3)]\" data-start=\"4336\" data-end=\"4354\">45 h<\/td>\n<\/tr>\n<tr data-start=\"4355\" data-end=\"4444\">\n<td class=\"max-w-[calc(var(--thread-content-max-width)*2\/3)]\" data-start=\"4355\" data-end=\"4415\">Microscop\u00eda de Materiales<\/td>\n<td class=\"max-w-[calc(var(--thread-content-max-width)*2\/3)]\" data-start=\"4415\" data-end=\"4426\">3<\/td>\n<td class=\"max-w-[calc(var(--thread-content-max-width)*2\/3)]\" data-start=\"4426\" data-end=\"4444\">45 h<\/td>\n<\/tr>\n<tr data-start=\"4445\" data-end=\"4534\">\n<td class=\"max-w-[calc(var(--thread-content-max-width)*2\/3)]\" data-start=\"4445\" data-end=\"4505\">Molienda de Alta Energ\u00eda<\/td>\n<td class=\"max-w-[calc(var(--thread-content-max-width)*2\/3)]\" data-start=\"4505\" data-end=\"4516\">3<\/td>\n<td class=\"max-w-[calc(var(--thread-content-max-width)*2\/3)]\" data-start=\"4516\" data-end=\"4534\">45 h<\/td>\n<\/tr>\n<tr data-start=\"4535\" data-end=\"4624\">\n<td class=\"max-w-[calc(var(--thread-content-max-width)*2\/3)]\" data-start=\"4535\" data-end=\"4595\">M\u00e9todos Matem\u00e1ticos para la Ingenier\u00eda<\/td>\n<td class=\"max-w-[calc(var(--thread-content-max-width)*2\/3)]\" data-start=\"4595\" data-end=\"4606\">3<\/td>\n<td class=\"max-w-[calc(var(--thread-content-max-width)*2\/3)]\" data-start=\"4606\" data-end=\"4624\">45 h<\/td>\n<\/tr>\n<tr data-start=\"4625\" data-end=\"4714\">\n<td class=\"max-w-[calc(var(--thread-content-max-width)*2\/3)]\" data-start=\"4625\" data-end=\"4685\">Dise\u00f1o Estad\u00edstico de Experimentos<\/td>\n<td class=\"max-w-[calc(var(--thread-content-max-width)*2\/3)]\" data-start=\"4685\" data-end=\"4696\">3<\/td>\n<td class=\"max-w-[calc(var(--thread-content-max-width)*2\/3)]\" data-start=\"4696\" data-end=\"4714\">45 h<\/td>\n<\/tr>\n<tr data-start=\"4715\" data-end=\"4804\">\n<td class=\"max-w-[calc(var(--thread-content-max-width)*2\/3)]\" data-start=\"4715\" data-end=\"4775\">Procesamiento Cer\u00e1mico No Convencional<\/td>\n<td class=\"max-w-[calc(var(--thread-content-max-width)*2\/3)]\" data-start=\"4775\" data-end=\"4786\">3<\/td>\n<td class=\"max-w-[calc(var(--thread-content-max-width)*2\/3)]\" data-start=\"4786\" data-end=\"4804\">45 h<\/td>\n<\/tr>\n<tr data-start=\"4805\" data-end=\"4894\">\n<td class=\"max-w-[calc(var(--thread-content-max-width)*2\/3)]\" data-start=\"4805\" data-end=\"4865\">Reolog\u00eda de Pol\u00edmeros<\/td>\n<td class=\"max-w-[calc(var(--thread-content-max-width)*2\/3)]\" data-start=\"4865\" data-end=\"4876\">3<\/td>\n<td class=\"max-w-[calc(var(--thread-content-max-width)*2\/3)]\" data-start=\"4876\" data-end=\"4894\">45 h<\/td>\n<\/tr>\n<tr data-start=\"4895\" data-end=\"4984\">\n<td class=\"max-w-[calc(var(--thread-content-max-width)*2\/3)]\" data-start=\"4895\" data-end=\"4955\">Solidificaci\u00f3n de Pol\u00edmeros<\/td>\n<td class=\"max-w-[calc(var(--thread-content-max-width)*2\/3)]\" data-start=\"4955\" data-end=\"4966\">3<\/td>\n<td class=\"max-w-[calc(var(--thread-content-max-width)*2\/3)]\" data-start=\"4966\" data-end=\"4984\">45 h<\/td>\n<\/tr>\n<tr data-start=\"4985\" data-end=\"5074\">\n<td class=\"max-w-[calc(var(--thread-content-max-width)*2\/3)]\" data-start=\"4985\" data-end=\"5045\">Termodin\u00e1mica de los S\u00f3lidos<\/td>\n<td class=\"max-w-[calc(var(--thread-content-max-width)*2\/3)]\" data-start=\"5045\" data-end=\"5056\">3<\/td>\n<td class=\"max-w-[calc(var(--thread-content-max-width)*2\/3)]\" data-start=\"5056\" data-end=\"5074\">45 h<\/td>\n<\/tr>\n<tr data-start=\"5075\" data-end=\"5164\">\n<td class=\"max-w-[calc(var(--thread-content-max-width)*2\/3)] min-w-[calc(var(--thread-content-max-width)\/3)]\" data-start=\"5075\" data-end=\"5135\">T\u00e9cnicas Experimentales en Electroqu\u00edmica<\/td>\n<td class=\"max-w-[calc(var(--thread-content-max-width)*2\/3)]\" data-start=\"5135\" data-end=\"5146\">3<\/td>\n<td class=\"max-w-[calc(var(--thread-content-max-width)*2\/3)]\" data-start=\"5146\" data-end=\"5164\">45 h<\/td>\n<\/tr>\n<tr data-start=\"5165\" data-end=\"5254\">\n<td class=\"max-w-[calc(var(--thread-content-max-width)*2\/3)] min-w-[calc(var(--thread-content-max-width)\/3)]\" data-start=\"5165\" data-end=\"5225\">T\u00e9cnicas de Caracterizaci\u00f3n de Materiales Cer\u00e1micos<\/td>\n<td class=\"max-w-[calc(var(--thread-content-max-width)*2\/3)]\" data-start=\"5225\" data-end=\"5236\">3<\/td>\n<td class=\"max-w-[calc(var(--thread-content-max-width)*2\/3)]\" data-start=\"5236\" data-end=\"5254\">45 h<\/td>\n<\/tr>\n<\/tbody>\n<\/table>\n","protected":false},"excerpt":{"rendered":"<p>Nombre de la Asignatura Cr\u00e9ditos Carga Horaria Ciencia de los Materiales 5 75 h T\u00e9cnicas Experimentales en Ingenier\u00eda de Materiales 5 75 h Cer\u00e1mica F\u00edsica 5 75 h Metalurgia F\u00edsica 5 75 h Fisicoqu\u00edmica de Pol\u00edmeros 5 75 h Mezclas Polim\u00e9ricas 3 45 h Cer\u00e1micas Refractarias 3 45 h Diagramas de Equilibrio 3 45 h&nbsp;&hellip;<\/p>\n","protected":false},"author":316,"featured_media":0,"parent":0,"menu_order":0,"comment_status":"closed","ping_status":"closed","template":"","meta":[],"_links":{"self":[{"href":"https:\/\/www2.uepg.br\/posgradmat\/wp-json\/wp\/v2\/pages\/977"}],"collection":[{"href":"https:\/\/www2.uepg.br\/posgradmat\/wp-json\/wp\/v2\/pages"}],"about":[{"href":"https:\/\/www2.uepg.br\/posgradmat\/wp-json\/wp\/v2\/types\/page"}],"author":[{"embeddable":true,"href":"https:\/\/www2.uepg.br\/posgradmat\/wp-json\/wp\/v2\/users\/316"}],"replies":[{"embeddable":true,"href":"https:\/\/www2.uepg.br\/posgradmat\/wp-json\/wp\/v2\/comments?post=977"}],"version-history":[{"count":3,"href":"https:\/\/www2.uepg.br\/posgradmat\/wp-json\/wp\/v2\/pages\/977\/revisions"}],"predecessor-version":[{"id":1032,"href":"https:\/\/www2.uepg.br\/posgradmat\/wp-json\/wp\/v2\/pages\/977\/revisions\/1032"}],"wp:attachment":[{"href":"https:\/\/www2.uepg.br\/posgradmat\/wp-json\/wp\/v2\/media?parent=977"}],"curies":[{"name":"wp","href":"https:\/\/api.w.org\/{rel}","templated":true}]}}